{"id":80,"date":"2021-10-17T20:47:10","date_gmt":"2021-10-17T18:47:10","guid":{"rendered":"https:\/\/www.onetimenexttime.sk\/arduino\/?post_type=product&#038;p=80"},"modified":"2021-10-17T20:50:52","modified_gmt":"2021-10-17T18:50:52","slug":"tft-2-4-lcd-touch-shield-expansion-shield-mega2560-r3","status":"publish","type":"product","link":"https:\/\/www.onetimenexttime.sk\/arduino\/index.php\/produkt\/tft-2-4-lcd-touch-shield-expansion-shield-mega2560-r3\/","title":{"rendered":"TFT 2.4&#8221; LCD Touch Shield Expansion Shield Mega2560 R3"},"content":{"rendered":"<p>TFT01LCD v s\u00fa\u010dasnosti m\u00f4\u017ee podporova\u0165 8 a 16-bitov\u00fd re\u017eim, ale pou\u017e\u00edva rozhranie karty SD a rozhranie dotykovej obrazovky, ktor\u00e9 predstavuje 8 IO, ale s\u00fa\u010dasne m\u00f4\u017ee pou\u017e\u00edva\u0165 iba jednu sadu rozhran\u00ed, mo\u017enos\u0165ou je pou\u017ei\u0165 kartu SD alebo rozhranie dotykovej obrazovky vyberte 10 pinov (D_CS \/ SD_CS).<\/p>\n","protected":false},"excerpt":{"rendered":"<p>TFT01LCD v s\u00fa\u010dasnosti m\u00f4\u017ee podporova\u0165 8 a 16-bitov\u00fd re\u017eim, ale pou\u017e\u00edva rozhranie karty SD a rozhranie dotykovej obrazovky, ktor\u00e9 predstavuje&hellip;<\/p>\n","protected":false},"featured_media":82,"template":"","meta":{"_monsterinsights_skip_tracking":false,"_monsterinsights_sitenote_active":false,"_monsterinsights_sitenote_note":"","_monsterinsights_sitenote_category":0},"product_cat":[16,17],"product_tag":[],"class_list":{"0":"post-80","1":"product","2":"type-product","3":"status-publish","4":"has-post-thumbnail","6":"product_cat-ard","7":"product_cat-modul","9":"first","10":"instock","11":"shipping-taxable","12":"purchasable","13":"product-type-simple"},"yoast_head":"<!-- This site is optimized with the Yoast SEO plugin v23.6 - https:\/\/yoast.com\/wordpress\/plugins\/seo\/ -->\n<title>TFT 2.4&#039;&#039; LCD Touch Shield Expansion Shield Mega2560 R3 - Arduino e-shop<\/title>\n<meta name=\"robots\" content=\"index, follow, max-snippet:-1, max-image-preview:large, max-video-preview:-1\" \/>\n<link rel=\"canonical\" href=\"https:\/\/www.onetimenexttime.sk\/arduino\/index.php\/produkt\/tft-2-4-lcd-touch-shield-expansion-shield-mega2560-r3\/\" \/>\n<meta property=\"og:locale\" content=\"sk_SK\" \/>\n<meta property=\"og:type\" content=\"article\" \/>\n<meta property=\"og:title\" content=\"TFT 2.4&#039;&#039; LCD Touch Shield Expansion Shield Mega2560 R3 - Arduino e-shop\" \/>\n<meta property=\"og:description\" content=\"TFT01LCD v s\u00fa\u010dasnosti m\u00f4\u017ee podporova\u0165 8 a 16-bitov\u00fd re\u017eim, ale pou\u017e\u00edva rozhranie karty SD a rozhranie dotykovej obrazovky, ktor\u00e9 predstavuje&hellip;\" \/>\n<meta property=\"og:url\" content=\"https:\/\/www.onetimenexttime.sk\/arduino\/index.php\/produkt\/tft-2-4-lcd-touch-shield-expansion-shield-mega2560-r3\/\" \/>\n<meta property=\"og:site_name\" content=\"Arduino e-shop\" \/>\n<meta property=\"article:modified_time\" content=\"2021-10-17T18:50:52+00:00\" \/>\n<meta property=\"og:image\" content=\"https:\/\/www.onetimenexttime.sk\/arduino\/wp-content\/uploads\/2021\/10\/2300.jpg\" \/>\n\t<meta property=\"og:image:width\" content=\"506\" \/>\n\t<meta property=\"og:image:height\" content=\"504\" \/>\n\t<meta property=\"og:image:type\" content=\"image\/jpeg\" \/>\n<meta name=\"twitter:card\" content=\"summary_large_image\" \/>\n<meta name=\"twitter:label1\" content=\"Predpokladan\u00fd \u010das \u010d\u00edtania\" \/>\n\t<meta name=\"twitter:data1\" content=\"1 min\u00fata\" \/>\n<script type=\"application\/ld+json\" class=\"yoast-schema-graph\">{\"@context\":\"https:\/\/schema.org\",\"@graph\":[{\"@type\":\"WebPage\",\"@id\":\"https:\/\/www.onetimenexttime.sk\/arduino\/index.php\/produkt\/tft-2-4-lcd-touch-shield-expansion-shield-mega2560-r3\/\",\"url\":\"https:\/\/www.onetimenexttime.sk\/arduino\/index.php\/produkt\/tft-2-4-lcd-touch-shield-expansion-shield-mega2560-r3\/\",\"name\":\"TFT 2.4'' LCD Touch Shield Expansion Shield Mega2560 R3 - Arduino e-shop\",\"isPartOf\":{\"@id\":\"https:\/\/www.onetimenexttime.sk\/arduino\/#website\"},\"primaryImageOfPage\":{\"@id\":\"https:\/\/www.onetimenexttime.sk\/arduino\/index.php\/produkt\/tft-2-4-lcd-touch-shield-expansion-shield-mega2560-r3\/#primaryimage\"},\"image\":{\"@id\":\"https:\/\/www.onetimenexttime.sk\/arduino\/index.php\/produkt\/tft-2-4-lcd-touch-shield-expansion-shield-mega2560-r3\/#primaryimage\"},\"thumbnailUrl\":\"https:\/\/www.onetimenexttime.sk\/arduino\/wp-content\/uploads\/2021\/10\/2300.jpg\",\"datePublished\":\"2021-10-17T18:47:10+00:00\",\"dateModified\":\"2021-10-17T18:50:52+00:00\",\"breadcrumb\":{\"@id\":\"https:\/\/www.onetimenexttime.sk\/arduino\/index.php\/produkt\/tft-2-4-lcd-touch-shield-expansion-shield-mega2560-r3\/#breadcrumb\"},\"inLanguage\":\"sk-SK\",\"potentialAction\":[{\"@type\":\"ReadAction\",\"target\":[\"https:\/\/www.onetimenexttime.sk\/arduino\/index.php\/produkt\/tft-2-4-lcd-touch-shield-expansion-shield-mega2560-r3\/\"]}]},{\"@type\":\"ImageObject\",\"inLanguage\":\"sk-SK\",\"@id\":\"https:\/\/www.onetimenexttime.sk\/arduino\/index.php\/produkt\/tft-2-4-lcd-touch-shield-expansion-shield-mega2560-r3\/#primaryimage\",\"url\":\"https:\/\/www.onetimenexttime.sk\/arduino\/wp-content\/uploads\/2021\/10\/2300.jpg\",\"contentUrl\":\"https:\/\/www.onetimenexttime.sk\/arduino\/wp-content\/uploads\/2021\/10\/2300.jpg\",\"width\":506,\"height\":504},{\"@type\":\"BreadcrumbList\",\"@id\":\"https:\/\/www.onetimenexttime.sk\/arduino\/index.php\/produkt\/tft-2-4-lcd-touch-shield-expansion-shield-mega2560-r3\/#breadcrumb\",\"itemListElement\":[{\"@type\":\"ListItem\",\"position\":1,\"name\":\"Domov\",\"item\":\"https:\/\/www.onetimenexttime.sk\/arduino\/\"},{\"@type\":\"ListItem\",\"position\":2,\"name\":\"Obchod\",\"item\":\"https:\/\/www.onetimenexttime.sk\/arduino\/\"},{\"@type\":\"ListItem\",\"position\":3,\"name\":\"TFT 2.4&#8221; LCD Touch Shield Expansion Shield Mega2560 R3\"}]},{\"@type\":\"WebSite\",\"@id\":\"https:\/\/www.onetimenexttime.sk\/arduino\/#website\",\"url\":\"https:\/\/www.onetimenexttime.sk\/arduino\/\",\"name\":\"Arduino e-shop\",\"description\":\"Home Assistant\",\"potentialAction\":[{\"@type\":\"SearchAction\",\"target\":{\"@type\":\"EntryPoint\",\"urlTemplate\":\"https:\/\/www.onetimenexttime.sk\/arduino\/?s={search_term_string}\"},\"query-input\":{\"@type\":\"PropertyValueSpecification\",\"valueRequired\":true,\"valueName\":\"search_term_string\"}}],\"inLanguage\":\"sk-SK\"}]}<\/script>\n<!-- \/ Yoast SEO plugin. -->","yoast_head_json":{"title":"TFT 2.4'' LCD Touch Shield Expansion Shield Mega2560 R3 - Arduino e-shop","robots":{"index":"index","follow":"follow","max-snippet":"max-snippet:-1","max-image-preview":"max-image-preview:large","max-video-preview":"max-video-preview:-1"},"canonical":"https:\/\/www.onetimenexttime.sk\/arduino\/index.php\/produkt\/tft-2-4-lcd-touch-shield-expansion-shield-mega2560-r3\/","og_locale":"sk_SK","og_type":"article","og_title":"TFT 2.4'' LCD Touch Shield Expansion Shield Mega2560 R3 - Arduino e-shop","og_description":"TFT01LCD v s\u00fa\u010dasnosti m\u00f4\u017ee podporova\u0165 8 a 16-bitov\u00fd re\u017eim, ale pou\u017e\u00edva rozhranie karty SD a rozhranie dotykovej obrazovky, ktor\u00e9 predstavuje&hellip;","og_url":"https:\/\/www.onetimenexttime.sk\/arduino\/index.php\/produkt\/tft-2-4-lcd-touch-shield-expansion-shield-mega2560-r3\/","og_site_name":"Arduino e-shop","article_modified_time":"2021-10-17T18:50:52+00:00","og_image":[{"width":506,"height":504,"url":"https:\/\/www.onetimenexttime.sk\/arduino\/wp-content\/uploads\/2021\/10\/2300.jpg","type":"image\/jpeg"}],"twitter_card":"summary_large_image","twitter_misc":{"Predpokladan\u00fd \u010das \u010d\u00edtania":"1 min\u00fata"},"schema":{"@context":"https:\/\/schema.org","@graph":[{"@type":"WebPage","@id":"https:\/\/www.onetimenexttime.sk\/arduino\/index.php\/produkt\/tft-2-4-lcd-touch-shield-expansion-shield-mega2560-r3\/","url":"https:\/\/www.onetimenexttime.sk\/arduino\/index.php\/produkt\/tft-2-4-lcd-touch-shield-expansion-shield-mega2560-r3\/","name":"TFT 2.4'' LCD Touch Shield Expansion Shield Mega2560 R3 - Arduino e-shop","isPartOf":{"@id":"https:\/\/www.onetimenexttime.sk\/arduino\/#website"},"primaryImageOfPage":{"@id":"https:\/\/www.onetimenexttime.sk\/arduino\/index.php\/produkt\/tft-2-4-lcd-touch-shield-expansion-shield-mega2560-r3\/#primaryimage"},"image":{"@id":"https:\/\/www.onetimenexttime.sk\/arduino\/index.php\/produkt\/tft-2-4-lcd-touch-shield-expansion-shield-mega2560-r3\/#primaryimage"},"thumbnailUrl":"https:\/\/www.onetimenexttime.sk\/arduino\/wp-content\/uploads\/2021\/10\/2300.jpg","datePublished":"2021-10-17T18:47:10+00:00","dateModified":"2021-10-17T18:50:52+00:00","breadcrumb":{"@id":"https:\/\/www.onetimenexttime.sk\/arduino\/index.php\/produkt\/tft-2-4-lcd-touch-shield-expansion-shield-mega2560-r3\/#breadcrumb"},"inLanguage":"sk-SK","potentialAction":[{"@type":"ReadAction","target":["https:\/\/www.onetimenexttime.sk\/arduino\/index.php\/produkt\/tft-2-4-lcd-touch-shield-expansion-shield-mega2560-r3\/"]}]},{"@type":"ImageObject","inLanguage":"sk-SK","@id":"https:\/\/www.onetimenexttime.sk\/arduino\/index.php\/produkt\/tft-2-4-lcd-touch-shield-expansion-shield-mega2560-r3\/#primaryimage","url":"https:\/\/www.onetimenexttime.sk\/arduino\/wp-content\/uploads\/2021\/10\/2300.jpg","contentUrl":"https:\/\/www.onetimenexttime.sk\/arduino\/wp-content\/uploads\/2021\/10\/2300.jpg","width":506,"height":504},{"@type":"BreadcrumbList","@id":"https:\/\/www.onetimenexttime.sk\/arduino\/index.php\/produkt\/tft-2-4-lcd-touch-shield-expansion-shield-mega2560-r3\/#breadcrumb","itemListElement":[{"@type":"ListItem","position":1,"name":"Domov","item":"https:\/\/www.onetimenexttime.sk\/arduino\/"},{"@type":"ListItem","position":2,"name":"Obchod","item":"https:\/\/www.onetimenexttime.sk\/arduino\/"},{"@type":"ListItem","position":3,"name":"TFT 2.4&#8221; LCD Touch Shield Expansion Shield Mega2560 R3"}]},{"@type":"WebSite","@id":"https:\/\/www.onetimenexttime.sk\/arduino\/#website","url":"https:\/\/www.onetimenexttime.sk\/arduino\/","name":"Arduino e-shop","description":"Home Assistant","potentialAction":[{"@type":"SearchAction","target":{"@type":"EntryPoint","urlTemplate":"https:\/\/www.onetimenexttime.sk\/arduino\/?s={search_term_string}"},"query-input":{"@type":"PropertyValueSpecification","valueRequired":true,"valueName":"search_term_string"}}],"inLanguage":"sk-SK"}]}},"_links":{"self":[{"href":"https:\/\/www.onetimenexttime.sk\/arduino\/index.php\/wp-json\/wp\/v2\/product\/80"}],"collection":[{"href":"https:\/\/www.onetimenexttime.sk\/arduino\/index.php\/wp-json\/wp\/v2\/product"}],"about":[{"href":"https:\/\/www.onetimenexttime.sk\/arduino\/index.php\/wp-json\/wp\/v2\/types\/product"}],"wp:featuredmedia":[{"embeddable":true,"href":"https:\/\/www.onetimenexttime.sk\/arduino\/index.php\/wp-json\/wp\/v2\/media\/82"}],"wp:attachment":[{"href":"https:\/\/www.onetimenexttime.sk\/arduino\/index.php\/wp-json\/wp\/v2\/media?parent=80"}],"wp:term":[{"taxonomy":"product_cat","embeddable":true,"href":"https:\/\/www.onetimenexttime.sk\/arduino\/index.php\/wp-json\/wp\/v2\/product_cat?post=80"},{"taxonomy":"product_tag","embeddable":true,"href":"https:\/\/www.onetimenexttime.sk\/arduino\/index.php\/wp-json\/wp\/v2\/product_tag?post=80"}],"curies":[{"name":"wp","href":"https:\/\/api.w.org\/{rel}","templated":true}]}}