{"id":732,"date":"2021-10-30T19:12:43","date_gmt":"2021-10-30T17:12:43","guid":{"rendered":"https:\/\/www.onetimenexttime.sk\/arduino\/?post_type=product&#038;p=732"},"modified":"2021-10-31T20:24:13","modified_gmt":"2021-10-31T19:24:13","slug":"3500w-220v-16a-electrical-3-plug-socket-2-usb-outlet-pull-pop-up-kitchen-table-socket-retractable-for-countertops-worktop-uk-eu","status":"publish","type":"product","link":"https:\/\/www.onetimenexttime.sk\/arduino\/index.php\/produkt\/3500w-220v-16a-electrical-3-plug-socket-2-usb-outlet-pull-pop-up-kitchen-table-socket-retractable-for-countertops-worktop-uk-eu\/","title":{"rendered":"3500W 220V 16A Electrical 3 Plug Socket 2 USB Outlet PULL POP UP Kitchen Table Socket Retractable for Countertops Worktop UK\/EU"},"content":{"rendered":"<h2>3500W 220V 16A Elektrick\u00e1 3 z\u00e1suvka 2 USB v\u00fdstup PULL POP UP Z\u00e1suvka kuchynsk\u00e9ho stola stiahnute\u013en\u00e1<\/h2>\n<p>Popis:<br \/>\nZas\u00favacia predl\u017eovacia \u0161n\u00fara \u2013 va\u0161a praktick\u00e1 energetick\u00e1 krabi\u010dka na dosah ruky!<br \/>\nT\u00e1to z\u00e1suvka je pripraven\u00e1 na \u00fapln\u00e9 ponorenie a v pr\u00edpade potreby pomocou nieko\u013ek\u00fdch krokov.<br \/>\nIde\u00e1lne rie\u0161enie, ktor\u00e9 \u0161etr\u00ed miesto v dielni, kuchyni alebo kancel\u00e1rii.<\/p>\n<p>Vhodn\u00e9 na stoly a dosky na pulty<br \/>\nNad\u010dasov\u00fd dizajn sa hod\u00ed do ka\u017edej miestnosti<br \/>\nR\u00fdchla a jednoduch\u00e1 in\u0161tal\u00e1cia<br \/>\nTrieda ochrany 1<\/p>\n<p>\u0161pecifik\u00e1cia:<br \/>\nMinim\u00e1lna h\u013abka:. 350\/385\/390 \/ 428 mm<br \/>\nPriemer otvoru: cca 62 mm<br \/>\nMax. V\u00fdkon: 3500 W<br \/>\nNap\u00e4tie: 220 V, 16 A<br \/>\nPr\u00edpojn\u00fd k\u00e1bel: cca 1,55 m<\/p>\n","protected":false},"excerpt":{"rendered":"<p>3500W 220V 16A Elektrick\u00e1 3 z\u00e1suvka 2 USB v\u00fdstup PULL POP UP Z\u00e1suvka kuchynsk\u00e9ho stola stiahnute\u013en\u00e1 Popis: Zas\u00favacia predl\u017eovacia \u0161n\u00fara&hellip;<\/p>\n","protected":false},"featured_media":733,"template":"","meta":{"_monsterinsights_skip_tracking":false,"_monsterinsights_sitenote_active":false,"_monsterinsights_sitenote_note":"","_monsterinsights_sitenote_category":0},"product_cat":[15,50,21,42],"product_tag":[],"class_list":{"0":"post-732","1":"product","2":"type-product","3":"status-publish","4":"has-post-thumbnail","6":"product_cat-nd","7":"product_cat-pc","8":"product_cat-pw","9":"product_cat-smart","11":"first","12":"instock","13":"sale","14":"shipping-taxable","15":"purchasable","16":"product-type-simple"},"yoast_head":"<!-- This site is optimized with the Yoast SEO plugin v23.6 - https:\/\/yoast.com\/wordpress\/plugins\/seo\/ -->\n<title>3500W 220V 16A Electrical 3 Plug Socket 2 USB Outlet PULL POP UP Kitchen Table Socket Retractable for Countertops Worktop UK\/EU - Arduino e-shop<\/title>\n<meta name=\"robots\" content=\"index, follow, max-snippet:-1, max-image-preview:large, max-video-preview:-1\" \/>\n<link rel=\"canonical\" href=\"https:\/\/www.onetimenexttime.sk\/arduino\/index.php\/produkt\/3500w-220v-16a-electrical-3-plug-socket-2-usb-outlet-pull-pop-up-kitchen-table-socket-retractable-for-countertops-worktop-uk-eu\/\" \/>\n<meta property=\"og:locale\" content=\"sk_SK\" \/>\n<meta property=\"og:type\" content=\"article\" \/>\n<meta property=\"og:title\" content=\"3500W 220V 16A Electrical 3 Plug Socket 2 USB Outlet PULL POP UP Kitchen Table Socket Retractable for Countertops Worktop UK\/EU - Arduino e-shop\" \/>\n<meta property=\"og:description\" content=\"3500W 220V 16A Elektrick\u00e1 3 z\u00e1suvka 2 USB v\u00fdstup PULL POP UP Z\u00e1suvka kuchynsk\u00e9ho stola stiahnute\u013en\u00e1 Popis: Zas\u00favacia predl\u017eovacia \u0161n\u00fara&hellip;\" \/>\n<meta property=\"og:url\" content=\"https:\/\/www.onetimenexttime.sk\/arduino\/index.php\/produkt\/3500w-220v-16a-electrical-3-plug-socket-2-usb-outlet-pull-pop-up-kitchen-table-socket-retractable-for-countertops-worktop-uk-eu\/\" \/>\n<meta property=\"og:site_name\" content=\"Arduino e-shop\" \/>\n<meta property=\"article:modified_time\" content=\"2021-10-31T19:24:13+00:00\" \/>\n<meta property=\"og:image\" content=\"https:\/\/www.onetimenexttime.sk\/arduino\/wp-content\/uploads\/2021\/10\/198.jpg\" \/>\n\t<meta property=\"og:image:width\" content=\"527\" \/>\n\t<meta property=\"og:image:height\" content=\"524\" \/>\n\t<meta property=\"og:image:type\" content=\"image\/jpeg\" \/>\n<meta name=\"twitter:card\" content=\"summary_large_image\" \/>\n<meta name=\"twitter:label1\" content=\"Predpokladan\u00fd \u010das \u010d\u00edtania\" \/>\n\t<meta name=\"twitter:data1\" content=\"1 min\u00fata\" \/>\n<script type=\"application\/ld+json\" class=\"yoast-schema-graph\">{\"@context\":\"https:\/\/schema.org\",\"@graph\":[{\"@type\":\"WebPage\",\"@id\":\"https:\/\/www.onetimenexttime.sk\/arduino\/index.php\/produkt\/3500w-220v-16a-electrical-3-plug-socket-2-usb-outlet-pull-pop-up-kitchen-table-socket-retractable-for-countertops-worktop-uk-eu\/\",\"url\":\"https:\/\/www.onetimenexttime.sk\/arduino\/index.php\/produkt\/3500w-220v-16a-electrical-3-plug-socket-2-usb-outlet-pull-pop-up-kitchen-table-socket-retractable-for-countertops-worktop-uk-eu\/\",\"name\":\"3500W 220V 16A Electrical 3 Plug Socket 2 USB Outlet PULL POP UP Kitchen Table Socket Retractable for Countertops Worktop UK\/EU - Arduino e-shop\",\"isPartOf\":{\"@id\":\"https:\/\/www.onetimenexttime.sk\/arduino\/#website\"},\"primaryImageOfPage\":{\"@id\":\"https:\/\/www.onetimenexttime.sk\/arduino\/index.php\/produkt\/3500w-220v-16a-electrical-3-plug-socket-2-usb-outlet-pull-pop-up-kitchen-table-socket-retractable-for-countertops-worktop-uk-eu\/#primaryimage\"},\"image\":{\"@id\":\"https:\/\/www.onetimenexttime.sk\/arduino\/index.php\/produkt\/3500w-220v-16a-electrical-3-plug-socket-2-usb-outlet-pull-pop-up-kitchen-table-socket-retractable-for-countertops-worktop-uk-eu\/#primaryimage\"},\"thumbnailUrl\":\"https:\/\/www.onetimenexttime.sk\/arduino\/wp-content\/uploads\/2021\/10\/198.jpg\",\"datePublished\":\"2021-10-30T17:12:43+00:00\",\"dateModified\":\"2021-10-31T19:24:13+00:00\",\"breadcrumb\":{\"@id\":\"https:\/\/www.onetimenexttime.sk\/arduino\/index.php\/produkt\/3500w-220v-16a-electrical-3-plug-socket-2-usb-outlet-pull-pop-up-kitchen-table-socket-retractable-for-countertops-worktop-uk-eu\/#breadcrumb\"},\"inLanguage\":\"sk-SK\",\"potentialAction\":[{\"@type\":\"ReadAction\",\"target\":[\"https:\/\/www.onetimenexttime.sk\/arduino\/index.php\/produkt\/3500w-220v-16a-electrical-3-plug-socket-2-usb-outlet-pull-pop-up-kitchen-table-socket-retractable-for-countertops-worktop-uk-eu\/\"]}]},{\"@type\":\"ImageObject\",\"inLanguage\":\"sk-SK\",\"@id\":\"https:\/\/www.onetimenexttime.sk\/arduino\/index.php\/produkt\/3500w-220v-16a-electrical-3-plug-socket-2-usb-outlet-pull-pop-up-kitchen-table-socket-retractable-for-countertops-worktop-uk-eu\/#primaryimage\",\"url\":\"https:\/\/www.onetimenexttime.sk\/arduino\/wp-content\/uploads\/2021\/10\/198.jpg\",\"contentUrl\":\"https:\/\/www.onetimenexttime.sk\/arduino\/wp-content\/uploads\/2021\/10\/198.jpg\",\"width\":527,\"height\":524},{\"@type\":\"BreadcrumbList\",\"@id\":\"https:\/\/www.onetimenexttime.sk\/arduino\/index.php\/produkt\/3500w-220v-16a-electrical-3-plug-socket-2-usb-outlet-pull-pop-up-kitchen-table-socket-retractable-for-countertops-worktop-uk-eu\/#breadcrumb\",\"itemListElement\":[{\"@type\":\"ListItem\",\"position\":1,\"name\":\"Domov\",\"item\":\"https:\/\/www.onetimenexttime.sk\/arduino\/\"},{\"@type\":\"ListItem\",\"position\":2,\"name\":\"Obchod\",\"item\":\"https:\/\/www.onetimenexttime.sk\/arduino\/\"},{\"@type\":\"ListItem\",\"position\":3,\"name\":\"3500W 220V 16A Electrical 3 Plug Socket 2 USB Outlet PULL POP UP Kitchen Table Socket Retractable for Countertops Worktop UK\/EU\"}]},{\"@type\":\"WebSite\",\"@id\":\"https:\/\/www.onetimenexttime.sk\/arduino\/#website\",\"url\":\"https:\/\/www.onetimenexttime.sk\/arduino\/\",\"name\":\"Arduino e-shop\",\"description\":\"Home Assistant\",\"potentialAction\":[{\"@type\":\"SearchAction\",\"target\":{\"@type\":\"EntryPoint\",\"urlTemplate\":\"https:\/\/www.onetimenexttime.sk\/arduino\/?s={search_term_string}\"},\"query-input\":{\"@type\":\"PropertyValueSpecification\",\"valueRequired\":true,\"valueName\":\"search_term_string\"}}],\"inLanguage\":\"sk-SK\"}]}<\/script>\n<!-- \/ Yoast SEO plugin. -->","yoast_head_json":{"title":"3500W 220V 16A Electrical 3 Plug Socket 2 USB Outlet PULL POP UP Kitchen Table Socket Retractable for Countertops Worktop UK\/EU - Arduino e-shop","robots":{"index":"index","follow":"follow","max-snippet":"max-snippet:-1","max-image-preview":"max-image-preview:large","max-video-preview":"max-video-preview:-1"},"canonical":"https:\/\/www.onetimenexttime.sk\/arduino\/index.php\/produkt\/3500w-220v-16a-electrical-3-plug-socket-2-usb-outlet-pull-pop-up-kitchen-table-socket-retractable-for-countertops-worktop-uk-eu\/","og_locale":"sk_SK","og_type":"article","og_title":"3500W 220V 16A Electrical 3 Plug Socket 2 USB Outlet PULL POP UP Kitchen Table Socket Retractable for Countertops Worktop UK\/EU - Arduino e-shop","og_description":"3500W 220V 16A Elektrick\u00e1 3 z\u00e1suvka 2 USB v\u00fdstup PULL POP UP Z\u00e1suvka kuchynsk\u00e9ho stola stiahnute\u013en\u00e1 Popis: Zas\u00favacia predl\u017eovacia \u0161n\u00fara&hellip;","og_url":"https:\/\/www.onetimenexttime.sk\/arduino\/index.php\/produkt\/3500w-220v-16a-electrical-3-plug-socket-2-usb-outlet-pull-pop-up-kitchen-table-socket-retractable-for-countertops-worktop-uk-eu\/","og_site_name":"Arduino e-shop","article_modified_time":"2021-10-31T19:24:13+00:00","og_image":[{"width":527,"height":524,"url":"https:\/\/www.onetimenexttime.sk\/arduino\/wp-content\/uploads\/2021\/10\/198.jpg","type":"image\/jpeg"}],"twitter_card":"summary_large_image","twitter_misc":{"Predpokladan\u00fd \u010das \u010d\u00edtania":"1 min\u00fata"},"schema":{"@context":"https:\/\/schema.org","@graph":[{"@type":"WebPage","@id":"https:\/\/www.onetimenexttime.sk\/arduino\/index.php\/produkt\/3500w-220v-16a-electrical-3-plug-socket-2-usb-outlet-pull-pop-up-kitchen-table-socket-retractable-for-countertops-worktop-uk-eu\/","url":"https:\/\/www.onetimenexttime.sk\/arduino\/index.php\/produkt\/3500w-220v-16a-electrical-3-plug-socket-2-usb-outlet-pull-pop-up-kitchen-table-socket-retractable-for-countertops-worktop-uk-eu\/","name":"3500W 220V 16A Electrical 3 Plug Socket 2 USB Outlet PULL POP UP Kitchen Table Socket Retractable for Countertops Worktop UK\/EU - Arduino e-shop","isPartOf":{"@id":"https:\/\/www.onetimenexttime.sk\/arduino\/#website"},"primaryImageOfPage":{"@id":"https:\/\/www.onetimenexttime.sk\/arduino\/index.php\/produkt\/3500w-220v-16a-electrical-3-plug-socket-2-usb-outlet-pull-pop-up-kitchen-table-socket-retractable-for-countertops-worktop-uk-eu\/#primaryimage"},"image":{"@id":"https:\/\/www.onetimenexttime.sk\/arduino\/index.php\/produkt\/3500w-220v-16a-electrical-3-plug-socket-2-usb-outlet-pull-pop-up-kitchen-table-socket-retractable-for-countertops-worktop-uk-eu\/#primaryimage"},"thumbnailUrl":"https:\/\/www.onetimenexttime.sk\/arduino\/wp-content\/uploads\/2021\/10\/198.jpg","datePublished":"2021-10-30T17:12:43+00:00","dateModified":"2021-10-31T19:24:13+00:00","breadcrumb":{"@id":"https:\/\/www.onetimenexttime.sk\/arduino\/index.php\/produkt\/3500w-220v-16a-electrical-3-plug-socket-2-usb-outlet-pull-pop-up-kitchen-table-socket-retractable-for-countertops-worktop-uk-eu\/#breadcrumb"},"inLanguage":"sk-SK","potentialAction":[{"@type":"ReadAction","target":["https:\/\/www.onetimenexttime.sk\/arduino\/index.php\/produkt\/3500w-220v-16a-electrical-3-plug-socket-2-usb-outlet-pull-pop-up-kitchen-table-socket-retractable-for-countertops-worktop-uk-eu\/"]}]},{"@type":"ImageObject","inLanguage":"sk-SK","@id":"https:\/\/www.onetimenexttime.sk\/arduino\/index.php\/produkt\/3500w-220v-16a-electrical-3-plug-socket-2-usb-outlet-pull-pop-up-kitchen-table-socket-retractable-for-countertops-worktop-uk-eu\/#primaryimage","url":"https:\/\/www.onetimenexttime.sk\/arduino\/wp-content\/uploads\/2021\/10\/198.jpg","contentUrl":"https:\/\/www.onetimenexttime.sk\/arduino\/wp-content\/uploads\/2021\/10\/198.jpg","width":527,"height":524},{"@type":"BreadcrumbList","@id":"https:\/\/www.onetimenexttime.sk\/arduino\/index.php\/produkt\/3500w-220v-16a-electrical-3-plug-socket-2-usb-outlet-pull-pop-up-kitchen-table-socket-retractable-for-countertops-worktop-uk-eu\/#breadcrumb","itemListElement":[{"@type":"ListItem","position":1,"name":"Domov","item":"https:\/\/www.onetimenexttime.sk\/arduino\/"},{"@type":"ListItem","position":2,"name":"Obchod","item":"https:\/\/www.onetimenexttime.sk\/arduino\/"},{"@type":"ListItem","position":3,"name":"3500W 220V 16A Electrical 3 Plug Socket 2 USB Outlet PULL POP UP Kitchen Table Socket Retractable for Countertops Worktop UK\/EU"}]},{"@type":"WebSite","@id":"https:\/\/www.onetimenexttime.sk\/arduino\/#website","url":"https:\/\/www.onetimenexttime.sk\/arduino\/","name":"Arduino e-shop","description":"Home Assistant","potentialAction":[{"@type":"SearchAction","target":{"@type":"EntryPoint","urlTemplate":"https:\/\/www.onetimenexttime.sk\/arduino\/?s={search_term_string}"},"query-input":{"@type":"PropertyValueSpecification","valueRequired":true,"valueName":"search_term_string"}}],"inLanguage":"sk-SK"}]}},"_links":{"self":[{"href":"https:\/\/www.onetimenexttime.sk\/arduino\/index.php\/wp-json\/wp\/v2\/product\/732"}],"collection":[{"href":"https:\/\/www.onetimenexttime.sk\/arduino\/index.php\/wp-json\/wp\/v2\/product"}],"about":[{"href":"https:\/\/www.onetimenexttime.sk\/arduino\/index.php\/wp-json\/wp\/v2\/types\/product"}],"wp:featuredmedia":[{"embeddable":true,"href":"https:\/\/www.onetimenexttime.sk\/arduino\/index.php\/wp-json\/wp\/v2\/media\/733"}],"wp:attachment":[{"href":"https:\/\/www.onetimenexttime.sk\/arduino\/index.php\/wp-json\/wp\/v2\/media?parent=732"}],"wp:term":[{"taxonomy":"product_cat","embeddable":true,"href":"https:\/\/www.onetimenexttime.sk\/arduino\/index.php\/wp-json\/wp\/v2\/product_cat?post=732"},{"taxonomy":"product_tag","embeddable":true,"href":"https:\/\/www.onetimenexttime.sk\/arduino\/index.php\/wp-json\/wp\/v2\/product_tag?post=732"}],"curies":[{"name":"wp","href":"https:\/\/api.w.org\/{rel}","templated":true}]}}