{"id":727,"date":"2021-10-30T18:44:22","date_gmt":"2021-10-30T16:44:22","guid":{"rendered":"https:\/\/www.onetimenexttime.sk\/arduino\/?post_type=product&#038;p=727"},"modified":"2021-10-30T18:52:37","modified_gmt":"2021-10-30T16:52:37","slug":"1-gang-switch-funry-touch-remote-control-st2-eu-1r-tempered-glass-wall-switches","status":"publish","type":"product","link":"https:\/\/www.onetimenexttime.sk\/arduino\/index.php\/produkt\/1-gang-switch-funry-touch-remote-control-st2-eu-1r-tempered-glass-wall-switches\/","title":{"rendered":"1 gang switch FUNRY Touch\/ Remote control ST2-EU-1R Tempered Glass Wall Switches"},"content":{"rendered":"<h2>1 kan\u00e1lov\u00fd sp\u00edna\u010d FUNRY Dotykov\u00e9\/dia\u013ekov\u00e9 ovl\u00e1danie ST2-EU-1R Panelov\u00fd sn\u00edma\u010d z tvrden\u00e9ho skla<\/h2>\n<p>&nbsp;<\/p>\n<p>Vlastnosti:<br \/>\nS panelom z monokry\u0161t\u00e1lov\u00e9ho tvrden\u00e9ho skla.<br \/>\nPovrch je odoln\u00fd vo\u010di vysokej teplote a vodotesn\u00fd, oh\u0148ovzdorn\u00fd, bezpe\u010dn\u00fd na pou\u017eitie.<br \/>\nNov\u00fd importovan\u00fd IC procesor pre dobr\u00fa citlivos\u0165 a stabiln\u00fd v\u00fdkon.<br \/>\nVysok\u00e1 citlivos\u0165 a presn\u00fd induk\u010dn\u00fd dotykov\u00fd ovl\u00e1dac\u00ed panel.<br \/>\nM\u00f4\u017ee br\u00e1ni\u0165 \u00faniku elektriny, bezpe\u010dn\u00e9 pou\u017eitie.<br \/>\nVonkaj\u0161\u00ed pl\u00e1\u0161\u0165 je vyroben\u00fd z oh\u0148ovzdorn\u00e9ho plastov\u00e9ho materi\u00e1lu, ktor\u00fd m\u00f4\u017ee \u00fa\u010dinne zabr\u00e1ni\u0165 zapnutiu zapa\u013eovania.<br \/>\nFarba \u013eahko nevybledne a \u013eahko sa \u010dist\u00ed.<br \/>\nDotykov\u00e9 ovl\u00e1danie zais\u0165uje dlh\u0161iu \u017eivotnos\u0165 ako mechanick\u00fd sp\u00edna\u010d.<\/p>\n<p><strong>Popisy:<\/strong><br \/>\nElegantn\u00fd a \u0161t\u00fdlov\u00fd dizajn, je pr\u00edjemn\u00fd na poh\u013ead.<br \/>\nDostupn\u00e9 pre v\u00e4\u010d\u0161inu kraj\u00edn Eur\u00f3py, v\u00e4\u010d\u0161inu africk\u00fdch kraj\u00edn, v\u00e4\u010d\u0161inu kraj\u00edn Bl\u00edzkeho v\u00fdchodu, Ju\u017en\u00fa K\u00f3reu, \u010cile, Paraguaj at\u010f.<br \/>\nSpoma\u013eova\u010d horenia, posil\u0148uje ochranu proti skratu elektrick\u00e9ho vedenia.<br \/>\nJednoduch\u00e9 ovl\u00e1danie, v\u010faka \u010domu je v\u00e1\u0161 \u017eivot pohodlnej\u0161\u00ed.<\/p>\n<p><strong>\u0161pecifik\u00e1cia:<\/strong><\/p>\n<p>N\u00e1zov zna\u010dky: FUNRY<br \/>\nTyp polo\u017eky: Prep\u00edna\u010de<br \/>\nCertifik\u00e1cia: CE, FCC, ROHS<br \/>\nVzdialen\u00e1 vzdialenos\u0165: 20M<br \/>\nTyp prep\u00edna\u010da: Dia\u013ekov\u00e9 ovl\u00e1danie<br \/>\nVlastnosti: Dotykov\u00fd \/ dia\u013ekov\u00fd ovl\u00e1da\u010d<br \/>\nMateri\u00e1l: Plast<br \/>\n\u010c\u00edslo modelu: ST2-EU-1R<br \/>\nMateri\u00e1l panelu: monokry\u0161t\u00e1lov\u00e9 tvrden\u00e9 sklo<br \/>\nNap\u00e4tie: 170-240V<br \/>\nPr\u00edkon: 7-200W\/Gang<br \/>\nHmotnos\u0165: 0,2 kg<br \/>\nVe\u013ekos\u0165: 86*86*36mm<br \/>\nMechanick\u00e1 \u017eivotnos\u0165: 1 000 000 hod\u00edn<br \/>\nPou\u017ei\u0165 na: \u017diarovka \u017diarivka Energeticky \u00fasporn\u00e1 \u017eiarivka LED svetl\u00e1<br \/>\nVerzia: S dia\u013ekov\u00fdm ovl\u00e1dan\u00edm<br \/>\nNorma: Norma E\u00da<\/p>\n<p><strong>Balenie obsahuje:<\/strong><\/p>\n<p>1x dotykov\u00fd sp\u00edna\u010d<br \/>\n1 x N\u00e1vod na pou\u017eitie<br \/>\n1 x Inteligentn\u00e9 dia\u013ekov\u00e9 ovl\u00e1danie<br \/>\n2 x Skrutka<br \/>\n1 x LED transform\u00e1tor<\/p>\n<p>&nbsp;<\/p>\n<p>N\u00e1zov zna\u010dky: FUNRY<br \/>\nCertifik\u00e1ty: ROHS\/CE\/FCC<br \/>\nCertifik\u00e1cia: CCC, RoHS, FCC<br \/>\nFarba: biela\/black\/zlat\u00e1<br \/>\nPr\u00fad: 10A<br \/>\nVlastnosti: dotykov\u00fd sp\u00edna\u010d<br \/>\nVstup: AC170V-240V<br \/>\nTyp polo\u017eky: Prep\u00edna\u010de<br \/>\nMateri\u00e1l: monokry\u0161t\u00e1lov\u00e9 tvrden\u00e9 sklo<br \/>\nMaxim\u00e1lne za\u0165a\u017eenie: 10A<br \/>\nModel: ST2-EU-1<br \/>\n\u010c\u00edslo modelu: ST2-EU-1<br \/>\nRF: 433 MHz<br \/>\nVe\u013ekos\u0165: 86x86x39mm<br \/>\nTyp prep\u00edna\u010da: Dotknite sa Prep\u00edna\u010da zapnutia\/vypnutia<br \/>\nTyp: 1 gang 1 cesta<br \/>\nZ\u00e1ruka: 12 mesiacov<br \/>\nHmotnos\u0165: 160 g<\/p>\n","protected":false},"excerpt":{"rendered":"<p>1 kan\u00e1lov\u00fd sp\u00edna\u010d FUNRY Dotykov\u00e9\/dia\u013ekov\u00e9 ovl\u00e1danie ST2-EU-1R Panelov\u00fd sn\u00edma\u010d z tvrden\u00e9ho skla &nbsp; Vlastnosti: S panelom z monokry\u0161t\u00e1lov\u00e9ho tvrden\u00e9ho skla.&hellip;<\/p>\n","protected":false},"featured_media":728,"template":"","meta":{"_monsterinsights_skip_tracking":false,"_monsterinsights_sitenote_active":false,"_monsterinsights_sitenote_note":"","_monsterinsights_sitenote_category":0},"product_cat":[43,34,42,44],"product_tag":[],"class_list":{"0":"post-727","1":"product","2":"type-product","3":"status-publish","4":"has-post-thumbnail","6":"product_cat-office","7":"product_cat-rf","8":"product_cat-smart","9":"product_cat-svetlo","11":"first","12":"instock","13":"shipping-taxable","14":"purchasable","15":"product-type-simple"},"yoast_head":"<!-- This site is optimized with the Yoast SEO plugin v23.6 - https:\/\/yoast.com\/wordpress\/plugins\/seo\/ -->\n<title>1 gang switch FUNRY Touch\/ Remote control ST2-EU-1R Tempered Glass Wall Switches - Arduino e-shop<\/title>\n<meta name=\"robots\" content=\"index, follow, max-snippet:-1, max-image-preview:large, max-video-preview:-1\" \/>\n<link rel=\"canonical\" href=\"https:\/\/www.onetimenexttime.sk\/arduino\/index.php\/produkt\/1-gang-switch-funry-touch-remote-control-st2-eu-1r-tempered-glass-wall-switches\/\" \/>\n<meta property=\"og:locale\" content=\"sk_SK\" \/>\n<meta property=\"og:type\" content=\"article\" \/>\n<meta property=\"og:title\" content=\"1 gang switch FUNRY Touch\/ Remote control ST2-EU-1R Tempered Glass Wall Switches - Arduino e-shop\" \/>\n<meta property=\"og:description\" content=\"1 kan\u00e1lov\u00fd sp\u00edna\u010d FUNRY Dotykov\u00e9\/dia\u013ekov\u00e9 ovl\u00e1danie ST2-EU-1R Panelov\u00fd sn\u00edma\u010d z tvrden\u00e9ho skla &nbsp; Vlastnosti: S panelom z monokry\u0161t\u00e1lov\u00e9ho tvrden\u00e9ho skla.&hellip;\" \/>\n<meta property=\"og:url\" content=\"https:\/\/www.onetimenexttime.sk\/arduino\/index.php\/produkt\/1-gang-switch-funry-touch-remote-control-st2-eu-1r-tempered-glass-wall-switches\/\" \/>\n<meta property=\"og:site_name\" content=\"Arduino e-shop\" \/>\n<meta property=\"article:modified_time\" content=\"2021-10-30T16:52:37+00:00\" \/>\n<meta property=\"og:image\" content=\"https:\/\/www.onetimenexttime.sk\/arduino\/wp-content\/uploads\/2021\/10\/196.jpg\" \/>\n\t<meta property=\"og:image:width\" content=\"480\" \/>\n\t<meta property=\"og:image:height\" content=\"483\" \/>\n\t<meta property=\"og:image:type\" content=\"image\/jpeg\" \/>\n<meta name=\"twitter:card\" content=\"summary_large_image\" \/>\n<meta name=\"twitter:label1\" content=\"Predpokladan\u00fd \u010das \u010d\u00edtania\" \/>\n\t<meta name=\"twitter:data1\" content=\"1 min\u00fata\" \/>\n<script type=\"application\/ld+json\" class=\"yoast-schema-graph\">{\"@context\":\"https:\/\/schema.org\",\"@graph\":[{\"@type\":\"WebPage\",\"@id\":\"https:\/\/www.onetimenexttime.sk\/arduino\/index.php\/produkt\/1-gang-switch-funry-touch-remote-control-st2-eu-1r-tempered-glass-wall-switches\/\",\"url\":\"https:\/\/www.onetimenexttime.sk\/arduino\/index.php\/produkt\/1-gang-switch-funry-touch-remote-control-st2-eu-1r-tempered-glass-wall-switches\/\",\"name\":\"1 gang switch FUNRY Touch\/ Remote control ST2-EU-1R Tempered Glass Wall Switches - Arduino e-shop\",\"isPartOf\":{\"@id\":\"https:\/\/www.onetimenexttime.sk\/arduino\/#website\"},\"primaryImageOfPage\":{\"@id\":\"https:\/\/www.onetimenexttime.sk\/arduino\/index.php\/produkt\/1-gang-switch-funry-touch-remote-control-st2-eu-1r-tempered-glass-wall-switches\/#primaryimage\"},\"image\":{\"@id\":\"https:\/\/www.onetimenexttime.sk\/arduino\/index.php\/produkt\/1-gang-switch-funry-touch-remote-control-st2-eu-1r-tempered-glass-wall-switches\/#primaryimage\"},\"thumbnailUrl\":\"https:\/\/www.onetimenexttime.sk\/arduino\/wp-content\/uploads\/2021\/10\/196.jpg\",\"datePublished\":\"2021-10-30T16:44:22+00:00\",\"dateModified\":\"2021-10-30T16:52:37+00:00\",\"breadcrumb\":{\"@id\":\"https:\/\/www.onetimenexttime.sk\/arduino\/index.php\/produkt\/1-gang-switch-funry-touch-remote-control-st2-eu-1r-tempered-glass-wall-switches\/#breadcrumb\"},\"inLanguage\":\"sk-SK\",\"potentialAction\":[{\"@type\":\"ReadAction\",\"target\":[\"https:\/\/www.onetimenexttime.sk\/arduino\/index.php\/produkt\/1-gang-switch-funry-touch-remote-control-st2-eu-1r-tempered-glass-wall-switches\/\"]}]},{\"@type\":\"ImageObject\",\"inLanguage\":\"sk-SK\",\"@id\":\"https:\/\/www.onetimenexttime.sk\/arduino\/index.php\/produkt\/1-gang-switch-funry-touch-remote-control-st2-eu-1r-tempered-glass-wall-switches\/#primaryimage\",\"url\":\"https:\/\/www.onetimenexttime.sk\/arduino\/wp-content\/uploads\/2021\/10\/196.jpg\",\"contentUrl\":\"https:\/\/www.onetimenexttime.sk\/arduino\/wp-content\/uploads\/2021\/10\/196.jpg\",\"width\":480,\"height\":483},{\"@type\":\"BreadcrumbList\",\"@id\":\"https:\/\/www.onetimenexttime.sk\/arduino\/index.php\/produkt\/1-gang-switch-funry-touch-remote-control-st2-eu-1r-tempered-glass-wall-switches\/#breadcrumb\",\"itemListElement\":[{\"@type\":\"ListItem\",\"position\":1,\"name\":\"Domov\",\"item\":\"https:\/\/www.onetimenexttime.sk\/arduino\/\"},{\"@type\":\"ListItem\",\"position\":2,\"name\":\"Obchod\",\"item\":\"https:\/\/www.onetimenexttime.sk\/arduino\/\"},{\"@type\":\"ListItem\",\"position\":3,\"name\":\"1 gang switch FUNRY Touch\/ Remote control ST2-EU-1R Tempered Glass Wall Switches\"}]},{\"@type\":\"WebSite\",\"@id\":\"https:\/\/www.onetimenexttime.sk\/arduino\/#website\",\"url\":\"https:\/\/www.onetimenexttime.sk\/arduino\/\",\"name\":\"Arduino e-shop\",\"description\":\"Home Assistant\",\"potentialAction\":[{\"@type\":\"SearchAction\",\"target\":{\"@type\":\"EntryPoint\",\"urlTemplate\":\"https:\/\/www.onetimenexttime.sk\/arduino\/?s={search_term_string}\"},\"query-input\":{\"@type\":\"PropertyValueSpecification\",\"valueRequired\":true,\"valueName\":\"search_term_string\"}}],\"inLanguage\":\"sk-SK\"}]}<\/script>\n<!-- \/ Yoast SEO plugin. -->","yoast_head_json":{"title":"1 gang switch FUNRY Touch\/ Remote control ST2-EU-1R Tempered Glass Wall Switches - Arduino e-shop","robots":{"index":"index","follow":"follow","max-snippet":"max-snippet:-1","max-image-preview":"max-image-preview:large","max-video-preview":"max-video-preview:-1"},"canonical":"https:\/\/www.onetimenexttime.sk\/arduino\/index.php\/produkt\/1-gang-switch-funry-touch-remote-control-st2-eu-1r-tempered-glass-wall-switches\/","og_locale":"sk_SK","og_type":"article","og_title":"1 gang switch FUNRY Touch\/ Remote control ST2-EU-1R Tempered Glass Wall Switches - Arduino e-shop","og_description":"1 kan\u00e1lov\u00fd sp\u00edna\u010d FUNRY Dotykov\u00e9\/dia\u013ekov\u00e9 ovl\u00e1danie ST2-EU-1R Panelov\u00fd sn\u00edma\u010d z tvrden\u00e9ho skla &nbsp; Vlastnosti: S panelom z monokry\u0161t\u00e1lov\u00e9ho tvrden\u00e9ho skla.&hellip;","og_url":"https:\/\/www.onetimenexttime.sk\/arduino\/index.php\/produkt\/1-gang-switch-funry-touch-remote-control-st2-eu-1r-tempered-glass-wall-switches\/","og_site_name":"Arduino e-shop","article_modified_time":"2021-10-30T16:52:37+00:00","og_image":[{"width":480,"height":483,"url":"https:\/\/www.onetimenexttime.sk\/arduino\/wp-content\/uploads\/2021\/10\/196.jpg","type":"image\/jpeg"}],"twitter_card":"summary_large_image","twitter_misc":{"Predpokladan\u00fd \u010das \u010d\u00edtania":"1 min\u00fata"},"schema":{"@context":"https:\/\/schema.org","@graph":[{"@type":"WebPage","@id":"https:\/\/www.onetimenexttime.sk\/arduino\/index.php\/produkt\/1-gang-switch-funry-touch-remote-control-st2-eu-1r-tempered-glass-wall-switches\/","url":"https:\/\/www.onetimenexttime.sk\/arduino\/index.php\/produkt\/1-gang-switch-funry-touch-remote-control-st2-eu-1r-tempered-glass-wall-switches\/","name":"1 gang switch FUNRY Touch\/ Remote control ST2-EU-1R Tempered Glass Wall Switches - Arduino e-shop","isPartOf":{"@id":"https:\/\/www.onetimenexttime.sk\/arduino\/#website"},"primaryImageOfPage":{"@id":"https:\/\/www.onetimenexttime.sk\/arduino\/index.php\/produkt\/1-gang-switch-funry-touch-remote-control-st2-eu-1r-tempered-glass-wall-switches\/#primaryimage"},"image":{"@id":"https:\/\/www.onetimenexttime.sk\/arduino\/index.php\/produkt\/1-gang-switch-funry-touch-remote-control-st2-eu-1r-tempered-glass-wall-switches\/#primaryimage"},"thumbnailUrl":"https:\/\/www.onetimenexttime.sk\/arduino\/wp-content\/uploads\/2021\/10\/196.jpg","datePublished":"2021-10-30T16:44:22+00:00","dateModified":"2021-10-30T16:52:37+00:00","breadcrumb":{"@id":"https:\/\/www.onetimenexttime.sk\/arduino\/index.php\/produkt\/1-gang-switch-funry-touch-remote-control-st2-eu-1r-tempered-glass-wall-switches\/#breadcrumb"},"inLanguage":"sk-SK","potentialAction":[{"@type":"ReadAction","target":["https:\/\/www.onetimenexttime.sk\/arduino\/index.php\/produkt\/1-gang-switch-funry-touch-remote-control-st2-eu-1r-tempered-glass-wall-switches\/"]}]},{"@type":"ImageObject","inLanguage":"sk-SK","@id":"https:\/\/www.onetimenexttime.sk\/arduino\/index.php\/produkt\/1-gang-switch-funry-touch-remote-control-st2-eu-1r-tempered-glass-wall-switches\/#primaryimage","url":"https:\/\/www.onetimenexttime.sk\/arduino\/wp-content\/uploads\/2021\/10\/196.jpg","contentUrl":"https:\/\/www.onetimenexttime.sk\/arduino\/wp-content\/uploads\/2021\/10\/196.jpg","width":480,"height":483},{"@type":"BreadcrumbList","@id":"https:\/\/www.onetimenexttime.sk\/arduino\/index.php\/produkt\/1-gang-switch-funry-touch-remote-control-st2-eu-1r-tempered-glass-wall-switches\/#breadcrumb","itemListElement":[{"@type":"ListItem","position":1,"name":"Domov","item":"https:\/\/www.onetimenexttime.sk\/arduino\/"},{"@type":"ListItem","position":2,"name":"Obchod","item":"https:\/\/www.onetimenexttime.sk\/arduino\/"},{"@type":"ListItem","position":3,"name":"1 gang switch FUNRY Touch\/ Remote control ST2-EU-1R Tempered Glass Wall Switches"}]},{"@type":"WebSite","@id":"https:\/\/www.onetimenexttime.sk\/arduino\/#website","url":"https:\/\/www.onetimenexttime.sk\/arduino\/","name":"Arduino e-shop","description":"Home Assistant","potentialAction":[{"@type":"SearchAction","target":{"@type":"EntryPoint","urlTemplate":"https:\/\/www.onetimenexttime.sk\/arduino\/?s={search_term_string}"},"query-input":{"@type":"PropertyValueSpecification","valueRequired":true,"valueName":"search_term_string"}}],"inLanguage":"sk-SK"}]}},"_links":{"self":[{"href":"https:\/\/www.onetimenexttime.sk\/arduino\/index.php\/wp-json\/wp\/v2\/product\/727"}],"collection":[{"href":"https:\/\/www.onetimenexttime.sk\/arduino\/index.php\/wp-json\/wp\/v2\/product"}],"about":[{"href":"https:\/\/www.onetimenexttime.sk\/arduino\/index.php\/wp-json\/wp\/v2\/types\/product"}],"wp:featuredmedia":[{"embeddable":true,"href":"https:\/\/www.onetimenexttime.sk\/arduino\/index.php\/wp-json\/wp\/v2\/media\/728"}],"wp:attachment":[{"href":"https:\/\/www.onetimenexttime.sk\/arduino\/index.php\/wp-json\/wp\/v2\/media?parent=727"}],"wp:term":[{"taxonomy":"product_cat","embeddable":true,"href":"https:\/\/www.onetimenexttime.sk\/arduino\/index.php\/wp-json\/wp\/v2\/product_cat?post=727"},{"taxonomy":"product_tag","embeddable":true,"href":"https:\/\/www.onetimenexttime.sk\/arduino\/index.php\/wp-json\/wp\/v2\/product_tag?post=727"}],"curies":[{"name":"wp","href":"https:\/\/api.w.org\/{rel}","templated":true}]}}