{"id":661,"date":"2021-10-30T12:44:10","date_gmt":"2021-10-30T10:44:10","guid":{"rendered":"https:\/\/www.onetimenexttime.sk\/arduino\/?post_type=product&#038;p=661"},"modified":"2021-10-30T12:47:46","modified_gmt":"2021-10-30T10:47:46","slug":"433mhz-rf-spring-antenna-remote-wifi-for-network-accessories","status":"publish","type":"product","link":"https:\/\/www.onetimenexttime.sk\/arduino\/index.php\/produkt\/433mhz-rf-spring-antenna-remote-wifi-for-network-accessories\/","title":{"rendered":"433MHz RF Spring Antenna Remote WIFI for Network Accessories"},"content":{"rendered":"<h2>433MHz RF pru\u017einov\u00e1 ant\u00e9na vzdialen\u00e1 WIFI pre sie\u0165ov\u00e9 pr\u00edslu\u0161enstvo<\/h2>\n<p><strong>\u00a0Popis<\/strong><\/p>\n<p>SW433-TH21 je poniklovan\u00e1 pru\u017einov\u00e1 ant\u00e9na, je to \u0161pecializovan\u00e1 ant\u00e9na, ktor\u00e1 je navrhnut\u00e1 pre bezdr\u00f4tov\u00fd komunika\u010dn\u00fd syst\u00e9m (433 MHz). M\u00e1 dobr\u00fa VSWR, mal\u00fa ve\u013ekos\u0165, d\u00f4myseln\u00fa \u0161trukt\u00faru, jednoduch\u00fa in\u0161tal\u00e1ciu. stabiln\u00fd v\u00fdkon s dobrou antivibr\u00e1ciou a starnut\u00edm schopnos\u0165<\/p>\n<p><strong>Vlastnosti<\/strong>:<\/p>\n<p>Frekven\u010dn\u00fd rozsah: 433 MHz (+ \/ -5)<\/p>\n<p>VSWR &lt; 2,0<\/p>\n<p>Vstupn\u00e1 impedancia: 50 \u03a9<\/p>\n<p>Maxim\u00e1lny v\u00fdkon: 10V<\/p>\n<p>Zisk: 2dBi<\/p>\n<p>Hmotnos\u0165: 1g<\/p>\n<p>V\u00fd\u0161ka: 22+ \/ -1 mm (25T)<\/p>\n<p>Farba ant\u00e9ny: biela<\/p>\n<p>Typ rozhrania: priamo zv\u00e1ran\u00e9<\/p>\n","protected":false},"excerpt":{"rendered":"<p>433MHz RF pru\u017einov\u00e1 ant\u00e9na vzdialen\u00e1 WIFI pre sie\u0165ov\u00e9 pr\u00edslu\u0161enstvo \u00a0Popis SW433-TH21 je poniklovan\u00e1 pru\u017einov\u00e1 ant\u00e9na, je to \u0161pecializovan\u00e1 ant\u00e9na, ktor\u00e1&hellip;<\/p>\n","protected":false},"featured_media":662,"template":"","meta":{"_monsterinsights_skip_tracking":false,"_monsterinsights_sitenote_active":false,"_monsterinsights_sitenote_note":"","_monsterinsights_sitenote_category":0},"product_cat":[15,35,16,34,29],"product_tag":[],"class_list":{"0":"post-661","1":"product","2":"type-product","3":"status-publish","4":"has-post-thumbnail","6":"product_cat-nd","7":"product_cat-antena","8":"product_cat-ard","9":"product_cat-rf","10":"product_cat-wireless-transmission","12":"first","13":"instock","14":"shipping-taxable","15":"purchasable","16":"product-type-simple"},"yoast_head":"<!-- This site is optimized with the Yoast SEO plugin v23.6 - https:\/\/yoast.com\/wordpress\/plugins\/seo\/ -->\n<title>433MHz RF Spring Antenna Remote WIFI for Network Accessories - Arduino e-shop<\/title>\n<meta name=\"robots\" content=\"index, follow, max-snippet:-1, max-image-preview:large, max-video-preview:-1\" \/>\n<link rel=\"canonical\" href=\"https:\/\/www.onetimenexttime.sk\/arduino\/index.php\/produkt\/433mhz-rf-spring-antenna-remote-wifi-for-network-accessories\/\" \/>\n<meta property=\"og:locale\" content=\"sk_SK\" \/>\n<meta property=\"og:type\" content=\"article\" \/>\n<meta property=\"og:title\" content=\"433MHz RF Spring Antenna Remote WIFI for Network Accessories - Arduino e-shop\" \/>\n<meta property=\"og:description\" content=\"433MHz RF pru\u017einov\u00e1 ant\u00e9na vzdialen\u00e1 WIFI pre sie\u0165ov\u00e9 pr\u00edslu\u0161enstvo \u00a0Popis SW433-TH21 je poniklovan\u00e1 pru\u017einov\u00e1 ant\u00e9na, je to \u0161pecializovan\u00e1 ant\u00e9na, ktor\u00e1&hellip;\" \/>\n<meta property=\"og:url\" content=\"https:\/\/www.onetimenexttime.sk\/arduino\/index.php\/produkt\/433mhz-rf-spring-antenna-remote-wifi-for-network-accessories\/\" \/>\n<meta property=\"og:site_name\" content=\"Arduino e-shop\" \/>\n<meta property=\"article:modified_time\" content=\"2021-10-30T10:47:46+00:00\" \/>\n<meta property=\"og:image\" content=\"https:\/\/www.onetimenexttime.sk\/arduino\/wp-content\/uploads\/2021\/10\/ant.jpg\" \/>\n\t<meta property=\"og:image:width\" content=\"511\" \/>\n\t<meta property=\"og:image:height\" content=\"512\" \/>\n\t<meta property=\"og:image:type\" content=\"image\/jpeg\" \/>\n<meta name=\"twitter:card\" content=\"summary_large_image\" \/>\n<meta name=\"twitter:label1\" content=\"Predpokladan\u00fd \u010das \u010d\u00edtania\" \/>\n\t<meta name=\"twitter:data1\" content=\"1 min\u00fata\" \/>\n<script type=\"application\/ld+json\" class=\"yoast-schema-graph\">{\"@context\":\"https:\/\/schema.org\",\"@graph\":[{\"@type\":\"WebPage\",\"@id\":\"https:\/\/www.onetimenexttime.sk\/arduino\/index.php\/produkt\/433mhz-rf-spring-antenna-remote-wifi-for-network-accessories\/\",\"url\":\"https:\/\/www.onetimenexttime.sk\/arduino\/index.php\/produkt\/433mhz-rf-spring-antenna-remote-wifi-for-network-accessories\/\",\"name\":\"433MHz RF Spring Antenna Remote WIFI for Network Accessories - Arduino e-shop\",\"isPartOf\":{\"@id\":\"https:\/\/www.onetimenexttime.sk\/arduino\/#website\"},\"primaryImageOfPage\":{\"@id\":\"https:\/\/www.onetimenexttime.sk\/arduino\/index.php\/produkt\/433mhz-rf-spring-antenna-remote-wifi-for-network-accessories\/#primaryimage\"},\"image\":{\"@id\":\"https:\/\/www.onetimenexttime.sk\/arduino\/index.php\/produkt\/433mhz-rf-spring-antenna-remote-wifi-for-network-accessories\/#primaryimage\"},\"thumbnailUrl\":\"https:\/\/www.onetimenexttime.sk\/arduino\/wp-content\/uploads\/2021\/10\/ant.jpg\",\"datePublished\":\"2021-10-30T10:44:10+00:00\",\"dateModified\":\"2021-10-30T10:47:46+00:00\",\"breadcrumb\":{\"@id\":\"https:\/\/www.onetimenexttime.sk\/arduino\/index.php\/produkt\/433mhz-rf-spring-antenna-remote-wifi-for-network-accessories\/#breadcrumb\"},\"inLanguage\":\"sk-SK\",\"potentialAction\":[{\"@type\":\"ReadAction\",\"target\":[\"https:\/\/www.onetimenexttime.sk\/arduino\/index.php\/produkt\/433mhz-rf-spring-antenna-remote-wifi-for-network-accessories\/\"]}]},{\"@type\":\"ImageObject\",\"inLanguage\":\"sk-SK\",\"@id\":\"https:\/\/www.onetimenexttime.sk\/arduino\/index.php\/produkt\/433mhz-rf-spring-antenna-remote-wifi-for-network-accessories\/#primaryimage\",\"url\":\"https:\/\/www.onetimenexttime.sk\/arduino\/wp-content\/uploads\/2021\/10\/ant.jpg\",\"contentUrl\":\"https:\/\/www.onetimenexttime.sk\/arduino\/wp-content\/uploads\/2021\/10\/ant.jpg\",\"width\":511,\"height\":512},{\"@type\":\"BreadcrumbList\",\"@id\":\"https:\/\/www.onetimenexttime.sk\/arduino\/index.php\/produkt\/433mhz-rf-spring-antenna-remote-wifi-for-network-accessories\/#breadcrumb\",\"itemListElement\":[{\"@type\":\"ListItem\",\"position\":1,\"name\":\"Domov\",\"item\":\"https:\/\/www.onetimenexttime.sk\/arduino\/\"},{\"@type\":\"ListItem\",\"position\":2,\"name\":\"Obchod\",\"item\":\"https:\/\/www.onetimenexttime.sk\/arduino\/\"},{\"@type\":\"ListItem\",\"position\":3,\"name\":\"433MHz RF Spring Antenna Remote WIFI for Network Accessories\"}]},{\"@type\":\"WebSite\",\"@id\":\"https:\/\/www.onetimenexttime.sk\/arduino\/#website\",\"url\":\"https:\/\/www.onetimenexttime.sk\/arduino\/\",\"name\":\"Arduino e-shop\",\"description\":\"Home Assistant\",\"potentialAction\":[{\"@type\":\"SearchAction\",\"target\":{\"@type\":\"EntryPoint\",\"urlTemplate\":\"https:\/\/www.onetimenexttime.sk\/arduino\/?s={search_term_string}\"},\"query-input\":{\"@type\":\"PropertyValueSpecification\",\"valueRequired\":true,\"valueName\":\"search_term_string\"}}],\"inLanguage\":\"sk-SK\"}]}<\/script>\n<!-- \/ Yoast SEO plugin. -->","yoast_head_json":{"title":"433MHz RF Spring Antenna Remote WIFI for Network Accessories - Arduino e-shop","robots":{"index":"index","follow":"follow","max-snippet":"max-snippet:-1","max-image-preview":"max-image-preview:large","max-video-preview":"max-video-preview:-1"},"canonical":"https:\/\/www.onetimenexttime.sk\/arduino\/index.php\/produkt\/433mhz-rf-spring-antenna-remote-wifi-for-network-accessories\/","og_locale":"sk_SK","og_type":"article","og_title":"433MHz RF Spring Antenna Remote WIFI for Network Accessories - Arduino e-shop","og_description":"433MHz RF pru\u017einov\u00e1 ant\u00e9na vzdialen\u00e1 WIFI pre sie\u0165ov\u00e9 pr\u00edslu\u0161enstvo \u00a0Popis SW433-TH21 je poniklovan\u00e1 pru\u017einov\u00e1 ant\u00e9na, je to \u0161pecializovan\u00e1 ant\u00e9na, ktor\u00e1&hellip;","og_url":"https:\/\/www.onetimenexttime.sk\/arduino\/index.php\/produkt\/433mhz-rf-spring-antenna-remote-wifi-for-network-accessories\/","og_site_name":"Arduino e-shop","article_modified_time":"2021-10-30T10:47:46+00:00","og_image":[{"width":511,"height":512,"url":"https:\/\/www.onetimenexttime.sk\/arduino\/wp-content\/uploads\/2021\/10\/ant.jpg","type":"image\/jpeg"}],"twitter_card":"summary_large_image","twitter_misc":{"Predpokladan\u00fd \u010das \u010d\u00edtania":"1 min\u00fata"},"schema":{"@context":"https:\/\/schema.org","@graph":[{"@type":"WebPage","@id":"https:\/\/www.onetimenexttime.sk\/arduino\/index.php\/produkt\/433mhz-rf-spring-antenna-remote-wifi-for-network-accessories\/","url":"https:\/\/www.onetimenexttime.sk\/arduino\/index.php\/produkt\/433mhz-rf-spring-antenna-remote-wifi-for-network-accessories\/","name":"433MHz RF Spring Antenna Remote WIFI for Network Accessories - Arduino e-shop","isPartOf":{"@id":"https:\/\/www.onetimenexttime.sk\/arduino\/#website"},"primaryImageOfPage":{"@id":"https:\/\/www.onetimenexttime.sk\/arduino\/index.php\/produkt\/433mhz-rf-spring-antenna-remote-wifi-for-network-accessories\/#primaryimage"},"image":{"@id":"https:\/\/www.onetimenexttime.sk\/arduino\/index.php\/produkt\/433mhz-rf-spring-antenna-remote-wifi-for-network-accessories\/#primaryimage"},"thumbnailUrl":"https:\/\/www.onetimenexttime.sk\/arduino\/wp-content\/uploads\/2021\/10\/ant.jpg","datePublished":"2021-10-30T10:44:10+00:00","dateModified":"2021-10-30T10:47:46+00:00","breadcrumb":{"@id":"https:\/\/www.onetimenexttime.sk\/arduino\/index.php\/produkt\/433mhz-rf-spring-antenna-remote-wifi-for-network-accessories\/#breadcrumb"},"inLanguage":"sk-SK","potentialAction":[{"@type":"ReadAction","target":["https:\/\/www.onetimenexttime.sk\/arduino\/index.php\/produkt\/433mhz-rf-spring-antenna-remote-wifi-for-network-accessories\/"]}]},{"@type":"ImageObject","inLanguage":"sk-SK","@id":"https:\/\/www.onetimenexttime.sk\/arduino\/index.php\/produkt\/433mhz-rf-spring-antenna-remote-wifi-for-network-accessories\/#primaryimage","url":"https:\/\/www.onetimenexttime.sk\/arduino\/wp-content\/uploads\/2021\/10\/ant.jpg","contentUrl":"https:\/\/www.onetimenexttime.sk\/arduino\/wp-content\/uploads\/2021\/10\/ant.jpg","width":511,"height":512},{"@type":"BreadcrumbList","@id":"https:\/\/www.onetimenexttime.sk\/arduino\/index.php\/produkt\/433mhz-rf-spring-antenna-remote-wifi-for-network-accessories\/#breadcrumb","itemListElement":[{"@type":"ListItem","position":1,"name":"Domov","item":"https:\/\/www.onetimenexttime.sk\/arduino\/"},{"@type":"ListItem","position":2,"name":"Obchod","item":"https:\/\/www.onetimenexttime.sk\/arduino\/"},{"@type":"ListItem","position":3,"name":"433MHz RF Spring Antenna Remote WIFI for Network Accessories"}]},{"@type":"WebSite","@id":"https:\/\/www.onetimenexttime.sk\/arduino\/#website","url":"https:\/\/www.onetimenexttime.sk\/arduino\/","name":"Arduino e-shop","description":"Home Assistant","potentialAction":[{"@type":"SearchAction","target":{"@type":"EntryPoint","urlTemplate":"https:\/\/www.onetimenexttime.sk\/arduino\/?s={search_term_string}"},"query-input":{"@type":"PropertyValueSpecification","valueRequired":true,"valueName":"search_term_string"}}],"inLanguage":"sk-SK"}]}},"_links":{"self":[{"href":"https:\/\/www.onetimenexttime.sk\/arduino\/index.php\/wp-json\/wp\/v2\/product\/661"}],"collection":[{"href":"https:\/\/www.onetimenexttime.sk\/arduino\/index.php\/wp-json\/wp\/v2\/product"}],"about":[{"href":"https:\/\/www.onetimenexttime.sk\/arduino\/index.php\/wp-json\/wp\/v2\/types\/product"}],"wp:featuredmedia":[{"embeddable":true,"href":"https:\/\/www.onetimenexttime.sk\/arduino\/index.php\/wp-json\/wp\/v2\/media\/662"}],"wp:attachment":[{"href":"https:\/\/www.onetimenexttime.sk\/arduino\/index.php\/wp-json\/wp\/v2\/media?parent=661"}],"wp:term":[{"taxonomy":"product_cat","embeddable":true,"href":"https:\/\/www.onetimenexttime.sk\/arduino\/index.php\/wp-json\/wp\/v2\/product_cat?post=661"},{"taxonomy":"product_tag","embeddable":true,"href":"https:\/\/www.onetimenexttime.sk\/arduino\/index.php\/wp-json\/wp\/v2\/product_tag?post=661"}],"curies":[{"name":"wp","href":"https:\/\/api.w.org\/{rel}","templated":true}]}}