{"id":648,"date":"2021-10-30T11:47:40","date_gmt":"2021-10-30T09:47:40","guid":{"rendered":"https:\/\/www.onetimenexttime.sk\/arduino\/?post_type=product&#038;p=648"},"modified":"2021-10-30T11:53:18","modified_gmt":"2021-10-30T09:53:18","slug":"mosunx-factory-price-new-long-range-3km-high-power-5800mw-58dbi","status":"publish","type":"product","link":"https:\/\/www.onetimenexttime.sk\/arduino\/index.php\/produkt\/mosunx-factory-price-new-long-range-3km-high-power-5800mw-58dbi\/","title":{"rendered":"Mosunx Factory Price New Long Range (3KM) High Power (5800MW) 58DBI"},"content":{"rendered":"<h2>Mosunx Simplestone<\/h2>\n<h2>Nov\u00fd dlh\u00fd dosah (3 km) Vysok\u00fd v\u00fdkon (5800 MW) 58DBI USB Clipper Bezdr\u00f4tov\u00fd Wifi adapt\u00e9r Ant\u00e9na 0204<\/h2>\n<p>&nbsp;<\/p>\n<p>Nov\u00e1 ant\u00e9na s dlh\u00fdm dosahom (3 km) s vysok\u00fdm v\u00fdkonom (5 800 MW) 58 DBI USB Clipper s bezdr\u00f4tov\u00fdm adapt\u00e9rom Wifi<\/p>\n<p>&nbsp;<\/p>\n<p><strong>Popis:<\/strong><\/p>\n<p>Bezdr\u00f4tov\u00fd adapt\u00e9r Wifi vyu\u017e\u00edva technol\u00f3giu pokrytia vzdialenosti, so vstavanou ant\u00e9nou s vysok\u00fdm ziskom \u013eahko zv\u00fd\u0161i va\u0161u vzdialenos\u0165 a v\u00fdkon. Plne podporuje funkcie a funk\u010dn\u00fa zhodu IEEE 802.11b\/g. Sta\u010d\u00ed ho zapoji\u0165 do USB portu po\u010d\u00edta\u010da a vychutna\u0165 si neuverite\u013en\u00fd vysokor\u00fdchlostn\u00fd pr\u00edstup k bezdr\u00f4tovej sieti<\/p>\n<p>&nbsp;<\/p>\n<p>58dBi smerov\u00e1 ant\u00e9na s vysok\u00fdm ziskom, vysok\u00e1 citlivos\u0165 a dlh\u00fd dosah<\/p>\n<p>Dosah cez 500-800 m (vn\u00fatri) \/ 3 km (vonku) s pripojen\u00edm<\/p>\n<p>\u010cipov\u00e1 s\u00faprava Ralink 3070<\/p>\n<p>Normy: IEEE 802.11 B\/G<\/p>\n<p>D\u00e1tov\u00e1 r\u00fdchlos\u0165: 802.11b: 11Mbps 802.g:54Mbps<\/p>\n<p>Typ modul\u00e1cie \u00fadajov:<\/p>\n<p>IEEE 802.11b: (DSSS), 5,5\/11 Mbps (CCK), 2 Mbps (DQPSK), 1 Mbps (CCK)<\/p>\n<p>IEEE 802.11g: (OFDM), 48\/54 Mbps (64-QAM) 24\/36 Mbps (16-QAM), 12\/18 Mbps (QPSK), 6\/9 Mbps (BPSK)<\/p>\n<p><strong>Ant\u00e9na: Extern\u00e1 ant\u00e9na<\/strong><\/p>\n<p>Hostite\u013esk\u00e9 rozhranie: Mini USB<\/p>\n<p>V\u00fdstupn\u00fd v\u00fdkon: 23 dBm (OFDM), 30 dBm (CCK)<\/p>\n<p>Frekven\u010dn\u00fd rozsah: 2,4 GHz (p\u00e1smo ISM)<\/p>\n<p>Softv\u00e9r: Zabezpe\u010denie: 64\/128-bitov\u00e9 \u0161ifrovanie WEP, WPA, WPA2<\/p>\n<p>Ovl\u00e1da\u010d: Windows XP\/2000\/Vista, Linux, Mac\/Window 7<\/p>\n<p>Prev\u00e1dzkov\u00e9 nap\u00e4tie: DC 5V\u00b15%<\/p>\n<p>Podpora Soft AP, BT3, BT4, PSP X-Link, 8187L<\/p>\n<p>Rozmery ant\u00e9ny: pribli\u017ene 24*\u03a64,7 cm<\/p>\n<p>Jednoduch\u00e9 a pohodln\u00e9 pou\u017eitie<\/p>\n<p><strong>Balenie obsahuje:<\/strong><\/p>\n<p>1 x bezdr\u00f4tov\u00fd USB adapt\u00e9r (bez maloobchodn\u00e9ho balenia)<\/p>\n<p>1x vysokov\u00fdkonn\u00e1 ant\u00e9na<\/p>\n<p>&nbsp;<\/p>\n","protected":false},"excerpt":{"rendered":"<p>Mosunx Simplestone Nov\u00fd dlh\u00fd dosah (3 km) Vysok\u00fd v\u00fdkon (5800 MW) 58DBI USB Clipper Bezdr\u00f4tov\u00fd Wifi adapt\u00e9r Ant\u00e9na 0204 &nbsp;&hellip;<\/p>\n","protected":false},"featured_media":649,"template":"","meta":{"_monsterinsights_skip_tracking":false,"_monsterinsights_sitenote_active":false,"_monsterinsights_sitenote_note":"","_monsterinsights_sitenote_category":0},"product_cat":[15,35,16,33,29],"product_tag":[],"class_list":{"0":"post-648","1":"product","2":"type-product","3":"status-publish","4":"has-post-thumbnail","6":"product_cat-nd","7":"product_cat-antena","8":"product_cat-ard","9":"product_cat-wifi","10":"product_cat-wireless-transmission","12":"first","13":"instock","14":"sale","15":"shipping-taxable","16":"purchasable","17":"product-type-simple"},"yoast_head":"<!-- This site is optimized with the Yoast SEO plugin v23.6 - https:\/\/yoast.com\/wordpress\/plugins\/seo\/ -->\n<title>Mosunx Factory Price New Long Range (3KM) High Power (5800MW) 58DBI - Arduino e-shop<\/title>\n<meta name=\"robots\" content=\"index, follow, max-snippet:-1, max-image-preview:large, max-video-preview:-1\" \/>\n<link rel=\"canonical\" href=\"https:\/\/www.onetimenexttime.sk\/arduino\/index.php\/produkt\/mosunx-factory-price-new-long-range-3km-high-power-5800mw-58dbi\/\" \/>\n<meta property=\"og:locale\" content=\"sk_SK\" \/>\n<meta property=\"og:type\" content=\"article\" \/>\n<meta property=\"og:title\" content=\"Mosunx Factory Price New Long Range (3KM) High Power (5800MW) 58DBI - Arduino e-shop\" \/>\n<meta property=\"og:description\" content=\"Mosunx Simplestone Nov\u00fd dlh\u00fd dosah (3 km) Vysok\u00fd v\u00fdkon (5800 MW) 58DBI USB Clipper Bezdr\u00f4tov\u00fd Wifi adapt\u00e9r Ant\u00e9na 0204 &nbsp;&hellip;\" \/>\n<meta property=\"og:url\" content=\"https:\/\/www.onetimenexttime.sk\/arduino\/index.php\/produkt\/mosunx-factory-price-new-long-range-3km-high-power-5800mw-58dbi\/\" \/>\n<meta property=\"og:site_name\" content=\"Arduino e-shop\" \/>\n<meta property=\"article:modified_time\" content=\"2021-10-30T09:53:18+00:00\" \/>\n<meta property=\"og:image\" content=\"https:\/\/www.onetimenexttime.sk\/arduino\/wp-content\/uploads\/2021\/10\/171.jpg\" \/>\n\t<meta property=\"og:image:width\" content=\"511\" \/>\n\t<meta property=\"og:image:height\" content=\"512\" \/>\n\t<meta property=\"og:image:type\" content=\"image\/jpeg\" \/>\n<meta name=\"twitter:card\" content=\"summary_large_image\" \/>\n<meta name=\"twitter:label1\" content=\"Predpokladan\u00fd \u010das \u010d\u00edtania\" \/>\n\t<meta name=\"twitter:data1\" content=\"1 min\u00fata\" \/>\n<script type=\"application\/ld+json\" class=\"yoast-schema-graph\">{\"@context\":\"https:\/\/schema.org\",\"@graph\":[{\"@type\":\"WebPage\",\"@id\":\"https:\/\/www.onetimenexttime.sk\/arduino\/index.php\/produkt\/mosunx-factory-price-new-long-range-3km-high-power-5800mw-58dbi\/\",\"url\":\"https:\/\/www.onetimenexttime.sk\/arduino\/index.php\/produkt\/mosunx-factory-price-new-long-range-3km-high-power-5800mw-58dbi\/\",\"name\":\"Mosunx Factory Price New Long Range (3KM) High Power (5800MW) 58DBI - Arduino e-shop\",\"isPartOf\":{\"@id\":\"https:\/\/www.onetimenexttime.sk\/arduino\/#website\"},\"primaryImageOfPage\":{\"@id\":\"https:\/\/www.onetimenexttime.sk\/arduino\/index.php\/produkt\/mosunx-factory-price-new-long-range-3km-high-power-5800mw-58dbi\/#primaryimage\"},\"image\":{\"@id\":\"https:\/\/www.onetimenexttime.sk\/arduino\/index.php\/produkt\/mosunx-factory-price-new-long-range-3km-high-power-5800mw-58dbi\/#primaryimage\"},\"thumbnailUrl\":\"https:\/\/www.onetimenexttime.sk\/arduino\/wp-content\/uploads\/2021\/10\/171.jpg\",\"datePublished\":\"2021-10-30T09:47:40+00:00\",\"dateModified\":\"2021-10-30T09:53:18+00:00\",\"breadcrumb\":{\"@id\":\"https:\/\/www.onetimenexttime.sk\/arduino\/index.php\/produkt\/mosunx-factory-price-new-long-range-3km-high-power-5800mw-58dbi\/#breadcrumb\"},\"inLanguage\":\"sk-SK\",\"potentialAction\":[{\"@type\":\"ReadAction\",\"target\":[\"https:\/\/www.onetimenexttime.sk\/arduino\/index.php\/produkt\/mosunx-factory-price-new-long-range-3km-high-power-5800mw-58dbi\/\"]}]},{\"@type\":\"ImageObject\",\"inLanguage\":\"sk-SK\",\"@id\":\"https:\/\/www.onetimenexttime.sk\/arduino\/index.php\/produkt\/mosunx-factory-price-new-long-range-3km-high-power-5800mw-58dbi\/#primaryimage\",\"url\":\"https:\/\/www.onetimenexttime.sk\/arduino\/wp-content\/uploads\/2021\/10\/171.jpg\",\"contentUrl\":\"https:\/\/www.onetimenexttime.sk\/arduino\/wp-content\/uploads\/2021\/10\/171.jpg\",\"width\":511,\"height\":512},{\"@type\":\"BreadcrumbList\",\"@id\":\"https:\/\/www.onetimenexttime.sk\/arduino\/index.php\/produkt\/mosunx-factory-price-new-long-range-3km-high-power-5800mw-58dbi\/#breadcrumb\",\"itemListElement\":[{\"@type\":\"ListItem\",\"position\":1,\"name\":\"Domov\",\"item\":\"https:\/\/www.onetimenexttime.sk\/arduino\/\"},{\"@type\":\"ListItem\",\"position\":2,\"name\":\"Obchod\",\"item\":\"https:\/\/www.onetimenexttime.sk\/arduino\/\"},{\"@type\":\"ListItem\",\"position\":3,\"name\":\"Mosunx Factory Price New Long Range (3KM) High Power (5800MW) 58DBI\"}]},{\"@type\":\"WebSite\",\"@id\":\"https:\/\/www.onetimenexttime.sk\/arduino\/#website\",\"url\":\"https:\/\/www.onetimenexttime.sk\/arduino\/\",\"name\":\"Arduino e-shop\",\"description\":\"Home Assistant\",\"potentialAction\":[{\"@type\":\"SearchAction\",\"target\":{\"@type\":\"EntryPoint\",\"urlTemplate\":\"https:\/\/www.onetimenexttime.sk\/arduino\/?s={search_term_string}\"},\"query-input\":{\"@type\":\"PropertyValueSpecification\",\"valueRequired\":true,\"valueName\":\"search_term_string\"}}],\"inLanguage\":\"sk-SK\"}]}<\/script>\n<!-- \/ Yoast SEO plugin. -->","yoast_head_json":{"title":"Mosunx Factory Price New Long Range (3KM) High Power (5800MW) 58DBI - Arduino e-shop","robots":{"index":"index","follow":"follow","max-snippet":"max-snippet:-1","max-image-preview":"max-image-preview:large","max-video-preview":"max-video-preview:-1"},"canonical":"https:\/\/www.onetimenexttime.sk\/arduino\/index.php\/produkt\/mosunx-factory-price-new-long-range-3km-high-power-5800mw-58dbi\/","og_locale":"sk_SK","og_type":"article","og_title":"Mosunx Factory Price New Long Range (3KM) High Power (5800MW) 58DBI - Arduino e-shop","og_description":"Mosunx Simplestone Nov\u00fd dlh\u00fd dosah (3 km) Vysok\u00fd v\u00fdkon (5800 MW) 58DBI USB Clipper Bezdr\u00f4tov\u00fd Wifi adapt\u00e9r Ant\u00e9na 0204 &nbsp;&hellip;","og_url":"https:\/\/www.onetimenexttime.sk\/arduino\/index.php\/produkt\/mosunx-factory-price-new-long-range-3km-high-power-5800mw-58dbi\/","og_site_name":"Arduino e-shop","article_modified_time":"2021-10-30T09:53:18+00:00","og_image":[{"width":511,"height":512,"url":"https:\/\/www.onetimenexttime.sk\/arduino\/wp-content\/uploads\/2021\/10\/171.jpg","type":"image\/jpeg"}],"twitter_card":"summary_large_image","twitter_misc":{"Predpokladan\u00fd \u010das \u010d\u00edtania":"1 min\u00fata"},"schema":{"@context":"https:\/\/schema.org","@graph":[{"@type":"WebPage","@id":"https:\/\/www.onetimenexttime.sk\/arduino\/index.php\/produkt\/mosunx-factory-price-new-long-range-3km-high-power-5800mw-58dbi\/","url":"https:\/\/www.onetimenexttime.sk\/arduino\/index.php\/produkt\/mosunx-factory-price-new-long-range-3km-high-power-5800mw-58dbi\/","name":"Mosunx Factory Price New Long Range (3KM) High Power (5800MW) 58DBI - Arduino e-shop","isPartOf":{"@id":"https:\/\/www.onetimenexttime.sk\/arduino\/#website"},"primaryImageOfPage":{"@id":"https:\/\/www.onetimenexttime.sk\/arduino\/index.php\/produkt\/mosunx-factory-price-new-long-range-3km-high-power-5800mw-58dbi\/#primaryimage"},"image":{"@id":"https:\/\/www.onetimenexttime.sk\/arduino\/index.php\/produkt\/mosunx-factory-price-new-long-range-3km-high-power-5800mw-58dbi\/#primaryimage"},"thumbnailUrl":"https:\/\/www.onetimenexttime.sk\/arduino\/wp-content\/uploads\/2021\/10\/171.jpg","datePublished":"2021-10-30T09:47:40+00:00","dateModified":"2021-10-30T09:53:18+00:00","breadcrumb":{"@id":"https:\/\/www.onetimenexttime.sk\/arduino\/index.php\/produkt\/mosunx-factory-price-new-long-range-3km-high-power-5800mw-58dbi\/#breadcrumb"},"inLanguage":"sk-SK","potentialAction":[{"@type":"ReadAction","target":["https:\/\/www.onetimenexttime.sk\/arduino\/index.php\/produkt\/mosunx-factory-price-new-long-range-3km-high-power-5800mw-58dbi\/"]}]},{"@type":"ImageObject","inLanguage":"sk-SK","@id":"https:\/\/www.onetimenexttime.sk\/arduino\/index.php\/produkt\/mosunx-factory-price-new-long-range-3km-high-power-5800mw-58dbi\/#primaryimage","url":"https:\/\/www.onetimenexttime.sk\/arduino\/wp-content\/uploads\/2021\/10\/171.jpg","contentUrl":"https:\/\/www.onetimenexttime.sk\/arduino\/wp-content\/uploads\/2021\/10\/171.jpg","width":511,"height":512},{"@type":"BreadcrumbList","@id":"https:\/\/www.onetimenexttime.sk\/arduino\/index.php\/produkt\/mosunx-factory-price-new-long-range-3km-high-power-5800mw-58dbi\/#breadcrumb","itemListElement":[{"@type":"ListItem","position":1,"name":"Domov","item":"https:\/\/www.onetimenexttime.sk\/arduino\/"},{"@type":"ListItem","position":2,"name":"Obchod","item":"https:\/\/www.onetimenexttime.sk\/arduino\/"},{"@type":"ListItem","position":3,"name":"Mosunx Factory Price New Long Range (3KM) High Power (5800MW) 58DBI"}]},{"@type":"WebSite","@id":"https:\/\/www.onetimenexttime.sk\/arduino\/#website","url":"https:\/\/www.onetimenexttime.sk\/arduino\/","name":"Arduino e-shop","description":"Home Assistant","potentialAction":[{"@type":"SearchAction","target":{"@type":"EntryPoint","urlTemplate":"https:\/\/www.onetimenexttime.sk\/arduino\/?s={search_term_string}"},"query-input":{"@type":"PropertyValueSpecification","valueRequired":true,"valueName":"search_term_string"}}],"inLanguage":"sk-SK"}]}},"_links":{"self":[{"href":"https:\/\/www.onetimenexttime.sk\/arduino\/index.php\/wp-json\/wp\/v2\/product\/648"}],"collection":[{"href":"https:\/\/www.onetimenexttime.sk\/arduino\/index.php\/wp-json\/wp\/v2\/product"}],"about":[{"href":"https:\/\/www.onetimenexttime.sk\/arduino\/index.php\/wp-json\/wp\/v2\/types\/product"}],"wp:featuredmedia":[{"embeddable":true,"href":"https:\/\/www.onetimenexttime.sk\/arduino\/index.php\/wp-json\/wp\/v2\/media\/649"}],"wp:attachment":[{"href":"https:\/\/www.onetimenexttime.sk\/arduino\/index.php\/wp-json\/wp\/v2\/media?parent=648"}],"wp:term":[{"taxonomy":"product_cat","embeddable":true,"href":"https:\/\/www.onetimenexttime.sk\/arduino\/index.php\/wp-json\/wp\/v2\/product_cat?post=648"},{"taxonomy":"product_tag","embeddable":true,"href":"https:\/\/www.onetimenexttime.sk\/arduino\/index.php\/wp-json\/wp\/v2\/product_tag?post=648"}],"curies":[{"name":"wp","href":"https:\/\/api.w.org\/{rel}","templated":true}]}}