{"id":597,"date":"2021-10-29T13:18:05","date_gmt":"2021-10-29T11:18:05","guid":{"rendered":"https:\/\/www.onetimenexttime.sk\/arduino\/?post_type=product&#038;p=597"},"modified":"2021-10-29T13:21:08","modified_gmt":"2021-10-29T11:21:08","slug":"433mhz-superheterodyne-3400-rf-transmitter-receiver-link-kit-for-arduino-arm-mcu-excellent-quality","status":"publish","type":"product","link":"https:\/\/www.onetimenexttime.sk\/arduino\/index.php\/produkt\/433mhz-superheterodyne-3400-rf-transmitter-receiver-link-kit-for-arduino-arm-mcu-excellent-quality\/","title":{"rendered":"433Mhz Superheterodyne 3400 RF Transmitter &#038; Receiver Link Kit For Arduino ARM MCU Excellent Quality"},"content":{"rendered":"<h2>S\u00faprava 433 MHz Superheterodyn 3400 RF vysiela\u010da a prij\u00edma\u010da pre Arduino ARM MCU Vynikaj\u00faca kvalita<\/h2>\n<p><strong>Vlastnosti:<\/strong><br \/>\nS\u00faprava sa sklad\u00e1 z vysiela\u010da a prij\u00edma\u010da, ktor\u00e9 sa be\u017ene pou\u017e\u00edvaj\u00fa na dia\u013ekov\u00e9 ovl\u00e1danie<\/p>\n<p><strong>Technick\u00e9 \u0161pecifik\u00e1cie TX:<\/strong><br \/>\nPracovn\u00e9 nap\u00e4tie: 3V-12V<br \/>\nPracovn\u00fd pr\u00fad: Max\u226440mA (12V), min\u22649mA (3V)<br \/>\nPracovn\u00e1 frekvencia: 315MHz-433,92MHz<br \/>\nChyba frekvencie: + 150 kHz (max.)<br \/>\nR\u00fdchlos\u0165: \u2264 10 kbps<br \/>\nRe\u017eim modul\u00e1cie: OOK \/ ASK<\/p>\n<p><strong>Technick\u00e9 \u0161pecifik\u00e1cie RX:<\/strong><br \/>\nV\u00fdstupn\u00fd sign\u00e1l: Cel\u00fd prenos sign\u00e1lu TTL elektrickej hladiny<br \/>\nPracovn\u00e9 nap\u00e4tie: 5,0VDC + 0,5V<br \/>\nPracovn\u00fd pr\u00fad: \u2264 2,5 mA (5,0 V DC)<br \/>\nPracovn\u00fd princ\u00edp: superheterodyn<br \/>\n\u0160\u00edrka p\u00e1sma: 2 MHz (315 MHz, v\u00fdsledok testovania pri zn\u00ed\u017eenej citlivosti 3dBm)<br \/>\nCitlivos\u0165: excel -105dBm (50\u03a9)<\/p>\n<p>&nbsp;<\/p>\n","protected":false},"excerpt":{"rendered":"<p>S\u00faprava 433 MHz Superheterodyn 3400 RF vysiela\u010da a prij\u00edma\u010da pre Arduino ARM MCU Vynikaj\u00faca kvalita Vlastnosti: S\u00faprava sa sklad\u00e1 z&hellip;<\/p>\n","protected":false},"featured_media":598,"template":"","meta":{"_monsterinsights_skip_tracking":false,"_monsterinsights_sitenote_active":false,"_monsterinsights_sitenote_note":"","_monsterinsights_sitenote_category":0},"product_cat":[16,34,29],"product_tag":[],"class_list":{"0":"post-597","1":"product","2":"type-product","3":"status-publish","4":"has-post-thumbnail","6":"product_cat-ard","7":"product_cat-rf","8":"product_cat-wireless-transmission","10":"first","11":"instock","12":"sale","13":"shipping-taxable","14":"purchasable","15":"product-type-simple"},"yoast_head":"<!-- This site is optimized with the Yoast SEO plugin v23.6 - https:\/\/yoast.com\/wordpress\/plugins\/seo\/ -->\n<title>433Mhz Superheterodyne 3400 RF Transmitter &amp; Receiver Link Kit For Arduino ARM MCU Excellent Quality - Arduino e-shop<\/title>\n<meta name=\"robots\" content=\"index, follow, max-snippet:-1, max-image-preview:large, max-video-preview:-1\" \/>\n<link rel=\"canonical\" href=\"https:\/\/www.onetimenexttime.sk\/arduino\/index.php\/produkt\/433mhz-superheterodyne-3400-rf-transmitter-receiver-link-kit-for-arduino-arm-mcu-excellent-quality\/\" \/>\n<meta property=\"og:locale\" content=\"sk_SK\" \/>\n<meta property=\"og:type\" content=\"article\" \/>\n<meta property=\"og:title\" content=\"433Mhz Superheterodyne 3400 RF Transmitter &amp; Receiver Link Kit For Arduino ARM MCU Excellent Quality - Arduino e-shop\" \/>\n<meta property=\"og:description\" content=\"S\u00faprava 433 MHz Superheterodyn 3400 RF vysiela\u010da a prij\u00edma\u010da pre Arduino ARM MCU Vynikaj\u00faca kvalita Vlastnosti: S\u00faprava sa sklad\u00e1 z&hellip;\" \/>\n<meta property=\"og:url\" content=\"https:\/\/www.onetimenexttime.sk\/arduino\/index.php\/produkt\/433mhz-superheterodyne-3400-rf-transmitter-receiver-link-kit-for-arduino-arm-mcu-excellent-quality\/\" \/>\n<meta property=\"og:site_name\" content=\"Arduino e-shop\" \/>\n<meta property=\"article:modified_time\" content=\"2021-10-29T11:21:08+00:00\" \/>\n<meta property=\"og:image\" content=\"https:\/\/www.onetimenexttime.sk\/arduino\/wp-content\/uploads\/2021\/10\/164.jpg\" \/>\n\t<meta property=\"og:image:width\" content=\"502\" \/>\n\t<meta property=\"og:image:height\" content=\"504\" \/>\n\t<meta property=\"og:image:type\" content=\"image\/jpeg\" \/>\n<meta name=\"twitter:card\" content=\"summary_large_image\" \/>\n<meta name=\"twitter:label1\" content=\"Predpokladan\u00fd \u010das \u010d\u00edtania\" \/>\n\t<meta name=\"twitter:data1\" content=\"1 min\u00fata\" \/>\n<script type=\"application\/ld+json\" class=\"yoast-schema-graph\">{\"@context\":\"https:\/\/schema.org\",\"@graph\":[{\"@type\":\"WebPage\",\"@id\":\"https:\/\/www.onetimenexttime.sk\/arduino\/index.php\/produkt\/433mhz-superheterodyne-3400-rf-transmitter-receiver-link-kit-for-arduino-arm-mcu-excellent-quality\/\",\"url\":\"https:\/\/www.onetimenexttime.sk\/arduino\/index.php\/produkt\/433mhz-superheterodyne-3400-rf-transmitter-receiver-link-kit-for-arduino-arm-mcu-excellent-quality\/\",\"name\":\"433Mhz Superheterodyne 3400 RF Transmitter & Receiver Link Kit For Arduino ARM MCU Excellent Quality - Arduino e-shop\",\"isPartOf\":{\"@id\":\"https:\/\/www.onetimenexttime.sk\/arduino\/#website\"},\"primaryImageOfPage\":{\"@id\":\"https:\/\/www.onetimenexttime.sk\/arduino\/index.php\/produkt\/433mhz-superheterodyne-3400-rf-transmitter-receiver-link-kit-for-arduino-arm-mcu-excellent-quality\/#primaryimage\"},\"image\":{\"@id\":\"https:\/\/www.onetimenexttime.sk\/arduino\/index.php\/produkt\/433mhz-superheterodyne-3400-rf-transmitter-receiver-link-kit-for-arduino-arm-mcu-excellent-quality\/#primaryimage\"},\"thumbnailUrl\":\"https:\/\/www.onetimenexttime.sk\/arduino\/wp-content\/uploads\/2021\/10\/164.jpg\",\"datePublished\":\"2021-10-29T11:18:05+00:00\",\"dateModified\":\"2021-10-29T11:21:08+00:00\",\"breadcrumb\":{\"@id\":\"https:\/\/www.onetimenexttime.sk\/arduino\/index.php\/produkt\/433mhz-superheterodyne-3400-rf-transmitter-receiver-link-kit-for-arduino-arm-mcu-excellent-quality\/#breadcrumb\"},\"inLanguage\":\"sk-SK\",\"potentialAction\":[{\"@type\":\"ReadAction\",\"target\":[\"https:\/\/www.onetimenexttime.sk\/arduino\/index.php\/produkt\/433mhz-superheterodyne-3400-rf-transmitter-receiver-link-kit-for-arduino-arm-mcu-excellent-quality\/\"]}]},{\"@type\":\"ImageObject\",\"inLanguage\":\"sk-SK\",\"@id\":\"https:\/\/www.onetimenexttime.sk\/arduino\/index.php\/produkt\/433mhz-superheterodyne-3400-rf-transmitter-receiver-link-kit-for-arduino-arm-mcu-excellent-quality\/#primaryimage\",\"url\":\"https:\/\/www.onetimenexttime.sk\/arduino\/wp-content\/uploads\/2021\/10\/164.jpg\",\"contentUrl\":\"https:\/\/www.onetimenexttime.sk\/arduino\/wp-content\/uploads\/2021\/10\/164.jpg\",\"width\":502,\"height\":504},{\"@type\":\"BreadcrumbList\",\"@id\":\"https:\/\/www.onetimenexttime.sk\/arduino\/index.php\/produkt\/433mhz-superheterodyne-3400-rf-transmitter-receiver-link-kit-for-arduino-arm-mcu-excellent-quality\/#breadcrumb\",\"itemListElement\":[{\"@type\":\"ListItem\",\"position\":1,\"name\":\"Domov\",\"item\":\"https:\/\/www.onetimenexttime.sk\/arduino\/\"},{\"@type\":\"ListItem\",\"position\":2,\"name\":\"Obchod\",\"item\":\"https:\/\/www.onetimenexttime.sk\/arduino\/\"},{\"@type\":\"ListItem\",\"position\":3,\"name\":\"433Mhz Superheterodyne 3400 RF Transmitter &#038; Receiver Link Kit For Arduino ARM MCU Excellent Quality\"}]},{\"@type\":\"WebSite\",\"@id\":\"https:\/\/www.onetimenexttime.sk\/arduino\/#website\",\"url\":\"https:\/\/www.onetimenexttime.sk\/arduino\/\",\"name\":\"Arduino e-shop\",\"description\":\"Home Assistant\",\"potentialAction\":[{\"@type\":\"SearchAction\",\"target\":{\"@type\":\"EntryPoint\",\"urlTemplate\":\"https:\/\/www.onetimenexttime.sk\/arduino\/?s={search_term_string}\"},\"query-input\":{\"@type\":\"PropertyValueSpecification\",\"valueRequired\":true,\"valueName\":\"search_term_string\"}}],\"inLanguage\":\"sk-SK\"}]}<\/script>\n<!-- \/ Yoast SEO plugin. -->","yoast_head_json":{"title":"433Mhz Superheterodyne 3400 RF Transmitter & Receiver Link Kit For Arduino ARM MCU Excellent Quality - Arduino e-shop","robots":{"index":"index","follow":"follow","max-snippet":"max-snippet:-1","max-image-preview":"max-image-preview:large","max-video-preview":"max-video-preview:-1"},"canonical":"https:\/\/www.onetimenexttime.sk\/arduino\/index.php\/produkt\/433mhz-superheterodyne-3400-rf-transmitter-receiver-link-kit-for-arduino-arm-mcu-excellent-quality\/","og_locale":"sk_SK","og_type":"article","og_title":"433Mhz Superheterodyne 3400 RF Transmitter & Receiver Link Kit For Arduino ARM MCU Excellent Quality - Arduino e-shop","og_description":"S\u00faprava 433 MHz Superheterodyn 3400 RF vysiela\u010da a prij\u00edma\u010da pre Arduino ARM MCU Vynikaj\u00faca kvalita Vlastnosti: S\u00faprava sa sklad\u00e1 z&hellip;","og_url":"https:\/\/www.onetimenexttime.sk\/arduino\/index.php\/produkt\/433mhz-superheterodyne-3400-rf-transmitter-receiver-link-kit-for-arduino-arm-mcu-excellent-quality\/","og_site_name":"Arduino e-shop","article_modified_time":"2021-10-29T11:21:08+00:00","og_image":[{"width":502,"height":504,"url":"https:\/\/www.onetimenexttime.sk\/arduino\/wp-content\/uploads\/2021\/10\/164.jpg","type":"image\/jpeg"}],"twitter_card":"summary_large_image","twitter_misc":{"Predpokladan\u00fd \u010das \u010d\u00edtania":"1 min\u00fata"},"schema":{"@context":"https:\/\/schema.org","@graph":[{"@type":"WebPage","@id":"https:\/\/www.onetimenexttime.sk\/arduino\/index.php\/produkt\/433mhz-superheterodyne-3400-rf-transmitter-receiver-link-kit-for-arduino-arm-mcu-excellent-quality\/","url":"https:\/\/www.onetimenexttime.sk\/arduino\/index.php\/produkt\/433mhz-superheterodyne-3400-rf-transmitter-receiver-link-kit-for-arduino-arm-mcu-excellent-quality\/","name":"433Mhz Superheterodyne 3400 RF Transmitter & Receiver Link Kit For Arduino ARM MCU Excellent Quality - Arduino e-shop","isPartOf":{"@id":"https:\/\/www.onetimenexttime.sk\/arduino\/#website"},"primaryImageOfPage":{"@id":"https:\/\/www.onetimenexttime.sk\/arduino\/index.php\/produkt\/433mhz-superheterodyne-3400-rf-transmitter-receiver-link-kit-for-arduino-arm-mcu-excellent-quality\/#primaryimage"},"image":{"@id":"https:\/\/www.onetimenexttime.sk\/arduino\/index.php\/produkt\/433mhz-superheterodyne-3400-rf-transmitter-receiver-link-kit-for-arduino-arm-mcu-excellent-quality\/#primaryimage"},"thumbnailUrl":"https:\/\/www.onetimenexttime.sk\/arduino\/wp-content\/uploads\/2021\/10\/164.jpg","datePublished":"2021-10-29T11:18:05+00:00","dateModified":"2021-10-29T11:21:08+00:00","breadcrumb":{"@id":"https:\/\/www.onetimenexttime.sk\/arduino\/index.php\/produkt\/433mhz-superheterodyne-3400-rf-transmitter-receiver-link-kit-for-arduino-arm-mcu-excellent-quality\/#breadcrumb"},"inLanguage":"sk-SK","potentialAction":[{"@type":"ReadAction","target":["https:\/\/www.onetimenexttime.sk\/arduino\/index.php\/produkt\/433mhz-superheterodyne-3400-rf-transmitter-receiver-link-kit-for-arduino-arm-mcu-excellent-quality\/"]}]},{"@type":"ImageObject","inLanguage":"sk-SK","@id":"https:\/\/www.onetimenexttime.sk\/arduino\/index.php\/produkt\/433mhz-superheterodyne-3400-rf-transmitter-receiver-link-kit-for-arduino-arm-mcu-excellent-quality\/#primaryimage","url":"https:\/\/www.onetimenexttime.sk\/arduino\/wp-content\/uploads\/2021\/10\/164.jpg","contentUrl":"https:\/\/www.onetimenexttime.sk\/arduino\/wp-content\/uploads\/2021\/10\/164.jpg","width":502,"height":504},{"@type":"BreadcrumbList","@id":"https:\/\/www.onetimenexttime.sk\/arduino\/index.php\/produkt\/433mhz-superheterodyne-3400-rf-transmitter-receiver-link-kit-for-arduino-arm-mcu-excellent-quality\/#breadcrumb","itemListElement":[{"@type":"ListItem","position":1,"name":"Domov","item":"https:\/\/www.onetimenexttime.sk\/arduino\/"},{"@type":"ListItem","position":2,"name":"Obchod","item":"https:\/\/www.onetimenexttime.sk\/arduino\/"},{"@type":"ListItem","position":3,"name":"433Mhz Superheterodyne 3400 RF Transmitter &#038; Receiver Link Kit For Arduino ARM MCU Excellent Quality"}]},{"@type":"WebSite","@id":"https:\/\/www.onetimenexttime.sk\/arduino\/#website","url":"https:\/\/www.onetimenexttime.sk\/arduino\/","name":"Arduino e-shop","description":"Home Assistant","potentialAction":[{"@type":"SearchAction","target":{"@type":"EntryPoint","urlTemplate":"https:\/\/www.onetimenexttime.sk\/arduino\/?s={search_term_string}"},"query-input":{"@type":"PropertyValueSpecification","valueRequired":true,"valueName":"search_term_string"}}],"inLanguage":"sk-SK"}]}},"_links":{"self":[{"href":"https:\/\/www.onetimenexttime.sk\/arduino\/index.php\/wp-json\/wp\/v2\/product\/597"}],"collection":[{"href":"https:\/\/www.onetimenexttime.sk\/arduino\/index.php\/wp-json\/wp\/v2\/product"}],"about":[{"href":"https:\/\/www.onetimenexttime.sk\/arduino\/index.php\/wp-json\/wp\/v2\/types\/product"}],"wp:featuredmedia":[{"embeddable":true,"href":"https:\/\/www.onetimenexttime.sk\/arduino\/index.php\/wp-json\/wp\/v2\/media\/598"}],"wp:attachment":[{"href":"https:\/\/www.onetimenexttime.sk\/arduino\/index.php\/wp-json\/wp\/v2\/media?parent=597"}],"wp:term":[{"taxonomy":"product_cat","embeddable":true,"href":"https:\/\/www.onetimenexttime.sk\/arduino\/index.php\/wp-json\/wp\/v2\/product_cat?post=597"},{"taxonomy":"product_tag","embeddable":true,"href":"https:\/\/www.onetimenexttime.sk\/arduino\/index.php\/wp-json\/wp\/v2\/product_tag?post=597"}],"curies":[{"name":"wp","href":"https:\/\/api.w.org\/{rel}","templated":true}]}}