{"id":560,"date":"2021-10-29T11:38:06","date_gmt":"2021-10-29T09:38:06","guid":{"rendered":"https:\/\/www.onetimenexttime.sk\/arduino\/?post_type=product&#038;p=560"},"modified":"2021-10-29T11:41:44","modified_gmt":"2021-10-29T09:41:44","slug":"433mhz-spring-antenna-433mhz-built-in-antenna-433mhz-module-antenna-copper-longer-section-gaindbi2-15db","status":"publish","type":"product","link":"https:\/\/www.onetimenexttime.sk\/arduino\/index.php\/produkt\/433mhz-spring-antenna-433mhz-built-in-antenna-433mhz-module-antenna-copper-longer-section-gaindbi2-15db\/","title":{"rendered":"433MHZ spring antenna; 433MHZ built-in antenna; 433MHZ module antenna; copper Longer section.Gain(dBi):2.15DB"},"content":{"rendered":"<h2>433MHZ pru\u017einov\u00e1 ant\u00e9na; 433MHZ vstavan\u00e1 ant\u00e9na; 433MHZ modulov\u00e1 ant\u00e9na; me\u010f Dlh\u0161\u00ed \u00fasek. Gain(dBi): 2,15DB<\/h2>\n<p>HPD433T &#8211; 215 &#8211; Pru\u017einov\u00e1 ant\u00e9na, s\u00fa \u0161peci\u00e1lne navrhnut\u00e9 pre syst\u00e9m bezdr\u00f4tov\u00e9ho prenosu d\u00e1t ant\u00e9ny, pomer stojat\u00fdch v\u013an ant\u00e9ny je mal\u00fd, mal\u00e1 ve\u013ekos\u0165, \u0161trukt\u00fara, jednoduch\u00e1 in\u0161tal\u00e1cia, stabiln\u00fd v\u00fdkon, m\u00e1 ve\u013emi dobr\u00fa schopnos\u0165 antivibr\u00e1cie a starnutia. Ant\u00e9na pred dodan\u00edm je sie\u0165ov\u00fd analyz\u00e1tor HP v syst\u00e9me bezdr\u00f4tov\u00e9ho prenosu d\u00e1t v simula\u010dnom prostred\u00ed pr\u00edsneho testu<\/p>\n<p>&nbsp;<\/p>\n<p>Technick\u00e9 ukazovatele<\/p>\n<p>Model produktu: HPD433T &#8211; 215 &#8211; A<br \/>\nPracovn\u00e1 frekvencia: 428 MHz a\u017e 438 MHz<br \/>\nPomer stojat\u00fdch v\u013an: &lt; = 1,5<br \/>\nZisk (DBI): 2,15<br \/>\nMaxim\u00e1lny v\u00fdkon: 10 W<br \/>\nVstupn\u00e1 impedancia: 50 ohmov<br \/>\nHmotnos\u0165: 1 g<br \/>\nV\u00fd\u0161ka: 17 mm (+ \/ &#8211; 1 mm)<br \/>\nFarba: zlat\u00e1<br \/>\nRozhranie: priame zv\u00e1ranie<\/p>\n","protected":false},"excerpt":{"rendered":"<p>433MHZ pru\u017einov\u00e1 ant\u00e9na; 433MHZ vstavan\u00e1 ant\u00e9na; 433MHZ modulov\u00e1 ant\u00e9na; me\u010f Dlh\u0161\u00ed \u00fasek. Gain(dBi): 2,15DB HPD433T &#8211; 215 &#8211; Pru\u017einov\u00e1 ant\u00e9na,&hellip;<\/p>\n","protected":false},"featured_media":561,"template":"","meta":{"_monsterinsights_skip_tracking":false,"_monsterinsights_sitenote_active":false,"_monsterinsights_sitenote_note":"","_monsterinsights_sitenote_category":0},"product_cat":[35,16,29],"product_tag":[],"class_list":{"0":"post-560","1":"product","2":"type-product","3":"status-publish","4":"has-post-thumbnail","6":"product_cat-antena","7":"product_cat-ard","8":"product_cat-wireless-transmission","10":"first","11":"instock","12":"shipping-taxable","13":"purchasable","14":"product-type-simple"},"yoast_head":"<!-- This site is optimized with the Yoast SEO plugin v23.6 - https:\/\/yoast.com\/wordpress\/plugins\/seo\/ -->\n<title>433MHZ spring antenna; 433MHZ built-in antenna; 433MHZ module antenna; copper Longer section.Gain(dBi):2.15DB - Arduino e-shop<\/title>\n<meta name=\"robots\" content=\"index, follow, max-snippet:-1, max-image-preview:large, max-video-preview:-1\" \/>\n<link rel=\"canonical\" href=\"https:\/\/www.onetimenexttime.sk\/arduino\/index.php\/produkt\/433mhz-spring-antenna-433mhz-built-in-antenna-433mhz-module-antenna-copper-longer-section-gaindbi2-15db\/\" \/>\n<meta property=\"og:locale\" content=\"sk_SK\" \/>\n<meta property=\"og:type\" content=\"article\" \/>\n<meta property=\"og:title\" content=\"433MHZ spring antenna; 433MHZ built-in antenna; 433MHZ module antenna; copper Longer section.Gain(dBi):2.15DB - Arduino e-shop\" \/>\n<meta property=\"og:description\" content=\"433MHZ pru\u017einov\u00e1 ant\u00e9na; 433MHZ vstavan\u00e1 ant\u00e9na; 433MHZ modulov\u00e1 ant\u00e9na; me\u010f Dlh\u0161\u00ed \u00fasek. Gain(dBi): 2,15DB HPD433T &#8211; 215 &#8211; Pru\u017einov\u00e1 ant\u00e9na,&hellip;\" \/>\n<meta property=\"og:url\" content=\"https:\/\/www.onetimenexttime.sk\/arduino\/index.php\/produkt\/433mhz-spring-antenna-433mhz-built-in-antenna-433mhz-module-antenna-copper-longer-section-gaindbi2-15db\/\" \/>\n<meta property=\"og:site_name\" content=\"Arduino e-shop\" \/>\n<meta property=\"article:modified_time\" content=\"2021-10-29T09:41:44+00:00\" \/>\n<meta property=\"og:image\" content=\"https:\/\/www.onetimenexttime.sk\/arduino\/wp-content\/uploads\/2021\/10\/148.jpg\" \/>\n\t<meta property=\"og:image:width\" content=\"502\" \/>\n\t<meta property=\"og:image:height\" content=\"504\" \/>\n\t<meta property=\"og:image:type\" content=\"image\/jpeg\" \/>\n<meta name=\"twitter:card\" content=\"summary_large_image\" \/>\n<meta name=\"twitter:label1\" content=\"Predpokladan\u00fd \u010das \u010d\u00edtania\" \/>\n\t<meta name=\"twitter:data1\" content=\"1 min\u00fata\" \/>\n<script type=\"application\/ld+json\" class=\"yoast-schema-graph\">{\"@context\":\"https:\/\/schema.org\",\"@graph\":[{\"@type\":\"WebPage\",\"@id\":\"https:\/\/www.onetimenexttime.sk\/arduino\/index.php\/produkt\/433mhz-spring-antenna-433mhz-built-in-antenna-433mhz-module-antenna-copper-longer-section-gaindbi2-15db\/\",\"url\":\"https:\/\/www.onetimenexttime.sk\/arduino\/index.php\/produkt\/433mhz-spring-antenna-433mhz-built-in-antenna-433mhz-module-antenna-copper-longer-section-gaindbi2-15db\/\",\"name\":\"433MHZ spring antenna; 433MHZ built-in antenna; 433MHZ module antenna; copper Longer section.Gain(dBi):2.15DB - Arduino e-shop\",\"isPartOf\":{\"@id\":\"https:\/\/www.onetimenexttime.sk\/arduino\/#website\"},\"primaryImageOfPage\":{\"@id\":\"https:\/\/www.onetimenexttime.sk\/arduino\/index.php\/produkt\/433mhz-spring-antenna-433mhz-built-in-antenna-433mhz-module-antenna-copper-longer-section-gaindbi2-15db\/#primaryimage\"},\"image\":{\"@id\":\"https:\/\/www.onetimenexttime.sk\/arduino\/index.php\/produkt\/433mhz-spring-antenna-433mhz-built-in-antenna-433mhz-module-antenna-copper-longer-section-gaindbi2-15db\/#primaryimage\"},\"thumbnailUrl\":\"https:\/\/www.onetimenexttime.sk\/arduino\/wp-content\/uploads\/2021\/10\/148.jpg\",\"datePublished\":\"2021-10-29T09:38:06+00:00\",\"dateModified\":\"2021-10-29T09:41:44+00:00\",\"breadcrumb\":{\"@id\":\"https:\/\/www.onetimenexttime.sk\/arduino\/index.php\/produkt\/433mhz-spring-antenna-433mhz-built-in-antenna-433mhz-module-antenna-copper-longer-section-gaindbi2-15db\/#breadcrumb\"},\"inLanguage\":\"sk-SK\",\"potentialAction\":[{\"@type\":\"ReadAction\",\"target\":[\"https:\/\/www.onetimenexttime.sk\/arduino\/index.php\/produkt\/433mhz-spring-antenna-433mhz-built-in-antenna-433mhz-module-antenna-copper-longer-section-gaindbi2-15db\/\"]}]},{\"@type\":\"ImageObject\",\"inLanguage\":\"sk-SK\",\"@id\":\"https:\/\/www.onetimenexttime.sk\/arduino\/index.php\/produkt\/433mhz-spring-antenna-433mhz-built-in-antenna-433mhz-module-antenna-copper-longer-section-gaindbi2-15db\/#primaryimage\",\"url\":\"https:\/\/www.onetimenexttime.sk\/arduino\/wp-content\/uploads\/2021\/10\/148.jpg\",\"contentUrl\":\"https:\/\/www.onetimenexttime.sk\/arduino\/wp-content\/uploads\/2021\/10\/148.jpg\",\"width\":502,\"height\":504},{\"@type\":\"BreadcrumbList\",\"@id\":\"https:\/\/www.onetimenexttime.sk\/arduino\/index.php\/produkt\/433mhz-spring-antenna-433mhz-built-in-antenna-433mhz-module-antenna-copper-longer-section-gaindbi2-15db\/#breadcrumb\",\"itemListElement\":[{\"@type\":\"ListItem\",\"position\":1,\"name\":\"Domov\",\"item\":\"https:\/\/www.onetimenexttime.sk\/arduino\/\"},{\"@type\":\"ListItem\",\"position\":2,\"name\":\"Obchod\",\"item\":\"https:\/\/www.onetimenexttime.sk\/arduino\/\"},{\"@type\":\"ListItem\",\"position\":3,\"name\":\"433MHZ spring antenna; 433MHZ built-in antenna; 433MHZ module antenna; copper Longer section.Gain(dBi):2.15DB\"}]},{\"@type\":\"WebSite\",\"@id\":\"https:\/\/www.onetimenexttime.sk\/arduino\/#website\",\"url\":\"https:\/\/www.onetimenexttime.sk\/arduino\/\",\"name\":\"Arduino e-shop\",\"description\":\"Home Assistant\",\"potentialAction\":[{\"@type\":\"SearchAction\",\"target\":{\"@type\":\"EntryPoint\",\"urlTemplate\":\"https:\/\/www.onetimenexttime.sk\/arduino\/?s={search_term_string}\"},\"query-input\":{\"@type\":\"PropertyValueSpecification\",\"valueRequired\":true,\"valueName\":\"search_term_string\"}}],\"inLanguage\":\"sk-SK\"}]}<\/script>\n<!-- \/ Yoast SEO plugin. -->","yoast_head_json":{"title":"433MHZ spring antenna; 433MHZ built-in antenna; 433MHZ module antenna; copper Longer section.Gain(dBi):2.15DB - Arduino e-shop","robots":{"index":"index","follow":"follow","max-snippet":"max-snippet:-1","max-image-preview":"max-image-preview:large","max-video-preview":"max-video-preview:-1"},"canonical":"https:\/\/www.onetimenexttime.sk\/arduino\/index.php\/produkt\/433mhz-spring-antenna-433mhz-built-in-antenna-433mhz-module-antenna-copper-longer-section-gaindbi2-15db\/","og_locale":"sk_SK","og_type":"article","og_title":"433MHZ spring antenna; 433MHZ built-in antenna; 433MHZ module antenna; copper Longer section.Gain(dBi):2.15DB - Arduino e-shop","og_description":"433MHZ pru\u017einov\u00e1 ant\u00e9na; 433MHZ vstavan\u00e1 ant\u00e9na; 433MHZ modulov\u00e1 ant\u00e9na; me\u010f Dlh\u0161\u00ed \u00fasek. Gain(dBi): 2,15DB HPD433T &#8211; 215 &#8211; Pru\u017einov\u00e1 ant\u00e9na,&hellip;","og_url":"https:\/\/www.onetimenexttime.sk\/arduino\/index.php\/produkt\/433mhz-spring-antenna-433mhz-built-in-antenna-433mhz-module-antenna-copper-longer-section-gaindbi2-15db\/","og_site_name":"Arduino e-shop","article_modified_time":"2021-10-29T09:41:44+00:00","og_image":[{"width":502,"height":504,"url":"https:\/\/www.onetimenexttime.sk\/arduino\/wp-content\/uploads\/2021\/10\/148.jpg","type":"image\/jpeg"}],"twitter_card":"summary_large_image","twitter_misc":{"Predpokladan\u00fd \u010das \u010d\u00edtania":"1 min\u00fata"},"schema":{"@context":"https:\/\/schema.org","@graph":[{"@type":"WebPage","@id":"https:\/\/www.onetimenexttime.sk\/arduino\/index.php\/produkt\/433mhz-spring-antenna-433mhz-built-in-antenna-433mhz-module-antenna-copper-longer-section-gaindbi2-15db\/","url":"https:\/\/www.onetimenexttime.sk\/arduino\/index.php\/produkt\/433mhz-spring-antenna-433mhz-built-in-antenna-433mhz-module-antenna-copper-longer-section-gaindbi2-15db\/","name":"433MHZ spring antenna; 433MHZ built-in antenna; 433MHZ module antenna; copper Longer section.Gain(dBi):2.15DB - Arduino e-shop","isPartOf":{"@id":"https:\/\/www.onetimenexttime.sk\/arduino\/#website"},"primaryImageOfPage":{"@id":"https:\/\/www.onetimenexttime.sk\/arduino\/index.php\/produkt\/433mhz-spring-antenna-433mhz-built-in-antenna-433mhz-module-antenna-copper-longer-section-gaindbi2-15db\/#primaryimage"},"image":{"@id":"https:\/\/www.onetimenexttime.sk\/arduino\/index.php\/produkt\/433mhz-spring-antenna-433mhz-built-in-antenna-433mhz-module-antenna-copper-longer-section-gaindbi2-15db\/#primaryimage"},"thumbnailUrl":"https:\/\/www.onetimenexttime.sk\/arduino\/wp-content\/uploads\/2021\/10\/148.jpg","datePublished":"2021-10-29T09:38:06+00:00","dateModified":"2021-10-29T09:41:44+00:00","breadcrumb":{"@id":"https:\/\/www.onetimenexttime.sk\/arduino\/index.php\/produkt\/433mhz-spring-antenna-433mhz-built-in-antenna-433mhz-module-antenna-copper-longer-section-gaindbi2-15db\/#breadcrumb"},"inLanguage":"sk-SK","potentialAction":[{"@type":"ReadAction","target":["https:\/\/www.onetimenexttime.sk\/arduino\/index.php\/produkt\/433mhz-spring-antenna-433mhz-built-in-antenna-433mhz-module-antenna-copper-longer-section-gaindbi2-15db\/"]}]},{"@type":"ImageObject","inLanguage":"sk-SK","@id":"https:\/\/www.onetimenexttime.sk\/arduino\/index.php\/produkt\/433mhz-spring-antenna-433mhz-built-in-antenna-433mhz-module-antenna-copper-longer-section-gaindbi2-15db\/#primaryimage","url":"https:\/\/www.onetimenexttime.sk\/arduino\/wp-content\/uploads\/2021\/10\/148.jpg","contentUrl":"https:\/\/www.onetimenexttime.sk\/arduino\/wp-content\/uploads\/2021\/10\/148.jpg","width":502,"height":504},{"@type":"BreadcrumbList","@id":"https:\/\/www.onetimenexttime.sk\/arduino\/index.php\/produkt\/433mhz-spring-antenna-433mhz-built-in-antenna-433mhz-module-antenna-copper-longer-section-gaindbi2-15db\/#breadcrumb","itemListElement":[{"@type":"ListItem","position":1,"name":"Domov","item":"https:\/\/www.onetimenexttime.sk\/arduino\/"},{"@type":"ListItem","position":2,"name":"Obchod","item":"https:\/\/www.onetimenexttime.sk\/arduino\/"},{"@type":"ListItem","position":3,"name":"433MHZ spring antenna; 433MHZ built-in antenna; 433MHZ module antenna; copper Longer section.Gain(dBi):2.15DB"}]},{"@type":"WebSite","@id":"https:\/\/www.onetimenexttime.sk\/arduino\/#website","url":"https:\/\/www.onetimenexttime.sk\/arduino\/","name":"Arduino e-shop","description":"Home Assistant","potentialAction":[{"@type":"SearchAction","target":{"@type":"EntryPoint","urlTemplate":"https:\/\/www.onetimenexttime.sk\/arduino\/?s={search_term_string}"},"query-input":{"@type":"PropertyValueSpecification","valueRequired":true,"valueName":"search_term_string"}}],"inLanguage":"sk-SK"}]}},"_links":{"self":[{"href":"https:\/\/www.onetimenexttime.sk\/arduino\/index.php\/wp-json\/wp\/v2\/product\/560"}],"collection":[{"href":"https:\/\/www.onetimenexttime.sk\/arduino\/index.php\/wp-json\/wp\/v2\/product"}],"about":[{"href":"https:\/\/www.onetimenexttime.sk\/arduino\/index.php\/wp-json\/wp\/v2\/types\/product"}],"wp:featuredmedia":[{"embeddable":true,"href":"https:\/\/www.onetimenexttime.sk\/arduino\/index.php\/wp-json\/wp\/v2\/media\/561"}],"wp:attachment":[{"href":"https:\/\/www.onetimenexttime.sk\/arduino\/index.php\/wp-json\/wp\/v2\/media?parent=560"}],"wp:term":[{"taxonomy":"product_cat","embeddable":true,"href":"https:\/\/www.onetimenexttime.sk\/arduino\/index.php\/wp-json\/wp\/v2\/product_cat?post=560"},{"taxonomy":"product_tag","embeddable":true,"href":"https:\/\/www.onetimenexttime.sk\/arduino\/index.php\/wp-json\/wp\/v2\/product_tag?post=560"}],"curies":[{"name":"wp","href":"https:\/\/api.w.org\/{rel}","templated":true}]}}