{"id":54,"date":"2021-10-17T19:39:48","date_gmt":"2021-10-17T17:39:48","guid":{"rendered":"https:\/\/www.onetimenexttime.sk\/arduino\/?post_type=product&#038;p=54"},"modified":"2021-10-17T19:43:29","modified_gmt":"2021-10-17T17:43:29","slug":"funduino-multi-function-shield-for-arduino-uno-lenardo-mage2560-mega","status":"publish","type":"product","link":"https:\/\/www.onetimenexttime.sk\/arduino\/index.php\/produkt\/funduino-multi-function-shield-for-arduino-uno-lenardo-mage2560-mega\/","title":{"rendered":"Funduino Multi-Function Shield For Arduino UNO LENARDO MAGE2560 Mega"},"content":{"rendered":"<p>Jedn\u00e1 sa o z\u00e1klad\u0148u k\u00f3du s otvoren\u00fdm zdrojov\u00fdm k\u00f3dom a platformu Simple I \/ O a s pou\u017eit\u00edm podobn\u00e9ho v\u00fdvojov\u00e9ho prostredia java, C. Jazyk m\u00f4\u017eete teda r\u00fdchlo pou\u017e\u00edva\u0165 s programom Flash alebo Processing &#8230; a in\u00fdm softv\u00e9rom na vytv\u00e1ranie interakt\u00edvnych diel. M\u00f4\u017ee by\u0165 pou\u017eit\u00fd na dokon\u010denie v\u00fdvoja elektronick\u00fdch komponentov, ako s\u00fa sp\u00edna\u010de alebo senzory alebo in\u00e9 ovl\u00e1da\u010de, di\u00f3dy LED, krokov\u00fd motor alebo in\u00e9 v\u00fdstupn\u00e9 zariadenie. M\u00f4\u017eete tie\u017e fungova\u0165 nez\u00e1visle ako softv\u00e9rov\u00e1 platforma, ktor\u00e1 m\u00f4\u017ee komunikova\u0165 napr\u00edklad s: flash processing Max \/ MSP VVVV alebo in\u00fd interakt\u00edvny softv\u00e9r &#8230; vyvin\u00fa\u0165 open-source rozhranie IDE je zalo\u017een\u00e9 na princ\u00edpe, ktor\u00fd v\u00e1m umo\u017e\u0148uje s\u0165ahova\u0165 bezplatne vyv\u00edja\u0165 prekvapivej\u0161ie interakt\u00edvne pr\u00e1ce.<\/p>\n<p>&nbsp;<\/p>\n<p>2009 Ovl\u00e1da\u010d UNO LENARDO 2560 bezprobl\u00e9movo v hlavnom pr\u00fade<\/p>\n<p>4 -smerov\u00fd LED indik\u00e1tor (LED indik\u00e1tor vie, ak\u00e9 d\u00f4le\u017eit\u00e9 je to pri realiz\u00e1cii projektov, pri\u010dom tento indik\u00e1tor je mo\u017en\u00e9 pou\u017ei\u0165 priamo pri prev\u00e1dzke) LED indikuje postup u\u013eah\u010duj\u00faci ladenie.<\/p>\n<p>Rozhranie sn\u00edma\u010da teploty DS18B20, ktor\u00e9 je mo\u017en\u00e9 vykona\u0165 na meranie teploty experimentu, t\u00e1to cena nezah\u0155\u0148a DS18B20 Oh, potreboval \u010fal\u0161\u00ed v\u00fdstrel.<\/p>\n<p>Rozhranie sn\u00edma\u010da teploty LM35, ktor\u00e9 je mo\u017en\u00e9 vykona\u0165 na meranie teploty experimentu, t\u00e1to cena nezah\u0155\u0148a LM35 Oh, potreboval \u010fal\u0161\u00ed v\u00fdstrel.<\/p>\n<p>Presne nastavite\u013en\u00fd potenciometer 3296, anal\u00f3gov\u00fd vstupn\u00fd port (d\u00e1 sa pou\u017ei\u0165 na ovl\u00e1danie jasu LED, oto\u010denia uhla riadenia, digit\u00e1lneho nap\u00e4tia at\u010f.)<\/p>\n<p>integrovan\u00fd infra\u010derven\u00fd prij\u00edma\u010d, ktor\u00fd sa zmest\u00ed do ak\u00fdchko\u013evek experimentov s infra\u010derven\u00fdm dia\u013ekov\u00fdm ovl\u00e1dan\u00edm, v cene nie je zahrnut\u00fd ani integrovan\u00fd prij\u00edma\u010d a je potrebn\u00fd \u010fal\u0161\u00ed v\u00fdstrel.<\/p>\n<p>\u0161tyri digit\u00e1lne trubice (s pou\u017eit\u00edm ovl\u00e1da\u010da 74HC595 provin\u010dn\u00e9ho IO u\u010denia SPI), m\u00f4\u017eete vykona\u0165 experiment s digit\u00e1lnym zobrazen\u00edm (m\u00f4\u017ee zobrazova\u0165 teplotu, nap\u00e4tie, hodnotu po\u010d\u00edtadla at\u010f.).<\/p>\n<p>tri samostatn\u00e9 tla\u010didl\u00e1, tla\u010didlo reset, tla\u010didlo m\u00f4\u017ee vykon\u00e1va\u0165 experimenty (HMI).<\/p>\n<p>zvuk bzu\u010diaka je mo\u017en\u00e9 pou\u017ei\u0165 na experimenty. (M\u00f4\u017ee zavola\u0165 pol\u00edciu, v\u00fdslovnos\u0165 at\u010f.)<\/p>\n<p>Na experimenty s bezdr\u00f4tovou komunik\u00e1ciou je mo\u017en\u00e9 pou\u017ei\u0165 Bluetooth, bezdr\u00f4tov\u00e9 rozhrania, hlasov\u00fd modul, modul rozpozn\u00e1vania hlasu<\/p>\n<p>servo rozhranie, \u013eahko ovl\u00e1date\u013en\u00e9 serv\u00e1<\/p>\n<p>infra\u010derven\u00e9 detek\u010dn\u00e9 rozhranie, jednoduch\u00e1 a infra\u010derven\u00e1 dokovacia realiz\u00e1cia \u0161tatistiky n\u00e1v\u0161tevnosti \u013eud\u00ed at\u010f.<\/p>\n","protected":false},"excerpt":{"rendered":"<p>Jedn\u00e1 sa o z\u00e1klad\u0148u k\u00f3du s otvoren\u00fdm zdrojov\u00fdm k\u00f3dom a platformu Simple I \/ O a s pou\u017eit\u00edm podobn\u00e9ho v\u00fdvojov\u00e9ho&hellip;<\/p>\n","protected":false},"featured_media":55,"template":"","meta":{"_monsterinsights_skip_tracking":false,"_monsterinsights_sitenote_active":false,"_monsterinsights_sitenote_note":"","_monsterinsights_sitenote_category":0},"product_cat":[16,17],"product_tag":[],"class_list":{"0":"post-54","1":"product","2":"type-product","3":"status-publish","4":"has-post-thumbnail","6":"product_cat-ard","7":"product_cat-modul","9":"first","10":"instock","11":"shipping-taxable","12":"purchasable","13":"product-type-simple"},"yoast_head":"<!-- This site is optimized with the Yoast SEO plugin v23.6 - https:\/\/yoast.com\/wordpress\/plugins\/seo\/ -->\n<title>Funduino Multi-Function Shield For Arduino UNO LENARDO MAGE2560 Mega - Arduino e-shop<\/title>\n<meta name=\"robots\" content=\"index, follow, max-snippet:-1, max-image-preview:large, max-video-preview:-1\" \/>\n<link rel=\"canonical\" href=\"https:\/\/www.onetimenexttime.sk\/arduino\/index.php\/produkt\/funduino-multi-function-shield-for-arduino-uno-lenardo-mage2560-mega\/\" \/>\n<meta property=\"og:locale\" content=\"sk_SK\" \/>\n<meta property=\"og:type\" content=\"article\" \/>\n<meta property=\"og:title\" content=\"Funduino Multi-Function Shield For Arduino UNO LENARDO MAGE2560 Mega - Arduino e-shop\" \/>\n<meta property=\"og:description\" content=\"Jedn\u00e1 sa o z\u00e1klad\u0148u k\u00f3du s otvoren\u00fdm zdrojov\u00fdm k\u00f3dom a platformu Simple I \/ O a s pou\u017eit\u00edm podobn\u00e9ho v\u00fdvojov\u00e9ho&hellip;\" \/>\n<meta property=\"og:url\" content=\"https:\/\/www.onetimenexttime.sk\/arduino\/index.php\/produkt\/funduino-multi-function-shield-for-arduino-uno-lenardo-mage2560-mega\/\" \/>\n<meta property=\"og:site_name\" content=\"Arduino e-shop\" \/>\n<meta property=\"article:modified_time\" content=\"2021-10-17T17:43:29+00:00\" \/>\n<meta property=\"og:image\" content=\"https:\/\/www.onetimenexttime.sk\/arduino\/wp-content\/uploads\/2021\/10\/201.jpg\" \/>\n\t<meta property=\"og:image:width\" content=\"400\" \/>\n\t<meta property=\"og:image:height\" content=\"400\" \/>\n\t<meta property=\"og:image:type\" content=\"image\/jpeg\" \/>\n<meta name=\"twitter:card\" content=\"summary_large_image\" \/>\n<meta name=\"twitter:label1\" content=\"Predpokladan\u00fd \u010das \u010d\u00edtania\" \/>\n\t<meta name=\"twitter:data1\" content=\"2 min\u00faty\" \/>\n<script type=\"application\/ld+json\" class=\"yoast-schema-graph\">{\"@context\":\"https:\/\/schema.org\",\"@graph\":[{\"@type\":\"WebPage\",\"@id\":\"https:\/\/www.onetimenexttime.sk\/arduino\/index.php\/produkt\/funduino-multi-function-shield-for-arduino-uno-lenardo-mage2560-mega\/\",\"url\":\"https:\/\/www.onetimenexttime.sk\/arduino\/index.php\/produkt\/funduino-multi-function-shield-for-arduino-uno-lenardo-mage2560-mega\/\",\"name\":\"Funduino Multi-Function Shield For Arduino UNO LENARDO MAGE2560 Mega - Arduino e-shop\",\"isPartOf\":{\"@id\":\"https:\/\/www.onetimenexttime.sk\/arduino\/#website\"},\"primaryImageOfPage\":{\"@id\":\"https:\/\/www.onetimenexttime.sk\/arduino\/index.php\/produkt\/funduino-multi-function-shield-for-arduino-uno-lenardo-mage2560-mega\/#primaryimage\"},\"image\":{\"@id\":\"https:\/\/www.onetimenexttime.sk\/arduino\/index.php\/produkt\/funduino-multi-function-shield-for-arduino-uno-lenardo-mage2560-mega\/#primaryimage\"},\"thumbnailUrl\":\"https:\/\/www.onetimenexttime.sk\/arduino\/wp-content\/uploads\/2021\/10\/201.jpg\",\"datePublished\":\"2021-10-17T17:39:48+00:00\",\"dateModified\":\"2021-10-17T17:43:29+00:00\",\"breadcrumb\":{\"@id\":\"https:\/\/www.onetimenexttime.sk\/arduino\/index.php\/produkt\/funduino-multi-function-shield-for-arduino-uno-lenardo-mage2560-mega\/#breadcrumb\"},\"inLanguage\":\"sk-SK\",\"potentialAction\":[{\"@type\":\"ReadAction\",\"target\":[\"https:\/\/www.onetimenexttime.sk\/arduino\/index.php\/produkt\/funduino-multi-function-shield-for-arduino-uno-lenardo-mage2560-mega\/\"]}]},{\"@type\":\"ImageObject\",\"inLanguage\":\"sk-SK\",\"@id\":\"https:\/\/www.onetimenexttime.sk\/arduino\/index.php\/produkt\/funduino-multi-function-shield-for-arduino-uno-lenardo-mage2560-mega\/#primaryimage\",\"url\":\"https:\/\/www.onetimenexttime.sk\/arduino\/wp-content\/uploads\/2021\/10\/201.jpg\",\"contentUrl\":\"https:\/\/www.onetimenexttime.sk\/arduino\/wp-content\/uploads\/2021\/10\/201.jpg\",\"width\":400,\"height\":400},{\"@type\":\"BreadcrumbList\",\"@id\":\"https:\/\/www.onetimenexttime.sk\/arduino\/index.php\/produkt\/funduino-multi-function-shield-for-arduino-uno-lenardo-mage2560-mega\/#breadcrumb\",\"itemListElement\":[{\"@type\":\"ListItem\",\"position\":1,\"name\":\"Domov\",\"item\":\"https:\/\/www.onetimenexttime.sk\/arduino\/\"},{\"@type\":\"ListItem\",\"position\":2,\"name\":\"Obchod\",\"item\":\"https:\/\/www.onetimenexttime.sk\/arduino\/\"},{\"@type\":\"ListItem\",\"position\":3,\"name\":\"Funduino Multi-Function Shield For Arduino UNO LENARDO MAGE2560 Mega\"}]},{\"@type\":\"WebSite\",\"@id\":\"https:\/\/www.onetimenexttime.sk\/arduino\/#website\",\"url\":\"https:\/\/www.onetimenexttime.sk\/arduino\/\",\"name\":\"Arduino e-shop\",\"description\":\"Home Assistant\",\"potentialAction\":[{\"@type\":\"SearchAction\",\"target\":{\"@type\":\"EntryPoint\",\"urlTemplate\":\"https:\/\/www.onetimenexttime.sk\/arduino\/?s={search_term_string}\"},\"query-input\":{\"@type\":\"PropertyValueSpecification\",\"valueRequired\":true,\"valueName\":\"search_term_string\"}}],\"inLanguage\":\"sk-SK\"}]}<\/script>\n<!-- \/ Yoast SEO plugin. -->","yoast_head_json":{"title":"Funduino Multi-Function Shield For Arduino UNO LENARDO MAGE2560 Mega - Arduino e-shop","robots":{"index":"index","follow":"follow","max-snippet":"max-snippet:-1","max-image-preview":"max-image-preview:large","max-video-preview":"max-video-preview:-1"},"canonical":"https:\/\/www.onetimenexttime.sk\/arduino\/index.php\/produkt\/funduino-multi-function-shield-for-arduino-uno-lenardo-mage2560-mega\/","og_locale":"sk_SK","og_type":"article","og_title":"Funduino Multi-Function Shield For Arduino UNO LENARDO MAGE2560 Mega - Arduino e-shop","og_description":"Jedn\u00e1 sa o z\u00e1klad\u0148u k\u00f3du s otvoren\u00fdm zdrojov\u00fdm k\u00f3dom a platformu Simple I \/ O a s pou\u017eit\u00edm podobn\u00e9ho v\u00fdvojov\u00e9ho&hellip;","og_url":"https:\/\/www.onetimenexttime.sk\/arduino\/index.php\/produkt\/funduino-multi-function-shield-for-arduino-uno-lenardo-mage2560-mega\/","og_site_name":"Arduino e-shop","article_modified_time":"2021-10-17T17:43:29+00:00","og_image":[{"width":400,"height":400,"url":"https:\/\/www.onetimenexttime.sk\/arduino\/wp-content\/uploads\/2021\/10\/201.jpg","type":"image\/jpeg"}],"twitter_card":"summary_large_image","twitter_misc":{"Predpokladan\u00fd \u010das \u010d\u00edtania":"2 min\u00faty"},"schema":{"@context":"https:\/\/schema.org","@graph":[{"@type":"WebPage","@id":"https:\/\/www.onetimenexttime.sk\/arduino\/index.php\/produkt\/funduino-multi-function-shield-for-arduino-uno-lenardo-mage2560-mega\/","url":"https:\/\/www.onetimenexttime.sk\/arduino\/index.php\/produkt\/funduino-multi-function-shield-for-arduino-uno-lenardo-mage2560-mega\/","name":"Funduino Multi-Function Shield For Arduino UNO LENARDO MAGE2560 Mega - Arduino e-shop","isPartOf":{"@id":"https:\/\/www.onetimenexttime.sk\/arduino\/#website"},"primaryImageOfPage":{"@id":"https:\/\/www.onetimenexttime.sk\/arduino\/index.php\/produkt\/funduino-multi-function-shield-for-arduino-uno-lenardo-mage2560-mega\/#primaryimage"},"image":{"@id":"https:\/\/www.onetimenexttime.sk\/arduino\/index.php\/produkt\/funduino-multi-function-shield-for-arduino-uno-lenardo-mage2560-mega\/#primaryimage"},"thumbnailUrl":"https:\/\/www.onetimenexttime.sk\/arduino\/wp-content\/uploads\/2021\/10\/201.jpg","datePublished":"2021-10-17T17:39:48+00:00","dateModified":"2021-10-17T17:43:29+00:00","breadcrumb":{"@id":"https:\/\/www.onetimenexttime.sk\/arduino\/index.php\/produkt\/funduino-multi-function-shield-for-arduino-uno-lenardo-mage2560-mega\/#breadcrumb"},"inLanguage":"sk-SK","potentialAction":[{"@type":"ReadAction","target":["https:\/\/www.onetimenexttime.sk\/arduino\/index.php\/produkt\/funduino-multi-function-shield-for-arduino-uno-lenardo-mage2560-mega\/"]}]},{"@type":"ImageObject","inLanguage":"sk-SK","@id":"https:\/\/www.onetimenexttime.sk\/arduino\/index.php\/produkt\/funduino-multi-function-shield-for-arduino-uno-lenardo-mage2560-mega\/#primaryimage","url":"https:\/\/www.onetimenexttime.sk\/arduino\/wp-content\/uploads\/2021\/10\/201.jpg","contentUrl":"https:\/\/www.onetimenexttime.sk\/arduino\/wp-content\/uploads\/2021\/10\/201.jpg","width":400,"height":400},{"@type":"BreadcrumbList","@id":"https:\/\/www.onetimenexttime.sk\/arduino\/index.php\/produkt\/funduino-multi-function-shield-for-arduino-uno-lenardo-mage2560-mega\/#breadcrumb","itemListElement":[{"@type":"ListItem","position":1,"name":"Domov","item":"https:\/\/www.onetimenexttime.sk\/arduino\/"},{"@type":"ListItem","position":2,"name":"Obchod","item":"https:\/\/www.onetimenexttime.sk\/arduino\/"},{"@type":"ListItem","position":3,"name":"Funduino Multi-Function Shield For Arduino UNO LENARDO MAGE2560 Mega"}]},{"@type":"WebSite","@id":"https:\/\/www.onetimenexttime.sk\/arduino\/#website","url":"https:\/\/www.onetimenexttime.sk\/arduino\/","name":"Arduino e-shop","description":"Home Assistant","potentialAction":[{"@type":"SearchAction","target":{"@type":"EntryPoint","urlTemplate":"https:\/\/www.onetimenexttime.sk\/arduino\/?s={search_term_string}"},"query-input":{"@type":"PropertyValueSpecification","valueRequired":true,"valueName":"search_term_string"}}],"inLanguage":"sk-SK"}]}},"_links":{"self":[{"href":"https:\/\/www.onetimenexttime.sk\/arduino\/index.php\/wp-json\/wp\/v2\/product\/54"}],"collection":[{"href":"https:\/\/www.onetimenexttime.sk\/arduino\/index.php\/wp-json\/wp\/v2\/product"}],"about":[{"href":"https:\/\/www.onetimenexttime.sk\/arduino\/index.php\/wp-json\/wp\/v2\/types\/product"}],"wp:featuredmedia":[{"embeddable":true,"href":"https:\/\/www.onetimenexttime.sk\/arduino\/index.php\/wp-json\/wp\/v2\/media\/55"}],"wp:attachment":[{"href":"https:\/\/www.onetimenexttime.sk\/arduino\/index.php\/wp-json\/wp\/v2\/media?parent=54"}],"wp:term":[{"taxonomy":"product_cat","embeddable":true,"href":"https:\/\/www.onetimenexttime.sk\/arduino\/index.php\/wp-json\/wp\/v2\/product_cat?post=54"},{"taxonomy":"product_tag","embeddable":true,"href":"https:\/\/www.onetimenexttime.sk\/arduino\/index.php\/wp-json\/wp\/v2\/product_tag?post=54"}],"curies":[{"name":"wp","href":"https:\/\/api.w.org\/{rel}","templated":true}]}}