{"id":534,"date":"2021-10-29T08:15:44","date_gmt":"2021-10-29T06:15:44","guid":{"rendered":"https:\/\/www.onetimenexttime.sk\/arduino\/?post_type=product&#038;p=534"},"modified":"2021-10-29T08:21:16","modified_gmt":"2021-10-29T06:21:16","slug":"xs3868-bluetooth-stereo-audio-module-ovc3860-chip-supports-a2dp-avrcp","status":"publish","type":"product","link":"https:\/\/www.onetimenexttime.sk\/arduino\/index.php\/produkt\/xs3868-bluetooth-stereo-audio-module-ovc3860-chip-supports-a2dp-avrcp\/","title":{"rendered":"XS3868 Bluetooth Stereo Audio Module OVC3860 Chip Supports A2DP AVRCP"},"content":{"rendered":"<h2>XS3868 Bluetooth stereo audio modul \u010cip OVC3860 podporuje A2DP AVRCP<\/h2>\n<p>&nbsp;<\/p>\n<p>Podrobnosti o produkte:\u00a0 Stereo modul Bluetooth<\/p>\n<p>\u010cip: ovc3860<\/p>\n<p>Bluetooth: verzia 2.0<\/p>\n<p>Frekvencia: 2,402-2,48-Ghz<\/p>\n<p>Maxim\u00e1lny vysielac\u00ed v\u00fdkon: Trieda 2 4dBm (na podlo\u017eke ant\u00e9ny)<\/p>\n<p>UART: bez podpory riadenia toku<\/p>\n<p>Dosah: pribli\u017ene 10 metrov<\/p>\n<p>R\u00fdchlos\u0165 prenosu do 3Mbps (vzduchom) UART DATA<\/p>\n<p>Prenosov\u00e1 r\u00fdchlos\u0165: 115200bps<\/p>\n<p>Nap\u00e1jacie nap\u00e4tie: nap\u00e1janie:DC 3,0-3,6V<\/p>\n<p>Mikrof\u00f3n: mono mikrof\u00f3nny vstup s predp\u00e4t\u00edm Profily: A2DP-v\u00fdlevka iba AVRCP-Controller Len<\/p>\n<p>Extern\u00e1 ant\u00e9na: Pripojenie cez SMT pad IO:1,7 V-3,6V<\/p>\n<p>Pr\u00fadov\u00e1 spotreba: prev\u00e1dzkov\u00e1-menej ako 25ma (akt\u00edvna) Ne\u010dinnos\u0165 (sp\u00e1nok)&lt;&gt; 6<\/p>\n<p>Tla\u010didlo na zadanie: tla\u010didlo spustenia, zodpovedaj\u00face tla\u010didlo, zv\u00fd\u0161enie hlasitosti, zn\u00ed\u017eenie hlasitosti, \u010fal\u0161\u00ed posun, predch\u00e1dzaj\u00faci posun<\/p>\n<p>Rozmery: 30 x 17 x 3,4 mm<\/p>\n<p>Citlivos\u0165 pr\u00edjmu: lep\u0161ia ako -82dBm 2 sveteln\u00fd indik\u00e1tor na ozna\u010denie r\u00f4znych pracovn\u00fdch podmienok<\/p>\n","protected":false},"excerpt":{"rendered":"<p>XS3868 Bluetooth stereo audio modul \u010cip OVC3860 podporuje A2DP AVRCP &nbsp; Podrobnosti o produkte:\u00a0 Stereo modul Bluetooth \u010cip: ovc3860 Bluetooth:&hellip;<\/p>\n","protected":false},"featured_media":535,"template":"","meta":{"_monsterinsights_skip_tracking":false,"_monsterinsights_sitenote_active":false,"_monsterinsights_sitenote_note":"","_monsterinsights_sitenote_category":0},"product_cat":[16,23,32,29],"product_tag":[],"class_list":{"0":"post-534","1":"product","2":"type-product","3":"status-publish","4":"has-post-thumbnail","6":"product_cat-ard","7":"product_cat-audio-modul","8":"product_cat-bluetooth","9":"product_cat-wireless-transmission","11":"first","12":"instock","13":"shipping-taxable","14":"purchasable","15":"product-type-simple"},"yoast_head":"<!-- This site is optimized with the Yoast SEO plugin v23.6 - https:\/\/yoast.com\/wordpress\/plugins\/seo\/ -->\n<title>XS3868 Bluetooth Stereo Audio Module OVC3860 Chip Supports A2DP AVRCP - Arduino e-shop<\/title>\n<meta name=\"robots\" content=\"index, follow, max-snippet:-1, max-image-preview:large, max-video-preview:-1\" \/>\n<link rel=\"canonical\" href=\"https:\/\/www.onetimenexttime.sk\/arduino\/index.php\/produkt\/xs3868-bluetooth-stereo-audio-module-ovc3860-chip-supports-a2dp-avrcp\/\" \/>\n<meta property=\"og:locale\" content=\"sk_SK\" \/>\n<meta property=\"og:type\" content=\"article\" \/>\n<meta property=\"og:title\" content=\"XS3868 Bluetooth Stereo Audio Module OVC3860 Chip Supports A2DP AVRCP - Arduino e-shop\" \/>\n<meta property=\"og:description\" content=\"XS3868 Bluetooth stereo audio modul \u010cip OVC3860 podporuje A2DP AVRCP &nbsp; Podrobnosti o produkte:\u00a0 Stereo modul Bluetooth \u010cip: ovc3860 Bluetooth:&hellip;\" \/>\n<meta property=\"og:url\" content=\"https:\/\/www.onetimenexttime.sk\/arduino\/index.php\/produkt\/xs3868-bluetooth-stereo-audio-module-ovc3860-chip-supports-a2dp-avrcp\/\" \/>\n<meta property=\"og:site_name\" content=\"Arduino e-shop\" \/>\n<meta property=\"article:modified_time\" content=\"2021-10-29T06:21:16+00:00\" \/>\n<meta property=\"og:image\" content=\"https:\/\/www.onetimenexttime.sk\/arduino\/wp-content\/uploads\/2021\/10\/133.jpg\" \/>\n\t<meta property=\"og:image:width\" content=\"502\" \/>\n\t<meta property=\"og:image:height\" content=\"504\" \/>\n\t<meta property=\"og:image:type\" content=\"image\/jpeg\" \/>\n<meta name=\"twitter:card\" content=\"summary_large_image\" \/>\n<meta name=\"twitter:label1\" content=\"Predpokladan\u00fd \u010das \u010d\u00edtania\" \/>\n\t<meta name=\"twitter:data1\" content=\"1 min\u00fata\" \/>\n<script type=\"application\/ld+json\" class=\"yoast-schema-graph\">{\"@context\":\"https:\/\/schema.org\",\"@graph\":[{\"@type\":\"WebPage\",\"@id\":\"https:\/\/www.onetimenexttime.sk\/arduino\/index.php\/produkt\/xs3868-bluetooth-stereo-audio-module-ovc3860-chip-supports-a2dp-avrcp\/\",\"url\":\"https:\/\/www.onetimenexttime.sk\/arduino\/index.php\/produkt\/xs3868-bluetooth-stereo-audio-module-ovc3860-chip-supports-a2dp-avrcp\/\",\"name\":\"XS3868 Bluetooth Stereo Audio Module OVC3860 Chip Supports A2DP AVRCP - Arduino e-shop\",\"isPartOf\":{\"@id\":\"https:\/\/www.onetimenexttime.sk\/arduino\/#website\"},\"primaryImageOfPage\":{\"@id\":\"https:\/\/www.onetimenexttime.sk\/arduino\/index.php\/produkt\/xs3868-bluetooth-stereo-audio-module-ovc3860-chip-supports-a2dp-avrcp\/#primaryimage\"},\"image\":{\"@id\":\"https:\/\/www.onetimenexttime.sk\/arduino\/index.php\/produkt\/xs3868-bluetooth-stereo-audio-module-ovc3860-chip-supports-a2dp-avrcp\/#primaryimage\"},\"thumbnailUrl\":\"https:\/\/www.onetimenexttime.sk\/arduino\/wp-content\/uploads\/2021\/10\/133.jpg\",\"datePublished\":\"2021-10-29T06:15:44+00:00\",\"dateModified\":\"2021-10-29T06:21:16+00:00\",\"breadcrumb\":{\"@id\":\"https:\/\/www.onetimenexttime.sk\/arduino\/index.php\/produkt\/xs3868-bluetooth-stereo-audio-module-ovc3860-chip-supports-a2dp-avrcp\/#breadcrumb\"},\"inLanguage\":\"sk-SK\",\"potentialAction\":[{\"@type\":\"ReadAction\",\"target\":[\"https:\/\/www.onetimenexttime.sk\/arduino\/index.php\/produkt\/xs3868-bluetooth-stereo-audio-module-ovc3860-chip-supports-a2dp-avrcp\/\"]}]},{\"@type\":\"ImageObject\",\"inLanguage\":\"sk-SK\",\"@id\":\"https:\/\/www.onetimenexttime.sk\/arduino\/index.php\/produkt\/xs3868-bluetooth-stereo-audio-module-ovc3860-chip-supports-a2dp-avrcp\/#primaryimage\",\"url\":\"https:\/\/www.onetimenexttime.sk\/arduino\/wp-content\/uploads\/2021\/10\/133.jpg\",\"contentUrl\":\"https:\/\/www.onetimenexttime.sk\/arduino\/wp-content\/uploads\/2021\/10\/133.jpg\",\"width\":502,\"height\":504},{\"@type\":\"BreadcrumbList\",\"@id\":\"https:\/\/www.onetimenexttime.sk\/arduino\/index.php\/produkt\/xs3868-bluetooth-stereo-audio-module-ovc3860-chip-supports-a2dp-avrcp\/#breadcrumb\",\"itemListElement\":[{\"@type\":\"ListItem\",\"position\":1,\"name\":\"Domov\",\"item\":\"https:\/\/www.onetimenexttime.sk\/arduino\/\"},{\"@type\":\"ListItem\",\"position\":2,\"name\":\"Obchod\",\"item\":\"https:\/\/www.onetimenexttime.sk\/arduino\/\"},{\"@type\":\"ListItem\",\"position\":3,\"name\":\"XS3868 Bluetooth Stereo Audio Module OVC3860 Chip Supports A2DP AVRCP\"}]},{\"@type\":\"WebSite\",\"@id\":\"https:\/\/www.onetimenexttime.sk\/arduino\/#website\",\"url\":\"https:\/\/www.onetimenexttime.sk\/arduino\/\",\"name\":\"Arduino e-shop\",\"description\":\"Home Assistant\",\"potentialAction\":[{\"@type\":\"SearchAction\",\"target\":{\"@type\":\"EntryPoint\",\"urlTemplate\":\"https:\/\/www.onetimenexttime.sk\/arduino\/?s={search_term_string}\"},\"query-input\":{\"@type\":\"PropertyValueSpecification\",\"valueRequired\":true,\"valueName\":\"search_term_string\"}}],\"inLanguage\":\"sk-SK\"}]}<\/script>\n<!-- \/ Yoast SEO plugin. -->","yoast_head_json":{"title":"XS3868 Bluetooth Stereo Audio Module OVC3860 Chip Supports A2DP AVRCP - Arduino e-shop","robots":{"index":"index","follow":"follow","max-snippet":"max-snippet:-1","max-image-preview":"max-image-preview:large","max-video-preview":"max-video-preview:-1"},"canonical":"https:\/\/www.onetimenexttime.sk\/arduino\/index.php\/produkt\/xs3868-bluetooth-stereo-audio-module-ovc3860-chip-supports-a2dp-avrcp\/","og_locale":"sk_SK","og_type":"article","og_title":"XS3868 Bluetooth Stereo Audio Module OVC3860 Chip Supports A2DP AVRCP - Arduino e-shop","og_description":"XS3868 Bluetooth stereo audio modul \u010cip OVC3860 podporuje A2DP AVRCP &nbsp; Podrobnosti o produkte:\u00a0 Stereo modul Bluetooth \u010cip: ovc3860 Bluetooth:&hellip;","og_url":"https:\/\/www.onetimenexttime.sk\/arduino\/index.php\/produkt\/xs3868-bluetooth-stereo-audio-module-ovc3860-chip-supports-a2dp-avrcp\/","og_site_name":"Arduino e-shop","article_modified_time":"2021-10-29T06:21:16+00:00","og_image":[{"width":502,"height":504,"url":"https:\/\/www.onetimenexttime.sk\/arduino\/wp-content\/uploads\/2021\/10\/133.jpg","type":"image\/jpeg"}],"twitter_card":"summary_large_image","twitter_misc":{"Predpokladan\u00fd \u010das \u010d\u00edtania":"1 min\u00fata"},"schema":{"@context":"https:\/\/schema.org","@graph":[{"@type":"WebPage","@id":"https:\/\/www.onetimenexttime.sk\/arduino\/index.php\/produkt\/xs3868-bluetooth-stereo-audio-module-ovc3860-chip-supports-a2dp-avrcp\/","url":"https:\/\/www.onetimenexttime.sk\/arduino\/index.php\/produkt\/xs3868-bluetooth-stereo-audio-module-ovc3860-chip-supports-a2dp-avrcp\/","name":"XS3868 Bluetooth Stereo Audio Module OVC3860 Chip Supports A2DP AVRCP - Arduino e-shop","isPartOf":{"@id":"https:\/\/www.onetimenexttime.sk\/arduino\/#website"},"primaryImageOfPage":{"@id":"https:\/\/www.onetimenexttime.sk\/arduino\/index.php\/produkt\/xs3868-bluetooth-stereo-audio-module-ovc3860-chip-supports-a2dp-avrcp\/#primaryimage"},"image":{"@id":"https:\/\/www.onetimenexttime.sk\/arduino\/index.php\/produkt\/xs3868-bluetooth-stereo-audio-module-ovc3860-chip-supports-a2dp-avrcp\/#primaryimage"},"thumbnailUrl":"https:\/\/www.onetimenexttime.sk\/arduino\/wp-content\/uploads\/2021\/10\/133.jpg","datePublished":"2021-10-29T06:15:44+00:00","dateModified":"2021-10-29T06:21:16+00:00","breadcrumb":{"@id":"https:\/\/www.onetimenexttime.sk\/arduino\/index.php\/produkt\/xs3868-bluetooth-stereo-audio-module-ovc3860-chip-supports-a2dp-avrcp\/#breadcrumb"},"inLanguage":"sk-SK","potentialAction":[{"@type":"ReadAction","target":["https:\/\/www.onetimenexttime.sk\/arduino\/index.php\/produkt\/xs3868-bluetooth-stereo-audio-module-ovc3860-chip-supports-a2dp-avrcp\/"]}]},{"@type":"ImageObject","inLanguage":"sk-SK","@id":"https:\/\/www.onetimenexttime.sk\/arduino\/index.php\/produkt\/xs3868-bluetooth-stereo-audio-module-ovc3860-chip-supports-a2dp-avrcp\/#primaryimage","url":"https:\/\/www.onetimenexttime.sk\/arduino\/wp-content\/uploads\/2021\/10\/133.jpg","contentUrl":"https:\/\/www.onetimenexttime.sk\/arduino\/wp-content\/uploads\/2021\/10\/133.jpg","width":502,"height":504},{"@type":"BreadcrumbList","@id":"https:\/\/www.onetimenexttime.sk\/arduino\/index.php\/produkt\/xs3868-bluetooth-stereo-audio-module-ovc3860-chip-supports-a2dp-avrcp\/#breadcrumb","itemListElement":[{"@type":"ListItem","position":1,"name":"Domov","item":"https:\/\/www.onetimenexttime.sk\/arduino\/"},{"@type":"ListItem","position":2,"name":"Obchod","item":"https:\/\/www.onetimenexttime.sk\/arduino\/"},{"@type":"ListItem","position":3,"name":"XS3868 Bluetooth Stereo Audio Module OVC3860 Chip Supports A2DP AVRCP"}]},{"@type":"WebSite","@id":"https:\/\/www.onetimenexttime.sk\/arduino\/#website","url":"https:\/\/www.onetimenexttime.sk\/arduino\/","name":"Arduino e-shop","description":"Home Assistant","potentialAction":[{"@type":"SearchAction","target":{"@type":"EntryPoint","urlTemplate":"https:\/\/www.onetimenexttime.sk\/arduino\/?s={search_term_string}"},"query-input":{"@type":"PropertyValueSpecification","valueRequired":true,"valueName":"search_term_string"}}],"inLanguage":"sk-SK"}]}},"_links":{"self":[{"href":"https:\/\/www.onetimenexttime.sk\/arduino\/index.php\/wp-json\/wp\/v2\/product\/534"}],"collection":[{"href":"https:\/\/www.onetimenexttime.sk\/arduino\/index.php\/wp-json\/wp\/v2\/product"}],"about":[{"href":"https:\/\/www.onetimenexttime.sk\/arduino\/index.php\/wp-json\/wp\/v2\/types\/product"}],"wp:featuredmedia":[{"embeddable":true,"href":"https:\/\/www.onetimenexttime.sk\/arduino\/index.php\/wp-json\/wp\/v2\/media\/535"}],"wp:attachment":[{"href":"https:\/\/www.onetimenexttime.sk\/arduino\/index.php\/wp-json\/wp\/v2\/media?parent=534"}],"wp:term":[{"taxonomy":"product_cat","embeddable":true,"href":"https:\/\/www.onetimenexttime.sk\/arduino\/index.php\/wp-json\/wp\/v2\/product_cat?post=534"},{"taxonomy":"product_tag","embeddable":true,"href":"https:\/\/www.onetimenexttime.sk\/arduino\/index.php\/wp-json\/wp\/v2\/product_tag?post=534"}],"curies":[{"name":"wp","href":"https:\/\/api.w.org\/{rel}","templated":true}]}}