{"id":532,"date":"2021-10-29T08:11:59","date_gmt":"2021-10-29T06:11:59","guid":{"rendered":"https:\/\/www.onetimenexttime.sk\/arduino\/?post_type=product&#038;p=532"},"modified":"2021-10-29T08:15:12","modified_gmt":"2021-10-29T06:15:12","slug":"hc-06-bluetooth-serial-transceiver-module-slave-and-master-rs232-for-arduino","status":"publish","type":"product","link":"https:\/\/www.onetimenexttime.sk\/arduino\/index.php\/produkt\/hc-06-bluetooth-serial-transceiver-module-slave-and-master-rs232-for-arduino\/","title":{"rendered":"HC-06 Bluetooth Serial Transceiver Module Slave and Master RS232 For Arduino"},"content":{"rendered":"<h2>HC-06 Bluetooth Serial Transceiver Module Slave a Master RS232 pre Arduino<\/h2>\n<p>Umo\u017e\u0148uje v\u00e1\u0161mu zariadeniu odosiela\u0165 aj prij\u00edma\u0165 \u00fadaje TTL prostredn\u00edctvom technol\u00f3gie Bluetooth bez pripojenia s\u00e9riov\u00e9ho k\u00e1bla k po\u010d\u00edta\u010du.<\/p>\n<p>Funguje s ak\u00fdmiko\u013evek adapt\u00e9rmi USB Bluetooth.<\/p>\n<p>Predvolen\u00e1 prenosov\u00e1 r\u00fdchlos\u0165: 9600,8,1,n.<\/p>\n<p>Zabudovan\u00e1 ant\u00e9na.<\/p>\n<p>Pokrytie a\u017e 30 st\u00f4p.<\/p>\n<p>Verzia Bluetooth: V2.0+EDR<\/p>\n<p>Prev\u00e1dzkov\u00e9 nap\u00e4tie: 3,3V<\/p>\n<p>Predvolen\u00e1 prenosov\u00e1 r\u00fdchlos\u0165: 9600,8,1,n.<\/p>\n<p>Pokrytie sign\u00e1lu: 30 st\u00f4p<\/p>\n<p><strong>Komer\u010dn\u00e1 s\u00e9ria:<\/strong> S\u00e9ria modulov Bluetooth s\u00a0LED indik\u00e1torom pou\u017eite 150mA a 3,3V regula\u010dn\u00fd \u010dip.<\/p>\n<p>S nohou VCC.GND.TXD.RXD pre Bluetooth<\/p>\n<p>S tla\u010didlom &#8220;Znova vyh\u013eada\u0165&#8221; (na to no\u017ei\u010dka ON\/OFF\/WAKE, extern\u00fd v\u00fdstup MCU &#8220;High level&#8221; m\u00f4\u017ee ovl\u00e1da\u0165 modul na op\u00e4tovn\u00e9 vyh\u013ead\u00e1vanie)<\/p>\n<p>Kompatibiln\u00e9 s hlavn\u00fdm modulom bluetooth &#8220;podriaden\u00fdm modulom&#8221; alebo modulom master-slave (cel\u00fdm).<\/p>\n<p>Vstupn\u00e9 nap\u00e4tie: 3,3~6V<\/p>\n<p>Ve\u013ekos\u0165: 1,55 cm * 3,98 cm<\/p>\n<p>&nbsp;<\/p>\n<p><strong>Pozn\u00e1mka:<\/strong><\/p>\n<p>vstupn\u00e9 nap\u00e1janie 3,3 ~ 6V, zak\u00e1za\u0165 viac ako 7V<br \/>\n\u017diadne &#8220;Automaticky zabr\u00e1ni\u0165 preru\u0161eniu nap\u00e1jania&#8221;, tak\u017ee spr\u00e1vne pripojte nap\u00e1janie<br \/>\nOdpor\u00fa\u010dame nain\u0161talova\u0165 &#8220;Bluetooth master modul&#8221;<br \/>\n&#8220;State&#8221; je v\u00fdstupn\u00e1 p\u00e4tka pre stav LED, ke\u010f bluetooth &#8220;Nepripojen\u00e9&#8221;, v\u00fdstup &#8220;Pulse&#8221; ; pri &#8220;pripojenom&#8221; bluetooth v\u00fdstupe &#8220;High level&#8221; vieme ur\u010di\u0165 stavy z &#8220;MCU&#8221;<br \/>\nAk len doska, \u017eiadna \u201efunkcia Bluetooth\u201c<\/p>\n","protected":false},"excerpt":{"rendered":"<p>HC-06 Bluetooth Serial Transceiver Module Slave a Master RS232 pre Arduino Umo\u017e\u0148uje v\u00e1\u0161mu zariadeniu odosiela\u0165 aj prij\u00edma\u0165 \u00fadaje TTL prostredn\u00edctvom&hellip;<\/p>\n","protected":false},"featured_media":533,"template":"","meta":{"_monsterinsights_skip_tracking":false,"_monsterinsights_sitenote_active":false,"_monsterinsights_sitenote_note":"","_monsterinsights_sitenote_category":0},"product_cat":[16,32,29],"product_tag":[],"class_list":{"0":"post-532","1":"product","2":"type-product","3":"status-publish","4":"has-post-thumbnail","6":"product_cat-ard","7":"product_cat-bluetooth","8":"product_cat-wireless-transmission","10":"first","11":"instock","12":"sale","13":"shipping-taxable","14":"purchasable","15":"product-type-simple"},"yoast_head":"<!-- This site is optimized with the Yoast SEO plugin v23.6 - https:\/\/yoast.com\/wordpress\/plugins\/seo\/ -->\n<title>HC-06 Bluetooth Serial Transceiver Module Slave and Master RS232 For Arduino - Arduino e-shop<\/title>\n<meta name=\"robots\" content=\"index, follow, max-snippet:-1, max-image-preview:large, max-video-preview:-1\" \/>\n<link rel=\"canonical\" href=\"https:\/\/www.onetimenexttime.sk\/arduino\/index.php\/produkt\/hc-06-bluetooth-serial-transceiver-module-slave-and-master-rs232-for-arduino\/\" \/>\n<meta property=\"og:locale\" content=\"sk_SK\" \/>\n<meta property=\"og:type\" content=\"article\" \/>\n<meta property=\"og:title\" content=\"HC-06 Bluetooth Serial Transceiver Module Slave and Master RS232 For Arduino - Arduino e-shop\" \/>\n<meta property=\"og:description\" content=\"HC-06 Bluetooth Serial Transceiver Module Slave a Master RS232 pre Arduino Umo\u017e\u0148uje v\u00e1\u0161mu zariadeniu odosiela\u0165 aj prij\u00edma\u0165 \u00fadaje TTL prostredn\u00edctvom&hellip;\" \/>\n<meta property=\"og:url\" content=\"https:\/\/www.onetimenexttime.sk\/arduino\/index.php\/produkt\/hc-06-bluetooth-serial-transceiver-module-slave-and-master-rs232-for-arduino\/\" \/>\n<meta property=\"og:site_name\" content=\"Arduino e-shop\" \/>\n<meta property=\"article:modified_time\" content=\"2021-10-29T06:15:12+00:00\" \/>\n<meta property=\"og:image\" content=\"https:\/\/www.onetimenexttime.sk\/arduino\/wp-content\/uploads\/2021\/10\/102.jpg\" \/>\n\t<meta property=\"og:image:width\" content=\"502\" \/>\n\t<meta property=\"og:image:height\" content=\"504\" \/>\n\t<meta property=\"og:image:type\" content=\"image\/jpeg\" \/>\n<meta name=\"twitter:card\" content=\"summary_large_image\" \/>\n<meta name=\"twitter:label1\" content=\"Predpokladan\u00fd \u010das \u010d\u00edtania\" \/>\n\t<meta name=\"twitter:data1\" content=\"1 min\u00fata\" \/>\n<script type=\"application\/ld+json\" class=\"yoast-schema-graph\">{\"@context\":\"https:\/\/schema.org\",\"@graph\":[{\"@type\":\"WebPage\",\"@id\":\"https:\/\/www.onetimenexttime.sk\/arduino\/index.php\/produkt\/hc-06-bluetooth-serial-transceiver-module-slave-and-master-rs232-for-arduino\/\",\"url\":\"https:\/\/www.onetimenexttime.sk\/arduino\/index.php\/produkt\/hc-06-bluetooth-serial-transceiver-module-slave-and-master-rs232-for-arduino\/\",\"name\":\"HC-06 Bluetooth Serial Transceiver Module Slave and Master RS232 For Arduino - Arduino e-shop\",\"isPartOf\":{\"@id\":\"https:\/\/www.onetimenexttime.sk\/arduino\/#website\"},\"primaryImageOfPage\":{\"@id\":\"https:\/\/www.onetimenexttime.sk\/arduino\/index.php\/produkt\/hc-06-bluetooth-serial-transceiver-module-slave-and-master-rs232-for-arduino\/#primaryimage\"},\"image\":{\"@id\":\"https:\/\/www.onetimenexttime.sk\/arduino\/index.php\/produkt\/hc-06-bluetooth-serial-transceiver-module-slave-and-master-rs232-for-arduino\/#primaryimage\"},\"thumbnailUrl\":\"https:\/\/www.onetimenexttime.sk\/arduino\/wp-content\/uploads\/2021\/10\/102.jpg\",\"datePublished\":\"2021-10-29T06:11:59+00:00\",\"dateModified\":\"2021-10-29T06:15:12+00:00\",\"breadcrumb\":{\"@id\":\"https:\/\/www.onetimenexttime.sk\/arduino\/index.php\/produkt\/hc-06-bluetooth-serial-transceiver-module-slave-and-master-rs232-for-arduino\/#breadcrumb\"},\"inLanguage\":\"sk-SK\",\"potentialAction\":[{\"@type\":\"ReadAction\",\"target\":[\"https:\/\/www.onetimenexttime.sk\/arduino\/index.php\/produkt\/hc-06-bluetooth-serial-transceiver-module-slave-and-master-rs232-for-arduino\/\"]}]},{\"@type\":\"ImageObject\",\"inLanguage\":\"sk-SK\",\"@id\":\"https:\/\/www.onetimenexttime.sk\/arduino\/index.php\/produkt\/hc-06-bluetooth-serial-transceiver-module-slave-and-master-rs232-for-arduino\/#primaryimage\",\"url\":\"https:\/\/www.onetimenexttime.sk\/arduino\/wp-content\/uploads\/2021\/10\/102.jpg\",\"contentUrl\":\"https:\/\/www.onetimenexttime.sk\/arduino\/wp-content\/uploads\/2021\/10\/102.jpg\",\"width\":502,\"height\":504},{\"@type\":\"BreadcrumbList\",\"@id\":\"https:\/\/www.onetimenexttime.sk\/arduino\/index.php\/produkt\/hc-06-bluetooth-serial-transceiver-module-slave-and-master-rs232-for-arduino\/#breadcrumb\",\"itemListElement\":[{\"@type\":\"ListItem\",\"position\":1,\"name\":\"Domov\",\"item\":\"https:\/\/www.onetimenexttime.sk\/arduino\/\"},{\"@type\":\"ListItem\",\"position\":2,\"name\":\"Obchod\",\"item\":\"https:\/\/www.onetimenexttime.sk\/arduino\/\"},{\"@type\":\"ListItem\",\"position\":3,\"name\":\"HC-06 Bluetooth Serial Transceiver Module Slave and Master RS232 For Arduino\"}]},{\"@type\":\"WebSite\",\"@id\":\"https:\/\/www.onetimenexttime.sk\/arduino\/#website\",\"url\":\"https:\/\/www.onetimenexttime.sk\/arduino\/\",\"name\":\"Arduino e-shop\",\"description\":\"Home Assistant\",\"potentialAction\":[{\"@type\":\"SearchAction\",\"target\":{\"@type\":\"EntryPoint\",\"urlTemplate\":\"https:\/\/www.onetimenexttime.sk\/arduino\/?s={search_term_string}\"},\"query-input\":{\"@type\":\"PropertyValueSpecification\",\"valueRequired\":true,\"valueName\":\"search_term_string\"}}],\"inLanguage\":\"sk-SK\"}]}<\/script>\n<!-- \/ Yoast SEO plugin. -->","yoast_head_json":{"title":"HC-06 Bluetooth Serial Transceiver Module Slave and Master RS232 For Arduino - Arduino e-shop","robots":{"index":"index","follow":"follow","max-snippet":"max-snippet:-1","max-image-preview":"max-image-preview:large","max-video-preview":"max-video-preview:-1"},"canonical":"https:\/\/www.onetimenexttime.sk\/arduino\/index.php\/produkt\/hc-06-bluetooth-serial-transceiver-module-slave-and-master-rs232-for-arduino\/","og_locale":"sk_SK","og_type":"article","og_title":"HC-06 Bluetooth Serial Transceiver Module Slave and Master RS232 For Arduino - Arduino e-shop","og_description":"HC-06 Bluetooth Serial Transceiver Module Slave a Master RS232 pre Arduino Umo\u017e\u0148uje v\u00e1\u0161mu zariadeniu odosiela\u0165 aj prij\u00edma\u0165 \u00fadaje TTL prostredn\u00edctvom&hellip;","og_url":"https:\/\/www.onetimenexttime.sk\/arduino\/index.php\/produkt\/hc-06-bluetooth-serial-transceiver-module-slave-and-master-rs232-for-arduino\/","og_site_name":"Arduino e-shop","article_modified_time":"2021-10-29T06:15:12+00:00","og_image":[{"width":502,"height":504,"url":"https:\/\/www.onetimenexttime.sk\/arduino\/wp-content\/uploads\/2021\/10\/102.jpg","type":"image\/jpeg"}],"twitter_card":"summary_large_image","twitter_misc":{"Predpokladan\u00fd \u010das \u010d\u00edtania":"1 min\u00fata"},"schema":{"@context":"https:\/\/schema.org","@graph":[{"@type":"WebPage","@id":"https:\/\/www.onetimenexttime.sk\/arduino\/index.php\/produkt\/hc-06-bluetooth-serial-transceiver-module-slave-and-master-rs232-for-arduino\/","url":"https:\/\/www.onetimenexttime.sk\/arduino\/index.php\/produkt\/hc-06-bluetooth-serial-transceiver-module-slave-and-master-rs232-for-arduino\/","name":"HC-06 Bluetooth Serial Transceiver Module Slave and Master RS232 For Arduino - Arduino e-shop","isPartOf":{"@id":"https:\/\/www.onetimenexttime.sk\/arduino\/#website"},"primaryImageOfPage":{"@id":"https:\/\/www.onetimenexttime.sk\/arduino\/index.php\/produkt\/hc-06-bluetooth-serial-transceiver-module-slave-and-master-rs232-for-arduino\/#primaryimage"},"image":{"@id":"https:\/\/www.onetimenexttime.sk\/arduino\/index.php\/produkt\/hc-06-bluetooth-serial-transceiver-module-slave-and-master-rs232-for-arduino\/#primaryimage"},"thumbnailUrl":"https:\/\/www.onetimenexttime.sk\/arduino\/wp-content\/uploads\/2021\/10\/102.jpg","datePublished":"2021-10-29T06:11:59+00:00","dateModified":"2021-10-29T06:15:12+00:00","breadcrumb":{"@id":"https:\/\/www.onetimenexttime.sk\/arduino\/index.php\/produkt\/hc-06-bluetooth-serial-transceiver-module-slave-and-master-rs232-for-arduino\/#breadcrumb"},"inLanguage":"sk-SK","potentialAction":[{"@type":"ReadAction","target":["https:\/\/www.onetimenexttime.sk\/arduino\/index.php\/produkt\/hc-06-bluetooth-serial-transceiver-module-slave-and-master-rs232-for-arduino\/"]}]},{"@type":"ImageObject","inLanguage":"sk-SK","@id":"https:\/\/www.onetimenexttime.sk\/arduino\/index.php\/produkt\/hc-06-bluetooth-serial-transceiver-module-slave-and-master-rs232-for-arduino\/#primaryimage","url":"https:\/\/www.onetimenexttime.sk\/arduino\/wp-content\/uploads\/2021\/10\/102.jpg","contentUrl":"https:\/\/www.onetimenexttime.sk\/arduino\/wp-content\/uploads\/2021\/10\/102.jpg","width":502,"height":504},{"@type":"BreadcrumbList","@id":"https:\/\/www.onetimenexttime.sk\/arduino\/index.php\/produkt\/hc-06-bluetooth-serial-transceiver-module-slave-and-master-rs232-for-arduino\/#breadcrumb","itemListElement":[{"@type":"ListItem","position":1,"name":"Domov","item":"https:\/\/www.onetimenexttime.sk\/arduino\/"},{"@type":"ListItem","position":2,"name":"Obchod","item":"https:\/\/www.onetimenexttime.sk\/arduino\/"},{"@type":"ListItem","position":3,"name":"HC-06 Bluetooth Serial Transceiver Module Slave and Master RS232 For Arduino"}]},{"@type":"WebSite","@id":"https:\/\/www.onetimenexttime.sk\/arduino\/#website","url":"https:\/\/www.onetimenexttime.sk\/arduino\/","name":"Arduino e-shop","description":"Home Assistant","potentialAction":[{"@type":"SearchAction","target":{"@type":"EntryPoint","urlTemplate":"https:\/\/www.onetimenexttime.sk\/arduino\/?s={search_term_string}"},"query-input":{"@type":"PropertyValueSpecification","valueRequired":true,"valueName":"search_term_string"}}],"inLanguage":"sk-SK"}]}},"_links":{"self":[{"href":"https:\/\/www.onetimenexttime.sk\/arduino\/index.php\/wp-json\/wp\/v2\/product\/532"}],"collection":[{"href":"https:\/\/www.onetimenexttime.sk\/arduino\/index.php\/wp-json\/wp\/v2\/product"}],"about":[{"href":"https:\/\/www.onetimenexttime.sk\/arduino\/index.php\/wp-json\/wp\/v2\/types\/product"}],"wp:featuredmedia":[{"embeddable":true,"href":"https:\/\/www.onetimenexttime.sk\/arduino\/index.php\/wp-json\/wp\/v2\/media\/533"}],"wp:attachment":[{"href":"https:\/\/www.onetimenexttime.sk\/arduino\/index.php\/wp-json\/wp\/v2\/media?parent=532"}],"wp:term":[{"taxonomy":"product_cat","embeddable":true,"href":"https:\/\/www.onetimenexttime.sk\/arduino\/index.php\/wp-json\/wp\/v2\/product_cat?post=532"},{"taxonomy":"product_tag","embeddable":true,"href":"https:\/\/www.onetimenexttime.sk\/arduino\/index.php\/wp-json\/wp\/v2\/product_tag?post=532"}],"curies":[{"name":"wp","href":"https:\/\/api.w.org\/{rel}","templated":true}]}}