{"id":525,"date":"2021-10-29T07:58:05","date_gmt":"2021-10-29T05:58:05","guid":{"rendered":"https:\/\/www.onetimenexttime.sk\/arduino\/?post_type=product&#038;p=525"},"modified":"2021-10-29T08:00:31","modified_gmt":"2021-10-29T06:00:31","slug":"esp8266-serial-port-module-send-receive-io-lead-out-wifi-wireless-esp-201","status":"publish","type":"product","link":"https:\/\/www.onetimenexttime.sk\/arduino\/index.php\/produkt\/esp8266-serial-port-module-send-receive-io-lead-out-wifi-wireless-esp-201\/","title":{"rendered":"ESP8266 Serial Port Module Send Receive IO Lead Out WIFI Wireless ESP-201"},"content":{"rendered":"<h2>Modul s\u00e9riov\u00e9ho portu ESP8266 Odosielanie Prij\u00edmanie IO Lead Out WIFI Wireless ESP-201<\/h2>\n<p>&nbsp;<\/p>\n<p>ESP8266 ESP-201 WIFI modul bezdr\u00f4tov\u00e9ho vysiela\u010da a prij\u00edma\u010da<br \/>\nM\u00f4\u017ee by\u0165 pou\u017eit\u00fd ako IO modul<br \/>\nV\u0161etky IO ved\u00fa von<br \/>\nS ant\u00e9nou, \u010falej ako ostatn\u00e9<br \/>\nRozhranie IPX na doske<br \/>\nN\u00edzka spotreba a e\u0161te lacnej\u0161ie<\/p>\n","protected":false},"excerpt":{"rendered":"<p>Modul s\u00e9riov\u00e9ho portu ESP8266 Odosielanie Prij\u00edmanie IO Lead Out WIFI Wireless ESP-201 &nbsp; ESP8266 ESP-201 WIFI modul bezdr\u00f4tov\u00e9ho vysiela\u010da a&hellip;<\/p>\n","protected":false},"featured_media":526,"template":"","meta":{"_monsterinsights_skip_tracking":false,"_monsterinsights_sitenote_active":false,"_monsterinsights_sitenote_note":"","_monsterinsights_sitenote_category":0},"product_cat":[16,33,29],"product_tag":[],"class_list":{"0":"post-525","1":"product","2":"type-product","3":"status-publish","4":"has-post-thumbnail","6":"product_cat-ard","7":"product_cat-wifi","8":"product_cat-wireless-transmission","10":"first","11":"instock","12":"shipping-taxable","13":"purchasable","14":"product-type-simple"},"yoast_head":"<!-- This site is optimized with the Yoast SEO plugin v23.6 - https:\/\/yoast.com\/wordpress\/plugins\/seo\/ -->\n<title>ESP8266 Serial Port Module Send Receive IO Lead Out WIFI Wireless ESP-201 - Arduino e-shop<\/title>\n<meta name=\"robots\" content=\"index, follow, max-snippet:-1, max-image-preview:large, max-video-preview:-1\" \/>\n<link rel=\"canonical\" href=\"https:\/\/www.onetimenexttime.sk\/arduino\/index.php\/produkt\/esp8266-serial-port-module-send-receive-io-lead-out-wifi-wireless-esp-201\/\" \/>\n<meta property=\"og:locale\" content=\"sk_SK\" \/>\n<meta property=\"og:type\" content=\"article\" \/>\n<meta property=\"og:title\" content=\"ESP8266 Serial Port Module Send Receive IO Lead Out WIFI Wireless ESP-201 - Arduino e-shop\" \/>\n<meta property=\"og:description\" content=\"Modul s\u00e9riov\u00e9ho portu ESP8266 Odosielanie Prij\u00edmanie IO Lead Out WIFI Wireless ESP-201 &nbsp; ESP8266 ESP-201 WIFI modul bezdr\u00f4tov\u00e9ho vysiela\u010da a&hellip;\" \/>\n<meta property=\"og:url\" content=\"https:\/\/www.onetimenexttime.sk\/arduino\/index.php\/produkt\/esp8266-serial-port-module-send-receive-io-lead-out-wifi-wireless-esp-201\/\" \/>\n<meta property=\"og:site_name\" content=\"Arduino e-shop\" \/>\n<meta property=\"article:modified_time\" content=\"2021-10-29T06:00:31+00:00\" \/>\n<meta property=\"og:image\" content=\"https:\/\/www.onetimenexttime.sk\/arduino\/wp-content\/uploads\/2021\/10\/117.jpg\" \/>\n\t<meta property=\"og:image:width\" content=\"502\" \/>\n\t<meta property=\"og:image:height\" content=\"504\" \/>\n\t<meta property=\"og:image:type\" content=\"image\/jpeg\" \/>\n<meta name=\"twitter:card\" content=\"summary_large_image\" \/>\n<meta name=\"twitter:label1\" content=\"Predpokladan\u00fd \u010das \u010d\u00edtania\" \/>\n\t<meta name=\"twitter:data1\" content=\"1 min\u00fata\" \/>\n<script type=\"application\/ld+json\" class=\"yoast-schema-graph\">{\"@context\":\"https:\/\/schema.org\",\"@graph\":[{\"@type\":\"WebPage\",\"@id\":\"https:\/\/www.onetimenexttime.sk\/arduino\/index.php\/produkt\/esp8266-serial-port-module-send-receive-io-lead-out-wifi-wireless-esp-201\/\",\"url\":\"https:\/\/www.onetimenexttime.sk\/arduino\/index.php\/produkt\/esp8266-serial-port-module-send-receive-io-lead-out-wifi-wireless-esp-201\/\",\"name\":\"ESP8266 Serial Port Module Send Receive IO Lead Out WIFI Wireless ESP-201 - Arduino e-shop\",\"isPartOf\":{\"@id\":\"https:\/\/www.onetimenexttime.sk\/arduino\/#website\"},\"primaryImageOfPage\":{\"@id\":\"https:\/\/www.onetimenexttime.sk\/arduino\/index.php\/produkt\/esp8266-serial-port-module-send-receive-io-lead-out-wifi-wireless-esp-201\/#primaryimage\"},\"image\":{\"@id\":\"https:\/\/www.onetimenexttime.sk\/arduino\/index.php\/produkt\/esp8266-serial-port-module-send-receive-io-lead-out-wifi-wireless-esp-201\/#primaryimage\"},\"thumbnailUrl\":\"https:\/\/www.onetimenexttime.sk\/arduino\/wp-content\/uploads\/2021\/10\/117.jpg\",\"datePublished\":\"2021-10-29T05:58:05+00:00\",\"dateModified\":\"2021-10-29T06:00:31+00:00\",\"breadcrumb\":{\"@id\":\"https:\/\/www.onetimenexttime.sk\/arduino\/index.php\/produkt\/esp8266-serial-port-module-send-receive-io-lead-out-wifi-wireless-esp-201\/#breadcrumb\"},\"inLanguage\":\"sk-SK\",\"potentialAction\":[{\"@type\":\"ReadAction\",\"target\":[\"https:\/\/www.onetimenexttime.sk\/arduino\/index.php\/produkt\/esp8266-serial-port-module-send-receive-io-lead-out-wifi-wireless-esp-201\/\"]}]},{\"@type\":\"ImageObject\",\"inLanguage\":\"sk-SK\",\"@id\":\"https:\/\/www.onetimenexttime.sk\/arduino\/index.php\/produkt\/esp8266-serial-port-module-send-receive-io-lead-out-wifi-wireless-esp-201\/#primaryimage\",\"url\":\"https:\/\/www.onetimenexttime.sk\/arduino\/wp-content\/uploads\/2021\/10\/117.jpg\",\"contentUrl\":\"https:\/\/www.onetimenexttime.sk\/arduino\/wp-content\/uploads\/2021\/10\/117.jpg\",\"width\":502,\"height\":504},{\"@type\":\"BreadcrumbList\",\"@id\":\"https:\/\/www.onetimenexttime.sk\/arduino\/index.php\/produkt\/esp8266-serial-port-module-send-receive-io-lead-out-wifi-wireless-esp-201\/#breadcrumb\",\"itemListElement\":[{\"@type\":\"ListItem\",\"position\":1,\"name\":\"Domov\",\"item\":\"https:\/\/www.onetimenexttime.sk\/arduino\/\"},{\"@type\":\"ListItem\",\"position\":2,\"name\":\"Obchod\",\"item\":\"https:\/\/www.onetimenexttime.sk\/arduino\/\"},{\"@type\":\"ListItem\",\"position\":3,\"name\":\"ESP8266 Serial Port Module Send Receive IO Lead Out WIFI Wireless ESP-201\"}]},{\"@type\":\"WebSite\",\"@id\":\"https:\/\/www.onetimenexttime.sk\/arduino\/#website\",\"url\":\"https:\/\/www.onetimenexttime.sk\/arduino\/\",\"name\":\"Arduino e-shop\",\"description\":\"Home Assistant\",\"potentialAction\":[{\"@type\":\"SearchAction\",\"target\":{\"@type\":\"EntryPoint\",\"urlTemplate\":\"https:\/\/www.onetimenexttime.sk\/arduino\/?s={search_term_string}\"},\"query-input\":{\"@type\":\"PropertyValueSpecification\",\"valueRequired\":true,\"valueName\":\"search_term_string\"}}],\"inLanguage\":\"sk-SK\"}]}<\/script>\n<!-- \/ Yoast SEO plugin. -->","yoast_head_json":{"title":"ESP8266 Serial Port Module Send Receive IO Lead Out WIFI Wireless ESP-201 - Arduino e-shop","robots":{"index":"index","follow":"follow","max-snippet":"max-snippet:-1","max-image-preview":"max-image-preview:large","max-video-preview":"max-video-preview:-1"},"canonical":"https:\/\/www.onetimenexttime.sk\/arduino\/index.php\/produkt\/esp8266-serial-port-module-send-receive-io-lead-out-wifi-wireless-esp-201\/","og_locale":"sk_SK","og_type":"article","og_title":"ESP8266 Serial Port Module Send Receive IO Lead Out WIFI Wireless ESP-201 - Arduino e-shop","og_description":"Modul s\u00e9riov\u00e9ho portu ESP8266 Odosielanie Prij\u00edmanie IO Lead Out WIFI Wireless ESP-201 &nbsp; ESP8266 ESP-201 WIFI modul bezdr\u00f4tov\u00e9ho vysiela\u010da a&hellip;","og_url":"https:\/\/www.onetimenexttime.sk\/arduino\/index.php\/produkt\/esp8266-serial-port-module-send-receive-io-lead-out-wifi-wireless-esp-201\/","og_site_name":"Arduino e-shop","article_modified_time":"2021-10-29T06:00:31+00:00","og_image":[{"width":502,"height":504,"url":"https:\/\/www.onetimenexttime.sk\/arduino\/wp-content\/uploads\/2021\/10\/117.jpg","type":"image\/jpeg"}],"twitter_card":"summary_large_image","twitter_misc":{"Predpokladan\u00fd \u010das \u010d\u00edtania":"1 min\u00fata"},"schema":{"@context":"https:\/\/schema.org","@graph":[{"@type":"WebPage","@id":"https:\/\/www.onetimenexttime.sk\/arduino\/index.php\/produkt\/esp8266-serial-port-module-send-receive-io-lead-out-wifi-wireless-esp-201\/","url":"https:\/\/www.onetimenexttime.sk\/arduino\/index.php\/produkt\/esp8266-serial-port-module-send-receive-io-lead-out-wifi-wireless-esp-201\/","name":"ESP8266 Serial Port Module Send Receive IO Lead Out WIFI Wireless ESP-201 - Arduino e-shop","isPartOf":{"@id":"https:\/\/www.onetimenexttime.sk\/arduino\/#website"},"primaryImageOfPage":{"@id":"https:\/\/www.onetimenexttime.sk\/arduino\/index.php\/produkt\/esp8266-serial-port-module-send-receive-io-lead-out-wifi-wireless-esp-201\/#primaryimage"},"image":{"@id":"https:\/\/www.onetimenexttime.sk\/arduino\/index.php\/produkt\/esp8266-serial-port-module-send-receive-io-lead-out-wifi-wireless-esp-201\/#primaryimage"},"thumbnailUrl":"https:\/\/www.onetimenexttime.sk\/arduino\/wp-content\/uploads\/2021\/10\/117.jpg","datePublished":"2021-10-29T05:58:05+00:00","dateModified":"2021-10-29T06:00:31+00:00","breadcrumb":{"@id":"https:\/\/www.onetimenexttime.sk\/arduino\/index.php\/produkt\/esp8266-serial-port-module-send-receive-io-lead-out-wifi-wireless-esp-201\/#breadcrumb"},"inLanguage":"sk-SK","potentialAction":[{"@type":"ReadAction","target":["https:\/\/www.onetimenexttime.sk\/arduino\/index.php\/produkt\/esp8266-serial-port-module-send-receive-io-lead-out-wifi-wireless-esp-201\/"]}]},{"@type":"ImageObject","inLanguage":"sk-SK","@id":"https:\/\/www.onetimenexttime.sk\/arduino\/index.php\/produkt\/esp8266-serial-port-module-send-receive-io-lead-out-wifi-wireless-esp-201\/#primaryimage","url":"https:\/\/www.onetimenexttime.sk\/arduino\/wp-content\/uploads\/2021\/10\/117.jpg","contentUrl":"https:\/\/www.onetimenexttime.sk\/arduino\/wp-content\/uploads\/2021\/10\/117.jpg","width":502,"height":504},{"@type":"BreadcrumbList","@id":"https:\/\/www.onetimenexttime.sk\/arduino\/index.php\/produkt\/esp8266-serial-port-module-send-receive-io-lead-out-wifi-wireless-esp-201\/#breadcrumb","itemListElement":[{"@type":"ListItem","position":1,"name":"Domov","item":"https:\/\/www.onetimenexttime.sk\/arduino\/"},{"@type":"ListItem","position":2,"name":"Obchod","item":"https:\/\/www.onetimenexttime.sk\/arduino\/"},{"@type":"ListItem","position":3,"name":"ESP8266 Serial Port Module Send Receive IO Lead Out WIFI Wireless ESP-201"}]},{"@type":"WebSite","@id":"https:\/\/www.onetimenexttime.sk\/arduino\/#website","url":"https:\/\/www.onetimenexttime.sk\/arduino\/","name":"Arduino e-shop","description":"Home Assistant","potentialAction":[{"@type":"SearchAction","target":{"@type":"EntryPoint","urlTemplate":"https:\/\/www.onetimenexttime.sk\/arduino\/?s={search_term_string}"},"query-input":{"@type":"PropertyValueSpecification","valueRequired":true,"valueName":"search_term_string"}}],"inLanguage":"sk-SK"}]}},"_links":{"self":[{"href":"https:\/\/www.onetimenexttime.sk\/arduino\/index.php\/wp-json\/wp\/v2\/product\/525"}],"collection":[{"href":"https:\/\/www.onetimenexttime.sk\/arduino\/index.php\/wp-json\/wp\/v2\/product"}],"about":[{"href":"https:\/\/www.onetimenexttime.sk\/arduino\/index.php\/wp-json\/wp\/v2\/types\/product"}],"wp:featuredmedia":[{"embeddable":true,"href":"https:\/\/www.onetimenexttime.sk\/arduino\/index.php\/wp-json\/wp\/v2\/media\/526"}],"wp:attachment":[{"href":"https:\/\/www.onetimenexttime.sk\/arduino\/index.php\/wp-json\/wp\/v2\/media?parent=525"}],"wp:term":[{"taxonomy":"product_cat","embeddable":true,"href":"https:\/\/www.onetimenexttime.sk\/arduino\/index.php\/wp-json\/wp\/v2\/product_cat?post=525"},{"taxonomy":"product_tag","embeddable":true,"href":"https:\/\/www.onetimenexttime.sk\/arduino\/index.php\/wp-json\/wp\/v2\/product_tag?post=525"}],"curies":[{"name":"wp","href":"https:\/\/api.w.org\/{rel}","templated":true}]}}