{"id":523,"date":"2021-10-29T07:53:19","date_gmt":"2021-10-29T05:53:19","guid":{"rendered":"https:\/\/www.onetimenexttime.sk\/arduino\/?post_type=product&#038;p=523"},"modified":"2021-10-30T12:29:00","modified_gmt":"2021-10-30T10:29:00","slug":"xbee-bluetooth-rs485-sensor-expansion-shield-board-v5-0-for-arduino","status":"publish","type":"product","link":"https:\/\/www.onetimenexttime.sk\/arduino\/index.php\/produkt\/xbee-bluetooth-rs485-sensor-expansion-shield-board-v5-0-for-arduino\/","title":{"rendered":"Xbee Bluetooth RS485 Sensor Expansion Shield Board V5.0 for Arduino"},"content":{"rendered":"<h2>Xbee Bluetooth RS485 Sensor Expansion Shield Board V5.0 pre Arduino<\/h2>\n<p>Na\u0161a IO roz\u0161iruj\u00faca doska sa vyv\u00edja, tento najnov\u0161\u00ed V5 IO roz\u0161iruj\u00faci \u0161t\u00edt teraz podporuje Xbee.<br \/>\nKombinuje n\u00e1\u0161 ob\u013e\u00faben\u00fd Xbee \u0161t\u00edt s IO roz\u0161iruj\u00facim \u0161t\u00edtom (V4).<br \/>\nDokonca podporuje SD kartu, ktor\u00e1 zatia\u013e poskytuje maxim\u00e1lne funk\u010dn\u00e9 roz\u0161\u00edrenie pre Arduino.<br \/>\nAko jeho predchodca podporuje RS485, APC220, Bluetooth komunik\u00e1ciu, servo ovl\u00e1danie.<br \/>\nPodpora RS485 ;Podpora Xbee (Xbee pro) ;Podpora Bluetooth ;Podpora APC220 ;Podpora \u010d\u00edtania\/z\u00e1pisu na SD kartu ;<br \/>\nRoz\u0161\u00edren\u00fdch 14 digit\u00e1lnych IO portov (12 servo rozhranie) a nap\u00e1jania;<br \/>\n6 simula\u010dn\u00fdch IO portov a nap\u00e1jania;<br \/>\nJeden port na pripojenie k meni\u010du nap\u00e1jania;<br \/>\nExtern\u00fd nap\u00e1jac\u00ed zdroj digit\u00e1lneho portu a zabudovan\u00fd vyp\u00edna\u010d automaticky;<br \/>\nExtern\u00fd nap\u00e1jac\u00ed vstupn\u00fd termin\u00e1l a vstupn\u00fd kol\u00edk;<br \/>\nrozhranie RS485;<br \/>\nTla\u010didlo re\u0161tart;<br \/>\nXbee\/Bluetooh Bee bluetooth rozhranie na bezdr\u00f4tov\u00fd prenos d\u00e1t;<br \/>\nAPC220 \/ Bluetooh V3 bluetooth rozhranie na bezdr\u00f4tov\u00fd prenos d\u00e1t;<br \/>\nrozhranie IIC\/I2C\/TWI;<br \/>\n3,3 V v\u00fdstupn\u00fd port;<br \/>\nModul rozhrania karty SD;<br \/>\nMateri\u00e1l: kov + PC<br \/>\nObsah balenia: 1* V5 Xbee Sensor Shield<\/p>\n","protected":false},"excerpt":{"rendered":"<p>Xbee Bluetooth RS485 Sensor Expansion Shield Board V5.0 pre Arduino Na\u0161a IO roz\u0161iruj\u00faca doska sa vyv\u00edja, tento najnov\u0161\u00ed V5 IO&hellip;<\/p>\n","protected":false},"featured_media":524,"template":"","meta":{"_monsterinsights_skip_tracking":false,"_monsterinsights_sitenote_active":false,"_monsterinsights_sitenote_note":"","_monsterinsights_sitenote_category":0},"product_cat":[16,32,29,37],"product_tag":[],"class_list":{"0":"post-523","1":"product","2":"type-product","3":"status-publish","4":"has-post-thumbnail","6":"product_cat-ard","7":"product_cat-bluetooth","8":"product_cat-wireless-transmission","9":"product_cat-zigbee","11":"first","12":"instock","13":"sale","14":"shipping-taxable","15":"purchasable","16":"product-type-simple"},"yoast_head":"<!-- This site is optimized with the Yoast SEO plugin v23.6 - https:\/\/yoast.com\/wordpress\/plugins\/seo\/ -->\n<title>Xbee Bluetooth RS485 Sensor Expansion Shield Board V5.0 for Arduino - Arduino e-shop<\/title>\n<meta name=\"robots\" content=\"index, follow, max-snippet:-1, max-image-preview:large, max-video-preview:-1\" \/>\n<link rel=\"canonical\" href=\"https:\/\/www.onetimenexttime.sk\/arduino\/index.php\/produkt\/xbee-bluetooth-rs485-sensor-expansion-shield-board-v5-0-for-arduino\/\" \/>\n<meta property=\"og:locale\" content=\"sk_SK\" \/>\n<meta property=\"og:type\" content=\"article\" \/>\n<meta property=\"og:title\" content=\"Xbee Bluetooth RS485 Sensor Expansion Shield Board V5.0 for Arduino - Arduino e-shop\" \/>\n<meta property=\"og:description\" content=\"Xbee Bluetooth RS485 Sensor Expansion Shield Board V5.0 pre Arduino Na\u0161a IO roz\u0161iruj\u00faca doska sa vyv\u00edja, tento najnov\u0161\u00ed V5 IO&hellip;\" \/>\n<meta property=\"og:url\" content=\"https:\/\/www.onetimenexttime.sk\/arduino\/index.php\/produkt\/xbee-bluetooth-rs485-sensor-expansion-shield-board-v5-0-for-arduino\/\" \/>\n<meta property=\"og:site_name\" content=\"Arduino e-shop\" \/>\n<meta property=\"article:modified_time\" content=\"2021-10-30T10:29:00+00:00\" \/>\n<meta property=\"og:image\" content=\"https:\/\/www.onetimenexttime.sk\/arduino\/wp-content\/uploads\/2021\/10\/123.jpg\" \/>\n\t<meta property=\"og:image:width\" content=\"502\" \/>\n\t<meta property=\"og:image:height\" content=\"504\" \/>\n\t<meta property=\"og:image:type\" content=\"image\/jpeg\" \/>\n<meta name=\"twitter:card\" content=\"summary_large_image\" \/>\n<meta name=\"twitter:label1\" content=\"Predpokladan\u00fd \u010das \u010d\u00edtania\" \/>\n\t<meta name=\"twitter:data1\" content=\"1 min\u00fata\" \/>\n<script type=\"application\/ld+json\" class=\"yoast-schema-graph\">{\"@context\":\"https:\/\/schema.org\",\"@graph\":[{\"@type\":\"WebPage\",\"@id\":\"https:\/\/www.onetimenexttime.sk\/arduino\/index.php\/produkt\/xbee-bluetooth-rs485-sensor-expansion-shield-board-v5-0-for-arduino\/\",\"url\":\"https:\/\/www.onetimenexttime.sk\/arduino\/index.php\/produkt\/xbee-bluetooth-rs485-sensor-expansion-shield-board-v5-0-for-arduino\/\",\"name\":\"Xbee Bluetooth RS485 Sensor Expansion Shield Board V5.0 for Arduino - Arduino e-shop\",\"isPartOf\":{\"@id\":\"https:\/\/www.onetimenexttime.sk\/arduino\/#website\"},\"primaryImageOfPage\":{\"@id\":\"https:\/\/www.onetimenexttime.sk\/arduino\/index.php\/produkt\/xbee-bluetooth-rs485-sensor-expansion-shield-board-v5-0-for-arduino\/#primaryimage\"},\"image\":{\"@id\":\"https:\/\/www.onetimenexttime.sk\/arduino\/index.php\/produkt\/xbee-bluetooth-rs485-sensor-expansion-shield-board-v5-0-for-arduino\/#primaryimage\"},\"thumbnailUrl\":\"https:\/\/www.onetimenexttime.sk\/arduino\/wp-content\/uploads\/2021\/10\/123.jpg\",\"datePublished\":\"2021-10-29T05:53:19+00:00\",\"dateModified\":\"2021-10-30T10:29:00+00:00\",\"breadcrumb\":{\"@id\":\"https:\/\/www.onetimenexttime.sk\/arduino\/index.php\/produkt\/xbee-bluetooth-rs485-sensor-expansion-shield-board-v5-0-for-arduino\/#breadcrumb\"},\"inLanguage\":\"sk-SK\",\"potentialAction\":[{\"@type\":\"ReadAction\",\"target\":[\"https:\/\/www.onetimenexttime.sk\/arduino\/index.php\/produkt\/xbee-bluetooth-rs485-sensor-expansion-shield-board-v5-0-for-arduino\/\"]}]},{\"@type\":\"ImageObject\",\"inLanguage\":\"sk-SK\",\"@id\":\"https:\/\/www.onetimenexttime.sk\/arduino\/index.php\/produkt\/xbee-bluetooth-rs485-sensor-expansion-shield-board-v5-0-for-arduino\/#primaryimage\",\"url\":\"https:\/\/www.onetimenexttime.sk\/arduino\/wp-content\/uploads\/2021\/10\/123.jpg\",\"contentUrl\":\"https:\/\/www.onetimenexttime.sk\/arduino\/wp-content\/uploads\/2021\/10\/123.jpg\",\"width\":502,\"height\":504},{\"@type\":\"BreadcrumbList\",\"@id\":\"https:\/\/www.onetimenexttime.sk\/arduino\/index.php\/produkt\/xbee-bluetooth-rs485-sensor-expansion-shield-board-v5-0-for-arduino\/#breadcrumb\",\"itemListElement\":[{\"@type\":\"ListItem\",\"position\":1,\"name\":\"Domov\",\"item\":\"https:\/\/www.onetimenexttime.sk\/arduino\/\"},{\"@type\":\"ListItem\",\"position\":2,\"name\":\"Obchod\",\"item\":\"https:\/\/www.onetimenexttime.sk\/arduino\/\"},{\"@type\":\"ListItem\",\"position\":3,\"name\":\"Xbee Bluetooth RS485 Sensor Expansion Shield Board V5.0 for Arduino\"}]},{\"@type\":\"WebSite\",\"@id\":\"https:\/\/www.onetimenexttime.sk\/arduino\/#website\",\"url\":\"https:\/\/www.onetimenexttime.sk\/arduino\/\",\"name\":\"Arduino e-shop\",\"description\":\"Home Assistant\",\"potentialAction\":[{\"@type\":\"SearchAction\",\"target\":{\"@type\":\"EntryPoint\",\"urlTemplate\":\"https:\/\/www.onetimenexttime.sk\/arduino\/?s={search_term_string}\"},\"query-input\":{\"@type\":\"PropertyValueSpecification\",\"valueRequired\":true,\"valueName\":\"search_term_string\"}}],\"inLanguage\":\"sk-SK\"}]}<\/script>\n<!-- \/ Yoast SEO plugin. -->","yoast_head_json":{"title":"Xbee Bluetooth RS485 Sensor Expansion Shield Board V5.0 for Arduino - Arduino e-shop","robots":{"index":"index","follow":"follow","max-snippet":"max-snippet:-1","max-image-preview":"max-image-preview:large","max-video-preview":"max-video-preview:-1"},"canonical":"https:\/\/www.onetimenexttime.sk\/arduino\/index.php\/produkt\/xbee-bluetooth-rs485-sensor-expansion-shield-board-v5-0-for-arduino\/","og_locale":"sk_SK","og_type":"article","og_title":"Xbee Bluetooth RS485 Sensor Expansion Shield Board V5.0 for Arduino - Arduino e-shop","og_description":"Xbee Bluetooth RS485 Sensor Expansion Shield Board V5.0 pre Arduino Na\u0161a IO roz\u0161iruj\u00faca doska sa vyv\u00edja, tento najnov\u0161\u00ed V5 IO&hellip;","og_url":"https:\/\/www.onetimenexttime.sk\/arduino\/index.php\/produkt\/xbee-bluetooth-rs485-sensor-expansion-shield-board-v5-0-for-arduino\/","og_site_name":"Arduino e-shop","article_modified_time":"2021-10-30T10:29:00+00:00","og_image":[{"width":502,"height":504,"url":"https:\/\/www.onetimenexttime.sk\/arduino\/wp-content\/uploads\/2021\/10\/123.jpg","type":"image\/jpeg"}],"twitter_card":"summary_large_image","twitter_misc":{"Predpokladan\u00fd \u010das \u010d\u00edtania":"1 min\u00fata"},"schema":{"@context":"https:\/\/schema.org","@graph":[{"@type":"WebPage","@id":"https:\/\/www.onetimenexttime.sk\/arduino\/index.php\/produkt\/xbee-bluetooth-rs485-sensor-expansion-shield-board-v5-0-for-arduino\/","url":"https:\/\/www.onetimenexttime.sk\/arduino\/index.php\/produkt\/xbee-bluetooth-rs485-sensor-expansion-shield-board-v5-0-for-arduino\/","name":"Xbee Bluetooth RS485 Sensor Expansion Shield Board V5.0 for Arduino - Arduino e-shop","isPartOf":{"@id":"https:\/\/www.onetimenexttime.sk\/arduino\/#website"},"primaryImageOfPage":{"@id":"https:\/\/www.onetimenexttime.sk\/arduino\/index.php\/produkt\/xbee-bluetooth-rs485-sensor-expansion-shield-board-v5-0-for-arduino\/#primaryimage"},"image":{"@id":"https:\/\/www.onetimenexttime.sk\/arduino\/index.php\/produkt\/xbee-bluetooth-rs485-sensor-expansion-shield-board-v5-0-for-arduino\/#primaryimage"},"thumbnailUrl":"https:\/\/www.onetimenexttime.sk\/arduino\/wp-content\/uploads\/2021\/10\/123.jpg","datePublished":"2021-10-29T05:53:19+00:00","dateModified":"2021-10-30T10:29:00+00:00","breadcrumb":{"@id":"https:\/\/www.onetimenexttime.sk\/arduino\/index.php\/produkt\/xbee-bluetooth-rs485-sensor-expansion-shield-board-v5-0-for-arduino\/#breadcrumb"},"inLanguage":"sk-SK","potentialAction":[{"@type":"ReadAction","target":["https:\/\/www.onetimenexttime.sk\/arduino\/index.php\/produkt\/xbee-bluetooth-rs485-sensor-expansion-shield-board-v5-0-for-arduino\/"]}]},{"@type":"ImageObject","inLanguage":"sk-SK","@id":"https:\/\/www.onetimenexttime.sk\/arduino\/index.php\/produkt\/xbee-bluetooth-rs485-sensor-expansion-shield-board-v5-0-for-arduino\/#primaryimage","url":"https:\/\/www.onetimenexttime.sk\/arduino\/wp-content\/uploads\/2021\/10\/123.jpg","contentUrl":"https:\/\/www.onetimenexttime.sk\/arduino\/wp-content\/uploads\/2021\/10\/123.jpg","width":502,"height":504},{"@type":"BreadcrumbList","@id":"https:\/\/www.onetimenexttime.sk\/arduino\/index.php\/produkt\/xbee-bluetooth-rs485-sensor-expansion-shield-board-v5-0-for-arduino\/#breadcrumb","itemListElement":[{"@type":"ListItem","position":1,"name":"Domov","item":"https:\/\/www.onetimenexttime.sk\/arduino\/"},{"@type":"ListItem","position":2,"name":"Obchod","item":"https:\/\/www.onetimenexttime.sk\/arduino\/"},{"@type":"ListItem","position":3,"name":"Xbee Bluetooth RS485 Sensor Expansion Shield Board V5.0 for Arduino"}]},{"@type":"WebSite","@id":"https:\/\/www.onetimenexttime.sk\/arduino\/#website","url":"https:\/\/www.onetimenexttime.sk\/arduino\/","name":"Arduino e-shop","description":"Home Assistant","potentialAction":[{"@type":"SearchAction","target":{"@type":"EntryPoint","urlTemplate":"https:\/\/www.onetimenexttime.sk\/arduino\/?s={search_term_string}"},"query-input":{"@type":"PropertyValueSpecification","valueRequired":true,"valueName":"search_term_string"}}],"inLanguage":"sk-SK"}]}},"_links":{"self":[{"href":"https:\/\/www.onetimenexttime.sk\/arduino\/index.php\/wp-json\/wp\/v2\/product\/523"}],"collection":[{"href":"https:\/\/www.onetimenexttime.sk\/arduino\/index.php\/wp-json\/wp\/v2\/product"}],"about":[{"href":"https:\/\/www.onetimenexttime.sk\/arduino\/index.php\/wp-json\/wp\/v2\/types\/product"}],"wp:featuredmedia":[{"embeddable":true,"href":"https:\/\/www.onetimenexttime.sk\/arduino\/index.php\/wp-json\/wp\/v2\/media\/524"}],"wp:attachment":[{"href":"https:\/\/www.onetimenexttime.sk\/arduino\/index.php\/wp-json\/wp\/v2\/media?parent=523"}],"wp:term":[{"taxonomy":"product_cat","embeddable":true,"href":"https:\/\/www.onetimenexttime.sk\/arduino\/index.php\/wp-json\/wp\/v2\/product_cat?post=523"},{"taxonomy":"product_tag","embeddable":true,"href":"https:\/\/www.onetimenexttime.sk\/arduino\/index.php\/wp-json\/wp\/v2\/product_tag?post=523"}],"curies":[{"name":"wp","href":"https:\/\/api.w.org\/{rel}","templated":true}]}}