{"id":433,"date":"2021-10-23T16:58:20","date_gmt":"2021-10-23T14:58:20","guid":{"rendered":"https:\/\/www.onetimenexttime.sk\/arduino\/?post_type=product&#038;p=433"},"modified":"2021-10-23T17:02:34","modified_gmt":"2021-10-23T15:02:34","slug":"2-8-inch-tft-touch-lcd-screen-display-module-for-arduino-uno-r3","status":"publish","type":"product","link":"https:\/\/www.onetimenexttime.sk\/arduino\/index.php\/produkt\/2-8-inch-tft-touch-lcd-screen-display-module-for-arduino-uno-r3\/","title":{"rendered":"2.8 inch TFT Touch LCD Screen Display Module for arduino UNO R3"},"content":{"rendered":"<h2>2,8 palcov\u00fd dotykov\u00fd displejov\u00fd modul TFT LCD pre arduino UNO R3<\/h2>\n<p>1 2,8 palcov\u00fd TFT LCD displej (s dotykov\u00fdm panelom)<br \/>\n2 ovl\u00e1da\u010d: HX8347I<br \/>\nRozl\u00ed\u0161enie 3 320 x 240<br \/>\n4 SD slot<\/p>\n<p>5 pomocou USB zbernice alebo 9V bat\u00e9rie<br \/>\n6 je mo\u017en\u00e9 priamo zapoji\u0165 na in\u00e9 kompatibiln\u00e9 dosky<br \/>\n7 pon\u00fakaj\u00fa funkciu displeja, dotyku a ulo\u017eenia dosky<\/p>\n<p>Uve\u010fte pros\u00edm nasleduj\u00face \u00fadaje:<br \/>\nTechnick\u00fd list ovl\u00e1da\u010da 1 LCD<br \/>\n2 testovac\u00ed k\u00f3d<br \/>\n3 sch (pdf)<\/p>\n<p>Referencie:<br \/>\nKni\u017enica a \u00fadajov\u00fd list<\/p>\n<p>Balenie obsahuje:<br \/>\n1ks * 2,8 palcov\u00fd TFT LCD displej s modulom dotykovej obrazovky pre s SD micro SD Solt<\/p>\n","protected":false},"excerpt":{"rendered":"<p>2,8 palcov\u00fd dotykov\u00fd displejov\u00fd modul TFT LCD pre arduino UNO R3 1 2,8 palcov\u00fd TFT LCD displej (s dotykov\u00fdm panelom)&hellip;<\/p>\n","protected":false},"featured_media":434,"template":"","meta":{"_monsterinsights_skip_tracking":false,"_monsterinsights_sitenote_active":false,"_monsterinsights_sitenote_note":"","_monsterinsights_sitenote_category":0},"product_cat":[16,25],"product_tag":[],"class_list":{"0":"post-433","1":"product","2":"type-product","3":"status-publish","4":"has-post-thumbnail","6":"product_cat-ard","7":"product_cat-display","9":"first","10":"instock","11":"sale","12":"shipping-taxable","13":"purchasable","14":"product-type-simple"},"yoast_head":"<!-- This site is optimized with the Yoast SEO plugin v23.6 - https:\/\/yoast.com\/wordpress\/plugins\/seo\/ -->\n<title>2.8 inch TFT Touch LCD Screen Display Module for arduino UNO R3 - Arduino e-shop<\/title>\n<meta name=\"robots\" content=\"index, follow, max-snippet:-1, max-image-preview:large, max-video-preview:-1\" \/>\n<link rel=\"canonical\" href=\"https:\/\/www.onetimenexttime.sk\/arduino\/index.php\/produkt\/2-8-inch-tft-touch-lcd-screen-display-module-for-arduino-uno-r3\/\" \/>\n<meta property=\"og:locale\" content=\"sk_SK\" \/>\n<meta property=\"og:type\" content=\"article\" \/>\n<meta property=\"og:title\" content=\"2.8 inch TFT Touch LCD Screen Display Module for arduino UNO R3 - Arduino e-shop\" \/>\n<meta property=\"og:description\" content=\"2,8 palcov\u00fd dotykov\u00fd displejov\u00fd modul TFT LCD pre arduino UNO R3 1 2,8 palcov\u00fd TFT LCD displej (s dotykov\u00fdm panelom)&hellip;\" \/>\n<meta property=\"og:url\" content=\"https:\/\/www.onetimenexttime.sk\/arduino\/index.php\/produkt\/2-8-inch-tft-touch-lcd-screen-display-module-for-arduino-uno-r3\/\" \/>\n<meta property=\"og:site_name\" content=\"Arduino e-shop\" \/>\n<meta property=\"article:modified_time\" content=\"2021-10-23T15:02:34+00:00\" \/>\n<meta property=\"og:image\" content=\"https:\/\/www.onetimenexttime.sk\/arduino\/wp-content\/uploads\/2021\/10\/817.jpg\" \/>\n\t<meta property=\"og:image:width\" content=\"480\" \/>\n\t<meta property=\"og:image:height\" content=\"478\" \/>\n\t<meta property=\"og:image:type\" content=\"image\/jpeg\" \/>\n<meta name=\"twitter:card\" content=\"summary_large_image\" \/>\n<meta name=\"twitter:label1\" content=\"Predpokladan\u00fd \u010das \u010d\u00edtania\" \/>\n\t<meta name=\"twitter:data1\" content=\"1 min\u00fata\" \/>\n<script type=\"application\/ld+json\" class=\"yoast-schema-graph\">{\"@context\":\"https:\/\/schema.org\",\"@graph\":[{\"@type\":\"WebPage\",\"@id\":\"https:\/\/www.onetimenexttime.sk\/arduino\/index.php\/produkt\/2-8-inch-tft-touch-lcd-screen-display-module-for-arduino-uno-r3\/\",\"url\":\"https:\/\/www.onetimenexttime.sk\/arduino\/index.php\/produkt\/2-8-inch-tft-touch-lcd-screen-display-module-for-arduino-uno-r3\/\",\"name\":\"2.8 inch TFT Touch LCD Screen Display Module for arduino UNO R3 - Arduino e-shop\",\"isPartOf\":{\"@id\":\"https:\/\/www.onetimenexttime.sk\/arduino\/#website\"},\"primaryImageOfPage\":{\"@id\":\"https:\/\/www.onetimenexttime.sk\/arduino\/index.php\/produkt\/2-8-inch-tft-touch-lcd-screen-display-module-for-arduino-uno-r3\/#primaryimage\"},\"image\":{\"@id\":\"https:\/\/www.onetimenexttime.sk\/arduino\/index.php\/produkt\/2-8-inch-tft-touch-lcd-screen-display-module-for-arduino-uno-r3\/#primaryimage\"},\"thumbnailUrl\":\"https:\/\/www.onetimenexttime.sk\/arduino\/wp-content\/uploads\/2021\/10\/817.jpg\",\"datePublished\":\"2021-10-23T14:58:20+00:00\",\"dateModified\":\"2021-10-23T15:02:34+00:00\",\"breadcrumb\":{\"@id\":\"https:\/\/www.onetimenexttime.sk\/arduino\/index.php\/produkt\/2-8-inch-tft-touch-lcd-screen-display-module-for-arduino-uno-r3\/#breadcrumb\"},\"inLanguage\":\"sk-SK\",\"potentialAction\":[{\"@type\":\"ReadAction\",\"target\":[\"https:\/\/www.onetimenexttime.sk\/arduino\/index.php\/produkt\/2-8-inch-tft-touch-lcd-screen-display-module-for-arduino-uno-r3\/\"]}]},{\"@type\":\"ImageObject\",\"inLanguage\":\"sk-SK\",\"@id\":\"https:\/\/www.onetimenexttime.sk\/arduino\/index.php\/produkt\/2-8-inch-tft-touch-lcd-screen-display-module-for-arduino-uno-r3\/#primaryimage\",\"url\":\"https:\/\/www.onetimenexttime.sk\/arduino\/wp-content\/uploads\/2021\/10\/817.jpg\",\"contentUrl\":\"https:\/\/www.onetimenexttime.sk\/arduino\/wp-content\/uploads\/2021\/10\/817.jpg\",\"width\":480,\"height\":478},{\"@type\":\"BreadcrumbList\",\"@id\":\"https:\/\/www.onetimenexttime.sk\/arduino\/index.php\/produkt\/2-8-inch-tft-touch-lcd-screen-display-module-for-arduino-uno-r3\/#breadcrumb\",\"itemListElement\":[{\"@type\":\"ListItem\",\"position\":1,\"name\":\"Domov\",\"item\":\"https:\/\/www.onetimenexttime.sk\/arduino\/\"},{\"@type\":\"ListItem\",\"position\":2,\"name\":\"Obchod\",\"item\":\"https:\/\/www.onetimenexttime.sk\/arduino\/\"},{\"@type\":\"ListItem\",\"position\":3,\"name\":\"2.8 inch TFT Touch LCD Screen Display Module for arduino UNO R3\"}]},{\"@type\":\"WebSite\",\"@id\":\"https:\/\/www.onetimenexttime.sk\/arduino\/#website\",\"url\":\"https:\/\/www.onetimenexttime.sk\/arduino\/\",\"name\":\"Arduino e-shop\",\"description\":\"Home Assistant\",\"potentialAction\":[{\"@type\":\"SearchAction\",\"target\":{\"@type\":\"EntryPoint\",\"urlTemplate\":\"https:\/\/www.onetimenexttime.sk\/arduino\/?s={search_term_string}\"},\"query-input\":{\"@type\":\"PropertyValueSpecification\",\"valueRequired\":true,\"valueName\":\"search_term_string\"}}],\"inLanguage\":\"sk-SK\"}]}<\/script>\n<!-- \/ Yoast SEO plugin. -->","yoast_head_json":{"title":"2.8 inch TFT Touch LCD Screen Display Module for arduino UNO R3 - Arduino e-shop","robots":{"index":"index","follow":"follow","max-snippet":"max-snippet:-1","max-image-preview":"max-image-preview:large","max-video-preview":"max-video-preview:-1"},"canonical":"https:\/\/www.onetimenexttime.sk\/arduino\/index.php\/produkt\/2-8-inch-tft-touch-lcd-screen-display-module-for-arduino-uno-r3\/","og_locale":"sk_SK","og_type":"article","og_title":"2.8 inch TFT Touch LCD Screen Display Module for arduino UNO R3 - Arduino e-shop","og_description":"2,8 palcov\u00fd dotykov\u00fd displejov\u00fd modul TFT LCD pre arduino UNO R3 1 2,8 palcov\u00fd TFT LCD displej (s dotykov\u00fdm panelom)&hellip;","og_url":"https:\/\/www.onetimenexttime.sk\/arduino\/index.php\/produkt\/2-8-inch-tft-touch-lcd-screen-display-module-for-arduino-uno-r3\/","og_site_name":"Arduino e-shop","article_modified_time":"2021-10-23T15:02:34+00:00","og_image":[{"width":480,"height":478,"url":"https:\/\/www.onetimenexttime.sk\/arduino\/wp-content\/uploads\/2021\/10\/817.jpg","type":"image\/jpeg"}],"twitter_card":"summary_large_image","twitter_misc":{"Predpokladan\u00fd \u010das \u010d\u00edtania":"1 min\u00fata"},"schema":{"@context":"https:\/\/schema.org","@graph":[{"@type":"WebPage","@id":"https:\/\/www.onetimenexttime.sk\/arduino\/index.php\/produkt\/2-8-inch-tft-touch-lcd-screen-display-module-for-arduino-uno-r3\/","url":"https:\/\/www.onetimenexttime.sk\/arduino\/index.php\/produkt\/2-8-inch-tft-touch-lcd-screen-display-module-for-arduino-uno-r3\/","name":"2.8 inch TFT Touch LCD Screen Display Module for arduino UNO R3 - Arduino e-shop","isPartOf":{"@id":"https:\/\/www.onetimenexttime.sk\/arduino\/#website"},"primaryImageOfPage":{"@id":"https:\/\/www.onetimenexttime.sk\/arduino\/index.php\/produkt\/2-8-inch-tft-touch-lcd-screen-display-module-for-arduino-uno-r3\/#primaryimage"},"image":{"@id":"https:\/\/www.onetimenexttime.sk\/arduino\/index.php\/produkt\/2-8-inch-tft-touch-lcd-screen-display-module-for-arduino-uno-r3\/#primaryimage"},"thumbnailUrl":"https:\/\/www.onetimenexttime.sk\/arduino\/wp-content\/uploads\/2021\/10\/817.jpg","datePublished":"2021-10-23T14:58:20+00:00","dateModified":"2021-10-23T15:02:34+00:00","breadcrumb":{"@id":"https:\/\/www.onetimenexttime.sk\/arduino\/index.php\/produkt\/2-8-inch-tft-touch-lcd-screen-display-module-for-arduino-uno-r3\/#breadcrumb"},"inLanguage":"sk-SK","potentialAction":[{"@type":"ReadAction","target":["https:\/\/www.onetimenexttime.sk\/arduino\/index.php\/produkt\/2-8-inch-tft-touch-lcd-screen-display-module-for-arduino-uno-r3\/"]}]},{"@type":"ImageObject","inLanguage":"sk-SK","@id":"https:\/\/www.onetimenexttime.sk\/arduino\/index.php\/produkt\/2-8-inch-tft-touch-lcd-screen-display-module-for-arduino-uno-r3\/#primaryimage","url":"https:\/\/www.onetimenexttime.sk\/arduino\/wp-content\/uploads\/2021\/10\/817.jpg","contentUrl":"https:\/\/www.onetimenexttime.sk\/arduino\/wp-content\/uploads\/2021\/10\/817.jpg","width":480,"height":478},{"@type":"BreadcrumbList","@id":"https:\/\/www.onetimenexttime.sk\/arduino\/index.php\/produkt\/2-8-inch-tft-touch-lcd-screen-display-module-for-arduino-uno-r3\/#breadcrumb","itemListElement":[{"@type":"ListItem","position":1,"name":"Domov","item":"https:\/\/www.onetimenexttime.sk\/arduino\/"},{"@type":"ListItem","position":2,"name":"Obchod","item":"https:\/\/www.onetimenexttime.sk\/arduino\/"},{"@type":"ListItem","position":3,"name":"2.8 inch TFT Touch LCD Screen Display Module for arduino UNO R3"}]},{"@type":"WebSite","@id":"https:\/\/www.onetimenexttime.sk\/arduino\/#website","url":"https:\/\/www.onetimenexttime.sk\/arduino\/","name":"Arduino e-shop","description":"Home Assistant","potentialAction":[{"@type":"SearchAction","target":{"@type":"EntryPoint","urlTemplate":"https:\/\/www.onetimenexttime.sk\/arduino\/?s={search_term_string}"},"query-input":{"@type":"PropertyValueSpecification","valueRequired":true,"valueName":"search_term_string"}}],"inLanguage":"sk-SK"}]}},"_links":{"self":[{"href":"https:\/\/www.onetimenexttime.sk\/arduino\/index.php\/wp-json\/wp\/v2\/product\/433"}],"collection":[{"href":"https:\/\/www.onetimenexttime.sk\/arduino\/index.php\/wp-json\/wp\/v2\/product"}],"about":[{"href":"https:\/\/www.onetimenexttime.sk\/arduino\/index.php\/wp-json\/wp\/v2\/types\/product"}],"wp:featuredmedia":[{"embeddable":true,"href":"https:\/\/www.onetimenexttime.sk\/arduino\/index.php\/wp-json\/wp\/v2\/media\/434"}],"wp:attachment":[{"href":"https:\/\/www.onetimenexttime.sk\/arduino\/index.php\/wp-json\/wp\/v2\/media?parent=433"}],"wp:term":[{"taxonomy":"product_cat","embeddable":true,"href":"https:\/\/www.onetimenexttime.sk\/arduino\/index.php\/wp-json\/wp\/v2\/product_cat?post=433"},{"taxonomy":"product_tag","embeddable":true,"href":"https:\/\/www.onetimenexttime.sk\/arduino\/index.php\/wp-json\/wp\/v2\/product_tag?post=433"}],"curies":[{"name":"wp","href":"https:\/\/api.w.org\/{rel}","templated":true}]}}