{"id":365,"date":"2021-10-20T12:59:16","date_gmt":"2021-10-20T10:59:16","guid":{"rendered":"https:\/\/www.onetimenexttime.sk\/arduino\/?post_type=product&#038;p=365"},"modified":"2021-10-20T13:01:56","modified_gmt":"2021-10-20T11:01:56","slug":"tf-card-u-disk-mp3-format-decoder-board-module-amplifier-decoding-audio-player","status":"publish","type":"product","link":"https:\/\/www.onetimenexttime.sk\/arduino\/index.php\/produkt\/tf-card-u-disk-mp3-format-decoder-board-module-amplifier-decoding-audio-player\/","title":{"rendered":"TF card U disk MP3 Format decoder board module amplifier decoding audio Player"},"content":{"rendered":"<h2>Karta TF Disk U Dekod\u00e9r Zvukov\u00fd prehr\u00e1va\u010d dek\u00f3dovacieho modulu form\u00e1tu MP3 vo form\u00e1te dek\u00f3dovacieho zvukov\u00e9ho prehr\u00e1va\u010da<\/h2>\n<p><strong>Vlastnosti a v\u00fdhody:<\/strong><\/p>\n<p>&nbsp;<\/p>\n<p>l Vynikaj\u00faca kvalita zvuku. Palubn\u00fd 2W monoamplifier (5V v\u00fdkon a\u017e 3W) je priamo pripojen\u00fd k reproduktoru (odpor\u00fa\u010dan\u00e9 reproduktory 4\u03a93W), 3,5 mm pozl\u00e1ten\u00fd konektor pre sl\u00fachadl\u00e1 je mo\u017en\u00e9 pripoji\u0165 k sl\u00fachadl\u00e1m alebo extern\u00e9mu zvuku.<\/p>\n<p>l S portom aMicroUSB. Prostredn\u00edctvom d\u00e1tovej linky mobiln\u00e9ho telef\u00f3nu je mo\u017en\u00e9 na nap\u00e1janie bat\u00e9rie MP3 pou\u017ei\u0165 nap\u00e1janie z mobiln\u00e9ho telef\u00f3nu alebo k\u00e1bel USB, taktie\u017e je mo\u017en\u00e9 pou\u017ei\u0165 l\u00edtiov\u00fa bat\u00e9riu 3,7 V alebo nap\u00e1janie USB 5 V.<\/p>\n<p>l Podpora karty TF (pam\u00e4\u0165ov\u00e1 karta mobiln\u00e9ho telef\u00f3nu) a re\u017eim disku U<\/p>\n<p>l \u017diadne sp\u00e1jkovanie s reproduktorov\u00fdmi svorkami pre \u013eahk\u00e9 zapojenie.<\/p>\n<p>l Modul je navrhnut\u00fd tak, aby umo\u017e\u0148oval \u00fapravy.<\/p>\n<p>&nbsp;<\/p>\n<p><strong>Preh\u013ead produktu:<\/strong><\/p>\n<p>&nbsp;<\/p>\n<p>1) Podpora form\u00e1tu MP3, automatick\u00e9 zapnutie prehr\u00e1vania. Pri prehr\u00e1van\u00ed mp3 blik\u00e1 \u010derven\u00e1 di\u00f3da LED.<\/p>\n<p>2) Podpora re\u017eimu prehr\u00e1vania disku U (test 32G), karty TF (test 16G); zapnite predvolen\u00fd re\u017eim karty TF, ak karta TF neexistuje, automaticky prejdite na re\u017eim disku U a obe zariadenia s\u00fa nain\u0161talovan\u00e9, potom m\u00f4\u017eete re\u017eim prehr\u00e1vania nastavi\u0165 ru\u010dne. Podrobnosti n\u00e1jdete v k\u013e\u00fa\u010dovom n\u00e1vode na obsluhu.<\/p>\n<p>3) Tla\u010didl\u00e1 je mo\u017en\u00e9 nastavi\u0165 nahor a nadol na ovl\u00e1danie skladieb, zv\u00fd\u0161enie a zn\u00ed\u017eenie hlasitosti, pozastavenie alebo prehr\u00e1vanie, prep\u00ednanie re\u017eimov. Podrobnosti n\u00e1jdete v k\u013e\u00fa\u010dovom n\u00e1vode na obsluhu.<\/p>\n<p>4) Stla\u010den\u00edm tla\u010didla ponuky vst\u00fapte do re\u017eimu prehr\u00e1vania jednej\/v\u0161etk\u00fdch skladieb. Predvolen\u00fd re\u017eim je re\u017eim v\u0161etk\u00fdch skladieb pri zapnut\u00ed. Re\u017eim v obehu m\u00f4\u017eete nahradi\u0165 stla\u010den\u00edm tla\u010didla Opakova\u0165.<\/p>\n<p><strong>K\u013e\u00fa\u010dov\u00e9 prev\u00e1dzkov\u00e9 pokyny:<\/strong><\/p>\n<p>Tla\u010didlo \u201ePrev \/ V&#8211;\u201c: \u201eStla\u010den\u00edm\u201c prepnete predo\u0161l\u00fa skladbu, \u201edlh\u00fdm stla\u010den\u00edm\u201c zn\u00ed\u017eite hlasitos\u0165<\/p>\n<p>Tla\u010didlo \u201e\u010ealej\/v ++\u201c: \u201eStla\u010dte\u201c na prepnutie \u010fal\u0161ej skladby, \u201edlh\u00e9 stla\u010denie\u201c na zv\u00fd\u0161enie hlasitosti.<\/p>\n<p>Tla\u010didlo \u201eP \/ P \/ Mode\u201c: \u201eStla\u010dte\u201c pre prep\u00edna\u010d \u201ePlay \/ Pause\u201c, \u201edlho stla\u010dte\u201c pre disk U, re\u017eim karty TF.<br \/>\nTla\u010didlo \u201eOpakova\u0165\u201c: \u201eStla\u010dte\u201c v re\u017eime \u201ejednej\/v\u0161etk\u00fdch skladieb\u201c (\u017eiadne dlh\u00e9 stla\u010denie)<\/p>\n<p>&nbsp;<\/p>\n<p><strong>Pozn\u00e1mka:<\/strong><\/p>\n<p>1. \u201eDlh\u00e9 stla\u010denie\u201c pribli\u017ene 2S.<br \/>\n2. Ak pou\u017e\u00edvate re\u017eim disku U, odpor\u00fa\u010da sa nap\u00e1janie 5 V a niektor\u00e9 disky U nepodporuj\u00fa nap\u00e1janie 3,7 V.<\/p>\n<p>&nbsp;<\/p>\n<p><strong>\u0160pecifik\u00e1cia v\u00fdrobku:<\/strong><\/p>\n<p>Rozsah v\u00fdkonu: 3,7 ~ 5,5V<\/p>\n<p>Ve\u013ekos\u0165 v\u00fdrobku: 45 mm*36 mm<br \/>\nVynikaj\u00faci dizajn dvojitej dosky, ve\u013ek\u00e1 meden\u00e1 plocha, stabiln\u00e1 a spo\u013eahliv\u00e1.<\/p>\n<p>Pou\u017eitie antistatick\u00e9ho vrecka na zabalenie modulu, aby sa zabr\u00e1nilo elektrostatick\u00e9mu po\u0161kodeniu pri preprave. .<\/p>\n","protected":false},"excerpt":{"rendered":"<p>Karta TF Disk U Dekod\u00e9r Zvukov\u00fd prehr\u00e1va\u010d dek\u00f3dovacieho modulu form\u00e1tu MP3 vo form\u00e1te dek\u00f3dovacieho zvukov\u00e9ho prehr\u00e1va\u010da Vlastnosti a v\u00fdhody: &nbsp;&hellip;<\/p>\n","protected":false},"featured_media":366,"template":"","meta":{"_monsterinsights_skip_tracking":false,"_monsterinsights_sitenote_active":false,"_monsterinsights_sitenote_note":"","_monsterinsights_sitenote_category":0},"product_cat":[16,23],"product_tag":[],"class_list":{"0":"post-365","1":"product","2":"type-product","3":"status-publish","4":"has-post-thumbnail","6":"product_cat-ard","7":"product_cat-audio-modul","9":"first","10":"instock","11":"shipping-taxable","12":"purchasable","13":"product-type-simple"},"yoast_head":"<!-- This site is optimized with the Yoast SEO plugin v23.6 - https:\/\/yoast.com\/wordpress\/plugins\/seo\/ -->\n<title>TF card U disk MP3 Format decoder board module amplifier decoding audio Player - Arduino e-shop<\/title>\n<meta name=\"robots\" content=\"index, follow, max-snippet:-1, max-image-preview:large, max-video-preview:-1\" \/>\n<link rel=\"canonical\" href=\"https:\/\/www.onetimenexttime.sk\/arduino\/index.php\/produkt\/tf-card-u-disk-mp3-format-decoder-board-module-amplifier-decoding-audio-player\/\" \/>\n<meta property=\"og:locale\" content=\"sk_SK\" \/>\n<meta property=\"og:type\" content=\"article\" \/>\n<meta property=\"og:title\" content=\"TF card U disk MP3 Format decoder board module amplifier decoding audio Player - Arduino e-shop\" \/>\n<meta property=\"og:description\" content=\"Karta TF Disk U Dekod\u00e9r Zvukov\u00fd prehr\u00e1va\u010d dek\u00f3dovacieho modulu form\u00e1tu MP3 vo form\u00e1te dek\u00f3dovacieho zvukov\u00e9ho prehr\u00e1va\u010da Vlastnosti a v\u00fdhody: &nbsp;&hellip;\" \/>\n<meta property=\"og:url\" content=\"https:\/\/www.onetimenexttime.sk\/arduino\/index.php\/produkt\/tf-card-u-disk-mp3-format-decoder-board-module-amplifier-decoding-audio-player\/\" \/>\n<meta property=\"og:site_name\" content=\"Arduino e-shop\" \/>\n<meta property=\"article:modified_time\" content=\"2021-10-20T11:01:56+00:00\" \/>\n<meta property=\"og:image\" content=\"https:\/\/www.onetimenexttime.sk\/arduino\/wp-content\/uploads\/2021\/10\/648.jpg\" \/>\n\t<meta property=\"og:image:width\" content=\"523\" \/>\n\t<meta property=\"og:image:height\" content=\"525\" \/>\n\t<meta property=\"og:image:type\" content=\"image\/jpeg\" \/>\n<meta name=\"twitter:card\" content=\"summary_large_image\" \/>\n<meta name=\"twitter:label1\" content=\"Predpokladan\u00fd \u010das \u010d\u00edtania\" \/>\n\t<meta name=\"twitter:data1\" content=\"2 min\u00faty\" \/>\n<script type=\"application\/ld+json\" class=\"yoast-schema-graph\">{\"@context\":\"https:\/\/schema.org\",\"@graph\":[{\"@type\":\"WebPage\",\"@id\":\"https:\/\/www.onetimenexttime.sk\/arduino\/index.php\/produkt\/tf-card-u-disk-mp3-format-decoder-board-module-amplifier-decoding-audio-player\/\",\"url\":\"https:\/\/www.onetimenexttime.sk\/arduino\/index.php\/produkt\/tf-card-u-disk-mp3-format-decoder-board-module-amplifier-decoding-audio-player\/\",\"name\":\"TF card U disk MP3 Format decoder board module amplifier decoding audio Player - Arduino e-shop\",\"isPartOf\":{\"@id\":\"https:\/\/www.onetimenexttime.sk\/arduino\/#website\"},\"primaryImageOfPage\":{\"@id\":\"https:\/\/www.onetimenexttime.sk\/arduino\/index.php\/produkt\/tf-card-u-disk-mp3-format-decoder-board-module-amplifier-decoding-audio-player\/#primaryimage\"},\"image\":{\"@id\":\"https:\/\/www.onetimenexttime.sk\/arduino\/index.php\/produkt\/tf-card-u-disk-mp3-format-decoder-board-module-amplifier-decoding-audio-player\/#primaryimage\"},\"thumbnailUrl\":\"https:\/\/www.onetimenexttime.sk\/arduino\/wp-content\/uploads\/2021\/10\/648.jpg\",\"datePublished\":\"2021-10-20T10:59:16+00:00\",\"dateModified\":\"2021-10-20T11:01:56+00:00\",\"breadcrumb\":{\"@id\":\"https:\/\/www.onetimenexttime.sk\/arduino\/index.php\/produkt\/tf-card-u-disk-mp3-format-decoder-board-module-amplifier-decoding-audio-player\/#breadcrumb\"},\"inLanguage\":\"sk-SK\",\"potentialAction\":[{\"@type\":\"ReadAction\",\"target\":[\"https:\/\/www.onetimenexttime.sk\/arduino\/index.php\/produkt\/tf-card-u-disk-mp3-format-decoder-board-module-amplifier-decoding-audio-player\/\"]}]},{\"@type\":\"ImageObject\",\"inLanguage\":\"sk-SK\",\"@id\":\"https:\/\/www.onetimenexttime.sk\/arduino\/index.php\/produkt\/tf-card-u-disk-mp3-format-decoder-board-module-amplifier-decoding-audio-player\/#primaryimage\",\"url\":\"https:\/\/www.onetimenexttime.sk\/arduino\/wp-content\/uploads\/2021\/10\/648.jpg\",\"contentUrl\":\"https:\/\/www.onetimenexttime.sk\/arduino\/wp-content\/uploads\/2021\/10\/648.jpg\",\"width\":523,\"height\":525},{\"@type\":\"BreadcrumbList\",\"@id\":\"https:\/\/www.onetimenexttime.sk\/arduino\/index.php\/produkt\/tf-card-u-disk-mp3-format-decoder-board-module-amplifier-decoding-audio-player\/#breadcrumb\",\"itemListElement\":[{\"@type\":\"ListItem\",\"position\":1,\"name\":\"Domov\",\"item\":\"https:\/\/www.onetimenexttime.sk\/arduino\/\"},{\"@type\":\"ListItem\",\"position\":2,\"name\":\"Obchod\",\"item\":\"https:\/\/www.onetimenexttime.sk\/arduino\/\"},{\"@type\":\"ListItem\",\"position\":3,\"name\":\"TF card U disk MP3 Format decoder board module amplifier decoding audio Player\"}]},{\"@type\":\"WebSite\",\"@id\":\"https:\/\/www.onetimenexttime.sk\/arduino\/#website\",\"url\":\"https:\/\/www.onetimenexttime.sk\/arduino\/\",\"name\":\"Arduino e-shop\",\"description\":\"Home Assistant\",\"potentialAction\":[{\"@type\":\"SearchAction\",\"target\":{\"@type\":\"EntryPoint\",\"urlTemplate\":\"https:\/\/www.onetimenexttime.sk\/arduino\/?s={search_term_string}\"},\"query-input\":{\"@type\":\"PropertyValueSpecification\",\"valueRequired\":true,\"valueName\":\"search_term_string\"}}],\"inLanguage\":\"sk-SK\"}]}<\/script>\n<!-- \/ Yoast SEO plugin. -->","yoast_head_json":{"title":"TF card U disk MP3 Format decoder board module amplifier decoding audio Player - Arduino e-shop","robots":{"index":"index","follow":"follow","max-snippet":"max-snippet:-1","max-image-preview":"max-image-preview:large","max-video-preview":"max-video-preview:-1"},"canonical":"https:\/\/www.onetimenexttime.sk\/arduino\/index.php\/produkt\/tf-card-u-disk-mp3-format-decoder-board-module-amplifier-decoding-audio-player\/","og_locale":"sk_SK","og_type":"article","og_title":"TF card U disk MP3 Format decoder board module amplifier decoding audio Player - Arduino e-shop","og_description":"Karta TF Disk U Dekod\u00e9r Zvukov\u00fd prehr\u00e1va\u010d dek\u00f3dovacieho modulu form\u00e1tu MP3 vo form\u00e1te dek\u00f3dovacieho zvukov\u00e9ho prehr\u00e1va\u010da Vlastnosti a v\u00fdhody: &nbsp;&hellip;","og_url":"https:\/\/www.onetimenexttime.sk\/arduino\/index.php\/produkt\/tf-card-u-disk-mp3-format-decoder-board-module-amplifier-decoding-audio-player\/","og_site_name":"Arduino e-shop","article_modified_time":"2021-10-20T11:01:56+00:00","og_image":[{"width":523,"height":525,"url":"https:\/\/www.onetimenexttime.sk\/arduino\/wp-content\/uploads\/2021\/10\/648.jpg","type":"image\/jpeg"}],"twitter_card":"summary_large_image","twitter_misc":{"Predpokladan\u00fd \u010das \u010d\u00edtania":"2 min\u00faty"},"schema":{"@context":"https:\/\/schema.org","@graph":[{"@type":"WebPage","@id":"https:\/\/www.onetimenexttime.sk\/arduino\/index.php\/produkt\/tf-card-u-disk-mp3-format-decoder-board-module-amplifier-decoding-audio-player\/","url":"https:\/\/www.onetimenexttime.sk\/arduino\/index.php\/produkt\/tf-card-u-disk-mp3-format-decoder-board-module-amplifier-decoding-audio-player\/","name":"TF card U disk MP3 Format decoder board module amplifier decoding audio Player - Arduino e-shop","isPartOf":{"@id":"https:\/\/www.onetimenexttime.sk\/arduino\/#website"},"primaryImageOfPage":{"@id":"https:\/\/www.onetimenexttime.sk\/arduino\/index.php\/produkt\/tf-card-u-disk-mp3-format-decoder-board-module-amplifier-decoding-audio-player\/#primaryimage"},"image":{"@id":"https:\/\/www.onetimenexttime.sk\/arduino\/index.php\/produkt\/tf-card-u-disk-mp3-format-decoder-board-module-amplifier-decoding-audio-player\/#primaryimage"},"thumbnailUrl":"https:\/\/www.onetimenexttime.sk\/arduino\/wp-content\/uploads\/2021\/10\/648.jpg","datePublished":"2021-10-20T10:59:16+00:00","dateModified":"2021-10-20T11:01:56+00:00","breadcrumb":{"@id":"https:\/\/www.onetimenexttime.sk\/arduino\/index.php\/produkt\/tf-card-u-disk-mp3-format-decoder-board-module-amplifier-decoding-audio-player\/#breadcrumb"},"inLanguage":"sk-SK","potentialAction":[{"@type":"ReadAction","target":["https:\/\/www.onetimenexttime.sk\/arduino\/index.php\/produkt\/tf-card-u-disk-mp3-format-decoder-board-module-amplifier-decoding-audio-player\/"]}]},{"@type":"ImageObject","inLanguage":"sk-SK","@id":"https:\/\/www.onetimenexttime.sk\/arduino\/index.php\/produkt\/tf-card-u-disk-mp3-format-decoder-board-module-amplifier-decoding-audio-player\/#primaryimage","url":"https:\/\/www.onetimenexttime.sk\/arduino\/wp-content\/uploads\/2021\/10\/648.jpg","contentUrl":"https:\/\/www.onetimenexttime.sk\/arduino\/wp-content\/uploads\/2021\/10\/648.jpg","width":523,"height":525},{"@type":"BreadcrumbList","@id":"https:\/\/www.onetimenexttime.sk\/arduino\/index.php\/produkt\/tf-card-u-disk-mp3-format-decoder-board-module-amplifier-decoding-audio-player\/#breadcrumb","itemListElement":[{"@type":"ListItem","position":1,"name":"Domov","item":"https:\/\/www.onetimenexttime.sk\/arduino\/"},{"@type":"ListItem","position":2,"name":"Obchod","item":"https:\/\/www.onetimenexttime.sk\/arduino\/"},{"@type":"ListItem","position":3,"name":"TF card U disk MP3 Format decoder board module amplifier decoding audio Player"}]},{"@type":"WebSite","@id":"https:\/\/www.onetimenexttime.sk\/arduino\/#website","url":"https:\/\/www.onetimenexttime.sk\/arduino\/","name":"Arduino e-shop","description":"Home Assistant","potentialAction":[{"@type":"SearchAction","target":{"@type":"EntryPoint","urlTemplate":"https:\/\/www.onetimenexttime.sk\/arduino\/?s={search_term_string}"},"query-input":{"@type":"PropertyValueSpecification","valueRequired":true,"valueName":"search_term_string"}}],"inLanguage":"sk-SK"}]}},"_links":{"self":[{"href":"https:\/\/www.onetimenexttime.sk\/arduino\/index.php\/wp-json\/wp\/v2\/product\/365"}],"collection":[{"href":"https:\/\/www.onetimenexttime.sk\/arduino\/index.php\/wp-json\/wp\/v2\/product"}],"about":[{"href":"https:\/\/www.onetimenexttime.sk\/arduino\/index.php\/wp-json\/wp\/v2\/types\/product"}],"wp:featuredmedia":[{"embeddable":true,"href":"https:\/\/www.onetimenexttime.sk\/arduino\/index.php\/wp-json\/wp\/v2\/media\/366"}],"wp:attachment":[{"href":"https:\/\/www.onetimenexttime.sk\/arduino\/index.php\/wp-json\/wp\/v2\/media?parent=365"}],"wp:term":[{"taxonomy":"product_cat","embeddable":true,"href":"https:\/\/www.onetimenexttime.sk\/arduino\/index.php\/wp-json\/wp\/v2\/product_cat?post=365"},{"taxonomy":"product_tag","embeddable":true,"href":"https:\/\/www.onetimenexttime.sk\/arduino\/index.php\/wp-json\/wp\/v2\/product_tag?post=365"}],"curies":[{"name":"wp","href":"https:\/\/api.w.org\/{rel}","templated":true}]}}