{"id":317,"date":"2021-10-20T09:08:01","date_gmt":"2021-10-20T07:08:01","guid":{"rendered":"https:\/\/www.onetimenexttime.sk\/arduino\/?post_type=product&#038;p=317"},"modified":"2021-10-20T09:10:42","modified_gmt":"2021-10-20T07:10:42","slug":"hi-fi-pam8610-audio-stereo-amplifier-board-module-dual-d-class-channel-2x10w-12v","status":"publish","type":"product","link":"https:\/\/www.onetimenexttime.sk\/arduino\/index.php\/produkt\/hi-fi-pam8610-audio-stereo-amplifier-board-module-dual-d-class-channel-2x10w-12v\/","title":{"rendered":"Hi-Fi PAM8610 Audio Stereo Amplifier Board Module Dual D Class Channel 2X10W 12V"},"content":{"rendered":"<h2>Doskov\u00fd modul stereof\u00f3nneho zosil\u0148ova\u010da Hi-Fi PAM8610 s du\u00e1lnym kan\u00e1lom triedy D 2X10W 12V<\/h2>\n<p>Doska s obvodom v\u00fdkonov\u00e9ho zosil\u0148ova\u010da navrhnut\u00e1 pod\u013ea ofici\u00e1lneho \u0161tandardu, \u010dip pou\u017e\u00edva v\u00fdber z americk\u00e9ho importovan\u00e9ho origin\u00e1lneho \u010dipu zosil\u0148ova\u010da Longding micro Class D. Dobr\u00fd produktov\u00fd \u010dip je potrebn\u00fd a v\u00e4\u010d\u0161ina milovn\u00edkov hudby sa s n\u00edm chce podeli\u0165, to je na\u0161a d\u00f4sledn\u00e1 filozofia! Zosil\u0148ova\u010d s mimoriadne vysokou \u00fa\u010dinnos\u0165ou, ve\u013ek\u00fdm v\u00fdkonom, v pr\u00edpade nap\u00e1jania 12 V m\u00f4\u017ee produkova\u0165 v\u00fdkon 10 W + 10 W, \u010dip bez plutiev, ale aj s funkciou prehriatia, nadpr\u00fadovou ochranou, o funkcii mo\u017eno poveda\u0165, \u017ee je ve\u013emi mocn\u00fd.<\/p>\n<p>Doska zosil\u0148ova\u010da je st\u00e1le \u0165a\u017ek\u00e9 ovl\u00e1da\u0165 dvoma 15W reproduktormi, vysoko \u00fa\u010dinn\u00e1 doska zosil\u0148ova\u010da triedy D \u010dist\u00e1 nie je sf\u00faknut\u00e1, najvhodnej\u0161ia pre mal\u00e9 miestnosti po\u010d\u00favaj\u00face hudbu.<\/p>\n<p>Pri pou\u017eit\u00ed \u010dipovej dosky zosil\u0148ova\u010da Spike TDA2030, TDA2030 (15W + 15W) mus\u00edte pou\u017ei\u0165 ve\u013ek\u00fd chladi\u010d. T\u00e1to tradi\u010dn\u00e1 15W doska zosil\u0148ova\u010da na ovl\u00e1danie dvoch reproduktorov a vysoko\u00fa\u010dinn\u00e1 doska zosil\u0148ova\u010da PAM8410 triedy D potrebuje iba dva 15W reproduktory. mal\u00fd chladi\u010d, super \u00fa\u010dinn\u00fd super v\u00fdkon, kvalita zvuku je skvel\u00e1.<\/p>\n<p>\u00daprava:<\/p>\n<p>1. P\u00f4vodn\u00fd \u010dip PAM8610 spolo\u010dnosti Analog Microelectronics America ako \u010dip zosil\u0148ova\u010da, v\u00fdkon m\u00f4\u017ee dosiahnu\u0165 10W + 10W.<\/p>\n<p>2. Preto\u017ee po\u017eiadavky na \u010dist\u00fd v\u00fdkon zosil\u0148ova\u010da triedy D s\u00fa relat\u00edvne vysok\u00e9, v\u00fdhradn\u00e9 pou\u017eitie kondenz\u00e1torov\u00e9ho filtra nad\u0161enca doskov\u00e9ho zosil\u0148ova\u010da 2200UF eliminuje v\u00fdmenu hlasu bez ru\u0161enia, \u010dist\u00fa kvalitu zvuku.<\/p>\n<p>3. Pou\u017eit\u00edm automatickej v\u00fdroby umiest\u0148ovac\u00edch strojov je doska kraj\u0161ia.<\/p>\n<p>4. Odizolujte \u0161tandardn\u00fa elektrick\u00fa z\u00e1suvku 5,5 x 2,5, vstup je ve\u013emi pohodln\u00fd. (Pozit\u00edvne zvonku a negat\u00edvne vn\u00fatri)<\/p>\n<p>Ned\u00e1vno sme zistili, \u017ee k\u00fapa tohto produktu na kop\u00edrovanie, spracovanie, n\u00e1vrh plo\u0161n\u00fdch spojov a kondenz\u00e1torov\u00e9 materi\u00e1ly nie s\u00fa dobr\u00e9, ako my, m\u00e1me absol\u00fatny import origin\u00e1lneho integrovan\u00e9ho obvodu v spojen\u00ed s vynikaj\u00facim dizajnom plo\u0161n\u00fdch spojov a sp\u00e1jkovan\u00edm umiestnen\u00edm stroja, stabiln\u00fd a spo\u013eahliv\u00fd v\u00fdkon.<\/p>\n<p>\u010cip \u010distej triedy D bez plutiev dok\u00e1\u017ee otvori\u0165 detona\u010dn\u00fa hudbu a teraz mus\u00edme \u010dipova\u0165 aj chladi\u010d, nemus\u00edte sa b\u00e1\u0165 prehriatia. !<\/p>\n<p>Preh\u013ead:<\/p>\n<p>Ke\u010f nap\u00e1jacie nap\u00e4tie DC 8V-12V, PAM8610 dok\u00e1\u017ee 4\u03a9 za\u0165a\u017ei\u0165 v\u00fdstupn\u00fd v\u00fdkon 10W + 10W, vysokokvalitn\u00fd zvuk.<\/p>\n<p>Technick\u00e9 parametre:<\/p>\n<p>V\u00fdkon: zvy\u010dajne 10 W.<\/p>\n<p>Nap\u00e4tie: DC DC8V-12V<\/p>\n<p>M\u00f4\u017ee poh\u00e1\u0148a\u0165 reproduktory: 10W -15W, 4-8 Euro Euro<\/p>\n<p>Vstavan\u00fd obvod potla\u010denia zvuku pri n\u00e1raze, \u017eiadny zvuk pri n\u00e1raze<\/p>\n<p>Fyzick\u00fd obraz:<\/p>\n<p>Kompaktn\u00e1 doska, 3,5 mm stereo vstupn\u00e9 audio rozhranie, \u0161tandardn\u00fd zvukov\u00fd vstup. S plne uzavret\u00fdm potenciometrom ovl\u00e1dania hlasitosti je mo\u017en\u00e9 \u013eubovo\u013ene nastavi\u0165 hlasitos\u0165, pou\u017eitie a in\u0161tal\u00e1cia s\u00fa ve\u013emi flexibiln\u00e9 a pohodln\u00e9<\/p>\n<p>Ako integrovan\u00fd obvod v\u00fdkonov\u00e9ho zosil\u0148ova\u010da pou\u017eite origin\u00e1lny zosil\u0148ovac\u00ed \u010dip PAM8610 Pure D triedy American Power Analog Microelectronics, maximum, ktor\u00e9 m\u00f4\u017ee poskytn\u00fa\u0165 v\u00fdkon 10 W + 10 W, neuverite\u013en\u00fd zvuk.<\/p>\n<p>Upratan\u00e1 \u010diara umiestnenia s\u00fa\u010diastok do DPS pod\u013ea noriem USA FCC, v\u0161etky pou\u017e\u00edvaj\u00fa origin\u00e1lne s\u00fa\u010diastky vyu\u017e\u00edvaj\u00face zariadenia schopn\u00e9 dlhodobej stability.<\/p>\n<p>Hviezda v\u00fdtvarn\u00e9ho umenia v centre pozornosti Elektronick\u00e1 v\u00fdroba trv\u00e1 na tom, \u017ee jedin\u00fdm nov\u00fdm prvkom boli v\u00fdrobky vyspel\u00e9 na trhu, n\u00e1kup si bu\u010fte ist\u00ed.<\/p>\n<p>Pou\u017eite nad\u0161en\u00fd kondenz\u00e1tor 2200UF, aby bola zaisten\u00e1 \u010dist\u00e1 kvalita zvuku.<\/p>\n<p>Ve\u013ekos\u0165 dosky: dlh\u00e1 40 mmX (bez vy\u010dnievaj\u00facich \u010dast\u00ed potenciometra hlasitosti at\u010f.) \u0160irok\u00e1 o 19 40 mmX<\/p>\n<p>Subjekt\u00edvny zvukov\u00fd z\u00e1\u017eitok:<\/p>\n<p>Nap\u00e1janie PAM8610 (10 W) na v\u00e4\u010d\u0161\u00ed a v\u00fdkonnej\u0161\u00ed reproduktor PAM8406 (6 W) m\u00f4\u017ee ovl\u00e1da\u0165, t\u00e1to doska zosil\u0148ova\u010da dok\u00e1\u017ee ovl\u00e1da\u0165 dva 25 W reproduktory.<\/p>\n<p>Po\u010d\u00favajte skuto\u010dne prekvapene, je \u0165a\u017ek\u00e9 uveri\u0165, \u017ee tak\u00fd mal\u00fd k\u00fasok \u010dipu m\u00f4\u017ee ma\u0165 tak\u00fd ve\u013ek\u00fd objem, stereo efekt je ve\u013emi dobr\u00fd, \u010do nazna\u010duje vysok\u00fd stupe\u0148 oddelenia kan\u00e1lov \u010dipu. V pr\u00edpade prehr\u00e1vania hudby bol v\u00fdkon lep\u0161\u00ed, ako sa o\u010dak\u00e1valo, \u010dip s minim\u00e1lnym zahrievan\u00edm, zvuk bol \u00fa\u017easn\u00fd, transparentnej\u0161ie v\u00fd\u0161ky, basy alebo ur\u010dit\u00e9 mno\u017estvo, kvalita v malom zosil\u0148ova\u010di na hornej \u00farovni, po\u010d\u00favanie hudby z ve\u013emi pohodln\u00e9.<\/p>\n<p>&nbsp;<\/p>\n<p>Opatrenia:<\/p>\n<p>1: Nap\u00e1jacie nap\u00e4tie nesmie prekro\u010di\u0165 12V<\/p>\n<p>Pripojenie reproduktora 2: 4 je \u00faplne nez\u00e1visl\u00e9, neumo\u017e\u0148uje \u00fapln\u00fd pr\u00edstup!<\/p>\n<p>Len jeden z pr\u00edpadov sa objav\u00ed okam\u017eite nap\u00e1li\u0165 IC<\/p>\n","protected":false},"excerpt":{"rendered":"<p>Doskov\u00fd modul stereof\u00f3nneho zosil\u0148ova\u010da Hi-Fi PAM8610 s du\u00e1lnym kan\u00e1lom triedy D 2X10W 12V Doska s obvodom v\u00fdkonov\u00e9ho zosil\u0148ova\u010da navrhnut\u00e1 pod\u013ea&hellip;<\/p>\n","protected":false},"featured_media":318,"template":"","meta":{"_monsterinsights_skip_tracking":false,"_monsterinsights_sitenote_active":false,"_monsterinsights_sitenote_note":"","_monsterinsights_sitenote_category":0},"product_cat":[16,23],"product_tag":[],"class_list":{"0":"post-317","1":"product","2":"type-product","3":"status-publish","4":"has-post-thumbnail","6":"product_cat-ard","7":"product_cat-audio-modul","9":"first","10":"instock","11":"shipping-taxable","12":"purchasable","13":"product-type-simple"},"yoast_head":"<!-- This site is optimized with the Yoast SEO plugin v23.6 - https:\/\/yoast.com\/wordpress\/plugins\/seo\/ -->\n<title>Hi-Fi PAM8610 Audio Stereo Amplifier Board Module Dual D Class Channel 2X10W 12V - Arduino e-shop<\/title>\n<meta name=\"robots\" content=\"index, follow, max-snippet:-1, max-image-preview:large, max-video-preview:-1\" \/>\n<link rel=\"canonical\" href=\"https:\/\/www.onetimenexttime.sk\/arduino\/index.php\/produkt\/hi-fi-pam8610-audio-stereo-amplifier-board-module-dual-d-class-channel-2x10w-12v\/\" \/>\n<meta property=\"og:locale\" content=\"sk_SK\" \/>\n<meta property=\"og:type\" content=\"article\" \/>\n<meta property=\"og:title\" content=\"Hi-Fi PAM8610 Audio Stereo Amplifier Board Module Dual D Class Channel 2X10W 12V - Arduino e-shop\" \/>\n<meta property=\"og:description\" content=\"Doskov\u00fd modul stereof\u00f3nneho zosil\u0148ova\u010da Hi-Fi PAM8610 s du\u00e1lnym kan\u00e1lom triedy D 2X10W 12V Doska s obvodom v\u00fdkonov\u00e9ho zosil\u0148ova\u010da navrhnut\u00e1 pod\u013ea&hellip;\" \/>\n<meta property=\"og:url\" content=\"https:\/\/www.onetimenexttime.sk\/arduino\/index.php\/produkt\/hi-fi-pam8610-audio-stereo-amplifier-board-module-dual-d-class-channel-2x10w-12v\/\" \/>\n<meta property=\"og:site_name\" content=\"Arduino e-shop\" \/>\n<meta property=\"article:modified_time\" content=\"2021-10-20T07:10:42+00:00\" \/>\n<meta property=\"og:image\" content=\"https:\/\/www.onetimenexttime.sk\/arduino\/wp-content\/uploads\/2021\/10\/643.jpg\" \/>\n\t<meta property=\"og:image:width\" content=\"511\" \/>\n\t<meta property=\"og:image:height\" content=\"510\" \/>\n\t<meta property=\"og:image:type\" content=\"image\/jpeg\" \/>\n<meta name=\"twitter:card\" content=\"summary_large_image\" \/>\n<meta name=\"twitter:label1\" content=\"Predpokladan\u00fd \u010das \u010d\u00edtania\" \/>\n\t<meta name=\"twitter:data1\" content=\"1 min\u00fata\" \/>\n<script type=\"application\/ld+json\" class=\"yoast-schema-graph\">{\"@context\":\"https:\/\/schema.org\",\"@graph\":[{\"@type\":\"WebPage\",\"@id\":\"https:\/\/www.onetimenexttime.sk\/arduino\/index.php\/produkt\/hi-fi-pam8610-audio-stereo-amplifier-board-module-dual-d-class-channel-2x10w-12v\/\",\"url\":\"https:\/\/www.onetimenexttime.sk\/arduino\/index.php\/produkt\/hi-fi-pam8610-audio-stereo-amplifier-board-module-dual-d-class-channel-2x10w-12v\/\",\"name\":\"Hi-Fi PAM8610 Audio Stereo Amplifier Board Module Dual D Class Channel 2X10W 12V - Arduino e-shop\",\"isPartOf\":{\"@id\":\"https:\/\/www.onetimenexttime.sk\/arduino\/#website\"},\"primaryImageOfPage\":{\"@id\":\"https:\/\/www.onetimenexttime.sk\/arduino\/index.php\/produkt\/hi-fi-pam8610-audio-stereo-amplifier-board-module-dual-d-class-channel-2x10w-12v\/#primaryimage\"},\"image\":{\"@id\":\"https:\/\/www.onetimenexttime.sk\/arduino\/index.php\/produkt\/hi-fi-pam8610-audio-stereo-amplifier-board-module-dual-d-class-channel-2x10w-12v\/#primaryimage\"},\"thumbnailUrl\":\"https:\/\/www.onetimenexttime.sk\/arduino\/wp-content\/uploads\/2021\/10\/643.jpg\",\"datePublished\":\"2021-10-20T07:08:01+00:00\",\"dateModified\":\"2021-10-20T07:10:42+00:00\",\"breadcrumb\":{\"@id\":\"https:\/\/www.onetimenexttime.sk\/arduino\/index.php\/produkt\/hi-fi-pam8610-audio-stereo-amplifier-board-module-dual-d-class-channel-2x10w-12v\/#breadcrumb\"},\"inLanguage\":\"sk-SK\",\"potentialAction\":[{\"@type\":\"ReadAction\",\"target\":[\"https:\/\/www.onetimenexttime.sk\/arduino\/index.php\/produkt\/hi-fi-pam8610-audio-stereo-amplifier-board-module-dual-d-class-channel-2x10w-12v\/\"]}]},{\"@type\":\"ImageObject\",\"inLanguage\":\"sk-SK\",\"@id\":\"https:\/\/www.onetimenexttime.sk\/arduino\/index.php\/produkt\/hi-fi-pam8610-audio-stereo-amplifier-board-module-dual-d-class-channel-2x10w-12v\/#primaryimage\",\"url\":\"https:\/\/www.onetimenexttime.sk\/arduino\/wp-content\/uploads\/2021\/10\/643.jpg\",\"contentUrl\":\"https:\/\/www.onetimenexttime.sk\/arduino\/wp-content\/uploads\/2021\/10\/643.jpg\",\"width\":511,\"height\":510},{\"@type\":\"BreadcrumbList\",\"@id\":\"https:\/\/www.onetimenexttime.sk\/arduino\/index.php\/produkt\/hi-fi-pam8610-audio-stereo-amplifier-board-module-dual-d-class-channel-2x10w-12v\/#breadcrumb\",\"itemListElement\":[{\"@type\":\"ListItem\",\"position\":1,\"name\":\"Domov\",\"item\":\"https:\/\/www.onetimenexttime.sk\/arduino\/\"},{\"@type\":\"ListItem\",\"position\":2,\"name\":\"Obchod\",\"item\":\"https:\/\/www.onetimenexttime.sk\/arduino\/\"},{\"@type\":\"ListItem\",\"position\":3,\"name\":\"Hi-Fi PAM8610 Audio Stereo Amplifier Board Module Dual D Class Channel 2X10W 12V\"}]},{\"@type\":\"WebSite\",\"@id\":\"https:\/\/www.onetimenexttime.sk\/arduino\/#website\",\"url\":\"https:\/\/www.onetimenexttime.sk\/arduino\/\",\"name\":\"Arduino e-shop\",\"description\":\"Home Assistant\",\"potentialAction\":[{\"@type\":\"SearchAction\",\"target\":{\"@type\":\"EntryPoint\",\"urlTemplate\":\"https:\/\/www.onetimenexttime.sk\/arduino\/?s={search_term_string}\"},\"query-input\":{\"@type\":\"PropertyValueSpecification\",\"valueRequired\":true,\"valueName\":\"search_term_string\"}}],\"inLanguage\":\"sk-SK\"}]}<\/script>\n<!-- \/ Yoast SEO plugin. -->","yoast_head_json":{"title":"Hi-Fi PAM8610 Audio Stereo Amplifier Board Module Dual D Class Channel 2X10W 12V - Arduino e-shop","robots":{"index":"index","follow":"follow","max-snippet":"max-snippet:-1","max-image-preview":"max-image-preview:large","max-video-preview":"max-video-preview:-1"},"canonical":"https:\/\/www.onetimenexttime.sk\/arduino\/index.php\/produkt\/hi-fi-pam8610-audio-stereo-amplifier-board-module-dual-d-class-channel-2x10w-12v\/","og_locale":"sk_SK","og_type":"article","og_title":"Hi-Fi PAM8610 Audio Stereo Amplifier Board Module Dual D Class Channel 2X10W 12V - Arduino e-shop","og_description":"Doskov\u00fd modul stereof\u00f3nneho zosil\u0148ova\u010da Hi-Fi PAM8610 s du\u00e1lnym kan\u00e1lom triedy D 2X10W 12V Doska s obvodom v\u00fdkonov\u00e9ho zosil\u0148ova\u010da navrhnut\u00e1 pod\u013ea&hellip;","og_url":"https:\/\/www.onetimenexttime.sk\/arduino\/index.php\/produkt\/hi-fi-pam8610-audio-stereo-amplifier-board-module-dual-d-class-channel-2x10w-12v\/","og_site_name":"Arduino e-shop","article_modified_time":"2021-10-20T07:10:42+00:00","og_image":[{"width":511,"height":510,"url":"https:\/\/www.onetimenexttime.sk\/arduino\/wp-content\/uploads\/2021\/10\/643.jpg","type":"image\/jpeg"}],"twitter_card":"summary_large_image","twitter_misc":{"Predpokladan\u00fd \u010das \u010d\u00edtania":"1 min\u00fata"},"schema":{"@context":"https:\/\/schema.org","@graph":[{"@type":"WebPage","@id":"https:\/\/www.onetimenexttime.sk\/arduino\/index.php\/produkt\/hi-fi-pam8610-audio-stereo-amplifier-board-module-dual-d-class-channel-2x10w-12v\/","url":"https:\/\/www.onetimenexttime.sk\/arduino\/index.php\/produkt\/hi-fi-pam8610-audio-stereo-amplifier-board-module-dual-d-class-channel-2x10w-12v\/","name":"Hi-Fi PAM8610 Audio Stereo Amplifier Board Module Dual D Class Channel 2X10W 12V - Arduino e-shop","isPartOf":{"@id":"https:\/\/www.onetimenexttime.sk\/arduino\/#website"},"primaryImageOfPage":{"@id":"https:\/\/www.onetimenexttime.sk\/arduino\/index.php\/produkt\/hi-fi-pam8610-audio-stereo-amplifier-board-module-dual-d-class-channel-2x10w-12v\/#primaryimage"},"image":{"@id":"https:\/\/www.onetimenexttime.sk\/arduino\/index.php\/produkt\/hi-fi-pam8610-audio-stereo-amplifier-board-module-dual-d-class-channel-2x10w-12v\/#primaryimage"},"thumbnailUrl":"https:\/\/www.onetimenexttime.sk\/arduino\/wp-content\/uploads\/2021\/10\/643.jpg","datePublished":"2021-10-20T07:08:01+00:00","dateModified":"2021-10-20T07:10:42+00:00","breadcrumb":{"@id":"https:\/\/www.onetimenexttime.sk\/arduino\/index.php\/produkt\/hi-fi-pam8610-audio-stereo-amplifier-board-module-dual-d-class-channel-2x10w-12v\/#breadcrumb"},"inLanguage":"sk-SK","potentialAction":[{"@type":"ReadAction","target":["https:\/\/www.onetimenexttime.sk\/arduino\/index.php\/produkt\/hi-fi-pam8610-audio-stereo-amplifier-board-module-dual-d-class-channel-2x10w-12v\/"]}]},{"@type":"ImageObject","inLanguage":"sk-SK","@id":"https:\/\/www.onetimenexttime.sk\/arduino\/index.php\/produkt\/hi-fi-pam8610-audio-stereo-amplifier-board-module-dual-d-class-channel-2x10w-12v\/#primaryimage","url":"https:\/\/www.onetimenexttime.sk\/arduino\/wp-content\/uploads\/2021\/10\/643.jpg","contentUrl":"https:\/\/www.onetimenexttime.sk\/arduino\/wp-content\/uploads\/2021\/10\/643.jpg","width":511,"height":510},{"@type":"BreadcrumbList","@id":"https:\/\/www.onetimenexttime.sk\/arduino\/index.php\/produkt\/hi-fi-pam8610-audio-stereo-amplifier-board-module-dual-d-class-channel-2x10w-12v\/#breadcrumb","itemListElement":[{"@type":"ListItem","position":1,"name":"Domov","item":"https:\/\/www.onetimenexttime.sk\/arduino\/"},{"@type":"ListItem","position":2,"name":"Obchod","item":"https:\/\/www.onetimenexttime.sk\/arduino\/"},{"@type":"ListItem","position":3,"name":"Hi-Fi PAM8610 Audio Stereo Amplifier Board Module Dual D Class Channel 2X10W 12V"}]},{"@type":"WebSite","@id":"https:\/\/www.onetimenexttime.sk\/arduino\/#website","url":"https:\/\/www.onetimenexttime.sk\/arduino\/","name":"Arduino e-shop","description":"Home Assistant","potentialAction":[{"@type":"SearchAction","target":{"@type":"EntryPoint","urlTemplate":"https:\/\/www.onetimenexttime.sk\/arduino\/?s={search_term_string}"},"query-input":{"@type":"PropertyValueSpecification","valueRequired":true,"valueName":"search_term_string"}}],"inLanguage":"sk-SK"}]}},"_links":{"self":[{"href":"https:\/\/www.onetimenexttime.sk\/arduino\/index.php\/wp-json\/wp\/v2\/product\/317"}],"collection":[{"href":"https:\/\/www.onetimenexttime.sk\/arduino\/index.php\/wp-json\/wp\/v2\/product"}],"about":[{"href":"https:\/\/www.onetimenexttime.sk\/arduino\/index.php\/wp-json\/wp\/v2\/types\/product"}],"wp:featuredmedia":[{"embeddable":true,"href":"https:\/\/www.onetimenexttime.sk\/arduino\/index.php\/wp-json\/wp\/v2\/media\/318"}],"wp:attachment":[{"href":"https:\/\/www.onetimenexttime.sk\/arduino\/index.php\/wp-json\/wp\/v2\/media?parent=317"}],"wp:term":[{"taxonomy":"product_cat","embeddable":true,"href":"https:\/\/www.onetimenexttime.sk\/arduino\/index.php\/wp-json\/wp\/v2\/product_cat?post=317"},{"taxonomy":"product_tag","embeddable":true,"href":"https:\/\/www.onetimenexttime.sk\/arduino\/index.php\/wp-json\/wp\/v2\/product_tag?post=317"}],"curies":[{"name":"wp","href":"https:\/\/api.w.org\/{rel}","templated":true}]}}