{"id":272,"date":"2021-10-18T19:26:42","date_gmt":"2021-10-18T17:26:42","guid":{"rendered":"https:\/\/www.onetimenexttime.sk\/arduino\/?post_type=product&#038;p=272"},"modified":"2021-10-18T19:29:50","modified_gmt":"2021-10-18T17:29:50","slug":"talk-sms-sim900a-module-gsm-gprs-wireless-data-transmission-passthrough-minimum-v4-version","status":"publish","type":"product","link":"https:\/\/www.onetimenexttime.sk\/arduino\/index.php\/produkt\/talk-sms-sim900a-module-gsm-gprs-wireless-data-transmission-passthrough-minimum-v4-version\/","title":{"rendered":"Talk SMS SIM900A module GSM \/ GPRS wireless data transmission passthrough minimum V4 version"},"content":{"rendered":"<p>Modul Talk SMS SIM900A Bezdr\u00f4tov\u00fd prenos d\u00e1t GSM \/ GPRS minim\u00e1lna verzia V4<\/p>\n<p>&nbsp;<\/p>\n<p>Tento modul je extr\u00e9mne stabiln\u00fd, pr\u00fad 2A, modul pou\u017e\u00edva s\u00e9riov\u00fa komunik\u00e1ciu TTL, priame dokovanie pomocou s\u00e9riov\u00e9ho mikrokontrol\u00e9ra, ARM, je to pohodln\u00e9, podpora \u00farovne 3,3 ~ 5V.<\/p>\n<p>\u0160t\u00fadio uviedlo na trh vylep\u0161en\u00fa verziu \u0161tvrtej ed\u00edcie modulu SIM900A, bol vydan\u00fd, tento modul bez ur\u010dovania polohy, integrovan\u00e1 ant\u00e9na, m\u00f4\u017ee odosiela\u0165 a prij\u00edma\u0165 SMS, \u00fadaje GPRS, transparentn\u00fd prenos, mno\u017estvo dostupn\u00fdch bal\u00edkov, bezplatn\u00e1 doprava zdarma ! ! \u010cist\u00fd predaj so stratou! ! ! Ve\u013ek\u00fd pr\u00edbytok<\/p>\n<p>Rozhranie modulu a konfigur\u00e1cia modulu je nasledovn\u00e1:<br \/>\nNa palube obrovsk\u00e9ho tantalu, medenej ant\u00e9ny, automatick\u00e9ho nap\u00e1jacieho obvodu, nabit\u00fdch n\u00e1hradn\u00fdch obvodov\u00fdch kariet, vstupu a v\u00fdstupu mikrof\u00f3nu n\u00e1hlavnej s\u00fapravy, obvodu sp\u00e1nku a resetovacieho obvodu.<\/p>\n<p>O sile<\/p>\n<p>Verzia 5V: Tento modul nap\u00e1ja rozsah 4,5V ~ 5,5V, m\u00f4\u017eete pou\u017ei\u0165 modul USB3.0 alebo 5V sp\u00ednan\u00fd nap\u00e1jac\u00ed modul pre GSM, ale pam\u00e4tajte na to, \u017ee nie je v\u00e4\u010d\u0161\u00ed ako 5,5V, inak bude horie\u0165! ! !<\/p>\n<p>Verzia 4,2 V: Tento nap\u00e1jac\u00ed modul m\u00e1 rozsah 3,5 V a\u017e 4,8 V, modul m\u00f4\u017ee by\u0165 nap\u00e1jan\u00fd l\u00edtiovou bat\u00e9riou, ale pam\u00e4tajte na to, \u017ee nesmie by\u0165 v\u00e4\u010d\u0161\u00ed ako 4,8 V, inak bude horie\u0165! ! !<\/p>\n<p>O seri\u00e1li<\/p>\n<p>Tento modul je rozhran\u00edm na \u00farovni TTL, je mo\u017en\u00e9 ho priamo pripoji\u0165 k MCU, ARM bez prevodn\u00fdch zariaden\u00ed a na komunik\u00e1ciu s po\u010d\u00edta\u010dom je potrebn\u00fd modul USB na TTL, nie s portmi RS232, RS485 a in\u00fdm s\u00e9riov\u00fdm prepojen\u00edm, modul sa vyp\u00e1li! !<\/p>\n","protected":false},"excerpt":{"rendered":"<p>Modul Talk SMS SIM900A Bezdr\u00f4tov\u00fd prenos d\u00e1t GSM \/ GPRS minim\u00e1lna verzia V4 &nbsp; Tento modul je extr\u00e9mne stabiln\u00fd, pr\u00fad&hellip;<\/p>\n","protected":false},"featured_media":273,"template":"","meta":{"_monsterinsights_skip_tracking":false,"_monsterinsights_sitenote_active":false,"_monsterinsights_sitenote_note":"","_monsterinsights_sitenote_category":0},"product_cat":[16,24],"product_tag":[],"class_list":{"0":"post-272","1":"product","2":"type-product","3":"status-publish","4":"has-post-thumbnail","6":"product_cat-ard","7":"product_cat-gps","9":"first","10":"instock","11":"shipping-taxable","12":"purchasable","13":"product-type-simple"},"yoast_head":"<!-- This site is optimized with the Yoast SEO plugin v23.6 - https:\/\/yoast.com\/wordpress\/plugins\/seo\/ -->\n<title>Talk SMS SIM900A module GSM \/ GPRS wireless data transmission passthrough minimum V4 version - Arduino e-shop<\/title>\n<meta name=\"robots\" content=\"index, follow, max-snippet:-1, max-image-preview:large, max-video-preview:-1\" \/>\n<link rel=\"canonical\" href=\"https:\/\/www.onetimenexttime.sk\/arduino\/index.php\/produkt\/talk-sms-sim900a-module-gsm-gprs-wireless-data-transmission-passthrough-minimum-v4-version\/\" \/>\n<meta property=\"og:locale\" content=\"sk_SK\" \/>\n<meta property=\"og:type\" content=\"article\" \/>\n<meta property=\"og:title\" content=\"Talk SMS SIM900A module GSM \/ GPRS wireless data transmission passthrough minimum V4 version - Arduino e-shop\" \/>\n<meta property=\"og:description\" content=\"Modul Talk SMS SIM900A Bezdr\u00f4tov\u00fd prenos d\u00e1t GSM \/ GPRS minim\u00e1lna verzia V4 &nbsp; Tento modul je extr\u00e9mne stabiln\u00fd, pr\u00fad&hellip;\" \/>\n<meta property=\"og:url\" content=\"https:\/\/www.onetimenexttime.sk\/arduino\/index.php\/produkt\/talk-sms-sim900a-module-gsm-gprs-wireless-data-transmission-passthrough-minimum-v4-version\/\" \/>\n<meta property=\"og:site_name\" content=\"Arduino e-shop\" \/>\n<meta property=\"article:modified_time\" content=\"2021-10-18T17:29:50+00:00\" \/>\n<meta property=\"og:image\" content=\"https:\/\/www.onetimenexttime.sk\/arduino\/wp-content\/uploads\/2021\/10\/525.jpg\" \/>\n\t<meta property=\"og:image:width\" content=\"496\" \/>\n\t<meta property=\"og:image:height\" content=\"496\" \/>\n\t<meta property=\"og:image:type\" content=\"image\/jpeg\" \/>\n<meta name=\"twitter:card\" content=\"summary_large_image\" \/>\n<meta name=\"twitter:label1\" content=\"Predpokladan\u00fd \u010das \u010d\u00edtania\" \/>\n\t<meta name=\"twitter:data1\" content=\"1 min\u00fata\" \/>\n<script type=\"application\/ld+json\" class=\"yoast-schema-graph\">{\"@context\":\"https:\/\/schema.org\",\"@graph\":[{\"@type\":\"WebPage\",\"@id\":\"https:\/\/www.onetimenexttime.sk\/arduino\/index.php\/produkt\/talk-sms-sim900a-module-gsm-gprs-wireless-data-transmission-passthrough-minimum-v4-version\/\",\"url\":\"https:\/\/www.onetimenexttime.sk\/arduino\/index.php\/produkt\/talk-sms-sim900a-module-gsm-gprs-wireless-data-transmission-passthrough-minimum-v4-version\/\",\"name\":\"Talk SMS SIM900A module GSM \/ GPRS wireless data transmission passthrough minimum V4 version - Arduino e-shop\",\"isPartOf\":{\"@id\":\"https:\/\/www.onetimenexttime.sk\/arduino\/#website\"},\"primaryImageOfPage\":{\"@id\":\"https:\/\/www.onetimenexttime.sk\/arduino\/index.php\/produkt\/talk-sms-sim900a-module-gsm-gprs-wireless-data-transmission-passthrough-minimum-v4-version\/#primaryimage\"},\"image\":{\"@id\":\"https:\/\/www.onetimenexttime.sk\/arduino\/index.php\/produkt\/talk-sms-sim900a-module-gsm-gprs-wireless-data-transmission-passthrough-minimum-v4-version\/#primaryimage\"},\"thumbnailUrl\":\"https:\/\/www.onetimenexttime.sk\/arduino\/wp-content\/uploads\/2021\/10\/525.jpg\",\"datePublished\":\"2021-10-18T17:26:42+00:00\",\"dateModified\":\"2021-10-18T17:29:50+00:00\",\"breadcrumb\":{\"@id\":\"https:\/\/www.onetimenexttime.sk\/arduino\/index.php\/produkt\/talk-sms-sim900a-module-gsm-gprs-wireless-data-transmission-passthrough-minimum-v4-version\/#breadcrumb\"},\"inLanguage\":\"sk-SK\",\"potentialAction\":[{\"@type\":\"ReadAction\",\"target\":[\"https:\/\/www.onetimenexttime.sk\/arduino\/index.php\/produkt\/talk-sms-sim900a-module-gsm-gprs-wireless-data-transmission-passthrough-minimum-v4-version\/\"]}]},{\"@type\":\"ImageObject\",\"inLanguage\":\"sk-SK\",\"@id\":\"https:\/\/www.onetimenexttime.sk\/arduino\/index.php\/produkt\/talk-sms-sim900a-module-gsm-gprs-wireless-data-transmission-passthrough-minimum-v4-version\/#primaryimage\",\"url\":\"https:\/\/www.onetimenexttime.sk\/arduino\/wp-content\/uploads\/2021\/10\/525.jpg\",\"contentUrl\":\"https:\/\/www.onetimenexttime.sk\/arduino\/wp-content\/uploads\/2021\/10\/525.jpg\",\"width\":496,\"height\":496},{\"@type\":\"BreadcrumbList\",\"@id\":\"https:\/\/www.onetimenexttime.sk\/arduino\/index.php\/produkt\/talk-sms-sim900a-module-gsm-gprs-wireless-data-transmission-passthrough-minimum-v4-version\/#breadcrumb\",\"itemListElement\":[{\"@type\":\"ListItem\",\"position\":1,\"name\":\"Domov\",\"item\":\"https:\/\/www.onetimenexttime.sk\/arduino\/\"},{\"@type\":\"ListItem\",\"position\":2,\"name\":\"Obchod\",\"item\":\"https:\/\/www.onetimenexttime.sk\/arduino\/\"},{\"@type\":\"ListItem\",\"position\":3,\"name\":\"Talk SMS SIM900A module GSM \/ GPRS wireless data transmission passthrough minimum V4 version\"}]},{\"@type\":\"WebSite\",\"@id\":\"https:\/\/www.onetimenexttime.sk\/arduino\/#website\",\"url\":\"https:\/\/www.onetimenexttime.sk\/arduino\/\",\"name\":\"Arduino e-shop\",\"description\":\"Home Assistant\",\"potentialAction\":[{\"@type\":\"SearchAction\",\"target\":{\"@type\":\"EntryPoint\",\"urlTemplate\":\"https:\/\/www.onetimenexttime.sk\/arduino\/?s={search_term_string}\"},\"query-input\":{\"@type\":\"PropertyValueSpecification\",\"valueRequired\":true,\"valueName\":\"search_term_string\"}}],\"inLanguage\":\"sk-SK\"}]}<\/script>\n<!-- \/ Yoast SEO plugin. -->","yoast_head_json":{"title":"Talk SMS SIM900A module GSM \/ GPRS wireless data transmission passthrough minimum V4 version - Arduino e-shop","robots":{"index":"index","follow":"follow","max-snippet":"max-snippet:-1","max-image-preview":"max-image-preview:large","max-video-preview":"max-video-preview:-1"},"canonical":"https:\/\/www.onetimenexttime.sk\/arduino\/index.php\/produkt\/talk-sms-sim900a-module-gsm-gprs-wireless-data-transmission-passthrough-minimum-v4-version\/","og_locale":"sk_SK","og_type":"article","og_title":"Talk SMS SIM900A module GSM \/ GPRS wireless data transmission passthrough minimum V4 version - Arduino e-shop","og_description":"Modul Talk SMS SIM900A Bezdr\u00f4tov\u00fd prenos d\u00e1t GSM \/ GPRS minim\u00e1lna verzia V4 &nbsp; Tento modul je extr\u00e9mne stabiln\u00fd, pr\u00fad&hellip;","og_url":"https:\/\/www.onetimenexttime.sk\/arduino\/index.php\/produkt\/talk-sms-sim900a-module-gsm-gprs-wireless-data-transmission-passthrough-minimum-v4-version\/","og_site_name":"Arduino e-shop","article_modified_time":"2021-10-18T17:29:50+00:00","og_image":[{"width":496,"height":496,"url":"https:\/\/www.onetimenexttime.sk\/arduino\/wp-content\/uploads\/2021\/10\/525.jpg","type":"image\/jpeg"}],"twitter_card":"summary_large_image","twitter_misc":{"Predpokladan\u00fd \u010das \u010d\u00edtania":"1 min\u00fata"},"schema":{"@context":"https:\/\/schema.org","@graph":[{"@type":"WebPage","@id":"https:\/\/www.onetimenexttime.sk\/arduino\/index.php\/produkt\/talk-sms-sim900a-module-gsm-gprs-wireless-data-transmission-passthrough-minimum-v4-version\/","url":"https:\/\/www.onetimenexttime.sk\/arduino\/index.php\/produkt\/talk-sms-sim900a-module-gsm-gprs-wireless-data-transmission-passthrough-minimum-v4-version\/","name":"Talk SMS SIM900A module GSM \/ GPRS wireless data transmission passthrough minimum V4 version - Arduino e-shop","isPartOf":{"@id":"https:\/\/www.onetimenexttime.sk\/arduino\/#website"},"primaryImageOfPage":{"@id":"https:\/\/www.onetimenexttime.sk\/arduino\/index.php\/produkt\/talk-sms-sim900a-module-gsm-gprs-wireless-data-transmission-passthrough-minimum-v4-version\/#primaryimage"},"image":{"@id":"https:\/\/www.onetimenexttime.sk\/arduino\/index.php\/produkt\/talk-sms-sim900a-module-gsm-gprs-wireless-data-transmission-passthrough-minimum-v4-version\/#primaryimage"},"thumbnailUrl":"https:\/\/www.onetimenexttime.sk\/arduino\/wp-content\/uploads\/2021\/10\/525.jpg","datePublished":"2021-10-18T17:26:42+00:00","dateModified":"2021-10-18T17:29:50+00:00","breadcrumb":{"@id":"https:\/\/www.onetimenexttime.sk\/arduino\/index.php\/produkt\/talk-sms-sim900a-module-gsm-gprs-wireless-data-transmission-passthrough-minimum-v4-version\/#breadcrumb"},"inLanguage":"sk-SK","potentialAction":[{"@type":"ReadAction","target":["https:\/\/www.onetimenexttime.sk\/arduino\/index.php\/produkt\/talk-sms-sim900a-module-gsm-gprs-wireless-data-transmission-passthrough-minimum-v4-version\/"]}]},{"@type":"ImageObject","inLanguage":"sk-SK","@id":"https:\/\/www.onetimenexttime.sk\/arduino\/index.php\/produkt\/talk-sms-sim900a-module-gsm-gprs-wireless-data-transmission-passthrough-minimum-v4-version\/#primaryimage","url":"https:\/\/www.onetimenexttime.sk\/arduino\/wp-content\/uploads\/2021\/10\/525.jpg","contentUrl":"https:\/\/www.onetimenexttime.sk\/arduino\/wp-content\/uploads\/2021\/10\/525.jpg","width":496,"height":496},{"@type":"BreadcrumbList","@id":"https:\/\/www.onetimenexttime.sk\/arduino\/index.php\/produkt\/talk-sms-sim900a-module-gsm-gprs-wireless-data-transmission-passthrough-minimum-v4-version\/#breadcrumb","itemListElement":[{"@type":"ListItem","position":1,"name":"Domov","item":"https:\/\/www.onetimenexttime.sk\/arduino\/"},{"@type":"ListItem","position":2,"name":"Obchod","item":"https:\/\/www.onetimenexttime.sk\/arduino\/"},{"@type":"ListItem","position":3,"name":"Talk SMS SIM900A module GSM \/ GPRS wireless data transmission passthrough minimum V4 version"}]},{"@type":"WebSite","@id":"https:\/\/www.onetimenexttime.sk\/arduino\/#website","url":"https:\/\/www.onetimenexttime.sk\/arduino\/","name":"Arduino e-shop","description":"Home Assistant","potentialAction":[{"@type":"SearchAction","target":{"@type":"EntryPoint","urlTemplate":"https:\/\/www.onetimenexttime.sk\/arduino\/?s={search_term_string}"},"query-input":{"@type":"PropertyValueSpecification","valueRequired":true,"valueName":"search_term_string"}}],"inLanguage":"sk-SK"}]}},"_links":{"self":[{"href":"https:\/\/www.onetimenexttime.sk\/arduino\/index.php\/wp-json\/wp\/v2\/product\/272"}],"collection":[{"href":"https:\/\/www.onetimenexttime.sk\/arduino\/index.php\/wp-json\/wp\/v2\/product"}],"about":[{"href":"https:\/\/www.onetimenexttime.sk\/arduino\/index.php\/wp-json\/wp\/v2\/types\/product"}],"wp:featuredmedia":[{"embeddable":true,"href":"https:\/\/www.onetimenexttime.sk\/arduino\/index.php\/wp-json\/wp\/v2\/media\/273"}],"wp:attachment":[{"href":"https:\/\/www.onetimenexttime.sk\/arduino\/index.php\/wp-json\/wp\/v2\/media?parent=272"}],"wp:term":[{"taxonomy":"product_cat","embeddable":true,"href":"https:\/\/www.onetimenexttime.sk\/arduino\/index.php\/wp-json\/wp\/v2\/product_cat?post=272"},{"taxonomy":"product_tag","embeddable":true,"href":"https:\/\/www.onetimenexttime.sk\/arduino\/index.php\/wp-json\/wp\/v2\/product_tag?post=272"}],"curies":[{"name":"wp","href":"https:\/\/api.w.org\/{rel}","templated":true}]}}