{"id":253,"date":"2021-10-18T16:20:13","date_gmt":"2021-10-18T14:20:13","guid":{"rendered":"https:\/\/www.onetimenexttime.sk\/arduino\/?post_type=product&#038;p=253"},"modified":"2021-10-18T16:23:37","modified_gmt":"2021-10-18T14:23:37","slug":"miniature-minimal-development-board-attiny85-module-for-arduino-usb-gy-digispark-kickstarter","status":"publish","type":"product","link":"https:\/\/www.onetimenexttime.sk\/arduino\/index.php\/produkt\/miniature-minimal-development-board-attiny85-module-for-arduino-usb-gy-digispark-kickstarter\/","title":{"rendered":"Miniature minimal development board ATTINY85 module for Arduino usb  GY Digispark kickstarter"},"content":{"rendered":"<p>GY Digispark kickstarter miniat\u00farna minim\u00e1lna v\u00fdvojov\u00e1 doska ATTINY85 modul pre Arduino USB<\/p>\n<p>&nbsp;<\/p>\n<p>V\u00fdvojov\u00e1 doska USB Digispark<\/p>\n<p>Digispark je v\u00fdvojov\u00e1 doska mikrokontrol\u00e9ra zalo\u017een\u00e1 na Attiny85 podobn\u00e1 linke, len je lacnej\u0161ia, men\u0161ia a o nie\u010do menej v\u00fdkonn\u00e1. V\u010faka cel\u00e9mu radu \u0161t\u00edtov, ktor\u00e9 roz\u0161iruj\u00fa jeho funk\u010dnos\u0165 a mo\u017enosti pou\u017e\u00edva\u0165 zn\u00e1me IDE, je Digispark skvel\u00fdm sp\u00f4sobom, ako sko\u010di\u0165 do elektroniky, alebo je ide\u00e1lny, ke\u010f je pr\u00edli\u0161 ve\u013ek\u00fd alebo pr\u00edli\u0161 ve\u013ek\u00fd.<\/p>\n<p>Digispark sa dod\u00e1va kompletne zmontovan\u00fd, okrem dvoch prilo\u017een\u00fdch a \u013eahko sp\u00e1jkovate\u013en\u00fdch hlavi\u010diek.<\/p>\n<p>Tu s\u00fa \u0161pecifik\u00e1cie:<\/p>\n<p>Podpora pre IDE 1.0+ (OSX\/Win\/Linux)<br \/>\nNap\u00e1janie cez USB alebo extern\u00fd zdroj &#8211; 5 V alebo 7 &#8211; 35 V (odpor\u00fa\u010da sa 12 V alebo menej, automatick\u00fd v\u00fdber)<br \/>\nVstavan\u00fd 500mA 5V regul\u00e1tor<br \/>\nZabudovan\u00e9 USB<br \/>\n6 I\/O pinov (2 sa pou\u017e\u00edvaj\u00fa pre USB, iba ak v\u00e1\u0161 program akt\u00edvne komunikuje cez USB, inak m\u00f4\u017eete pou\u017ei\u0165 v\u0161etk\u00fdch 6, aj ke\u010f programujete cez USB)<br \/>\n8k Flash pam\u00e4\u0165 (asi 6k po bootloaderi)<br \/>\nI2C a SPI (oproti USI)<br \/>\nPWM na 3 piny (viac mo\u017en\u00e9 so softv\u00e9rov\u00fdm PWM)<br \/>\nADC na 4 pinoch<br \/>\nLED di\u00f3da nap\u00e1jania a kontrolka LED testu\/stavu<\/p>\n","protected":false},"excerpt":{"rendered":"<p>GY Digispark kickstarter miniat\u00farna minim\u00e1lna v\u00fdvojov\u00e1 doska ATTINY85 modul pre Arduino USB &nbsp; V\u00fdvojov\u00e1 doska USB Digispark Digispark je v\u00fdvojov\u00e1&hellip;<\/p>\n","protected":false},"featured_media":254,"template":"","meta":{"_monsterinsights_skip_tracking":false,"_monsterinsights_sitenote_active":false,"_monsterinsights_sitenote_note":"","_monsterinsights_sitenote_category":0},"product_cat":[16],"product_tag":[],"class_list":{"0":"post-253","1":"product","2":"type-product","3":"status-publish","4":"has-post-thumbnail","6":"product_cat-ard","8":"first","9":"instock","10":"sale","11":"shipping-taxable","12":"purchasable","13":"product-type-simple"},"yoast_head":"<!-- This site is optimized with the Yoast SEO plugin v23.6 - https:\/\/yoast.com\/wordpress\/plugins\/seo\/ -->\n<title>Miniature minimal development board ATTINY85 module for Arduino usb GY Digispark kickstarter - Arduino e-shop<\/title>\n<meta name=\"robots\" content=\"index, follow, max-snippet:-1, max-image-preview:large, max-video-preview:-1\" \/>\n<link rel=\"canonical\" href=\"https:\/\/www.onetimenexttime.sk\/arduino\/index.php\/produkt\/miniature-minimal-development-board-attiny85-module-for-arduino-usb-gy-digispark-kickstarter\/\" \/>\n<meta property=\"og:locale\" content=\"sk_SK\" \/>\n<meta property=\"og:type\" content=\"article\" \/>\n<meta property=\"og:title\" content=\"Miniature minimal development board ATTINY85 module for Arduino usb GY Digispark kickstarter - Arduino e-shop\" \/>\n<meta property=\"og:description\" content=\"GY Digispark kickstarter miniat\u00farna minim\u00e1lna v\u00fdvojov\u00e1 doska ATTINY85 modul pre Arduino USB &nbsp; V\u00fdvojov\u00e1 doska USB Digispark Digispark je v\u00fdvojov\u00e1&hellip;\" \/>\n<meta property=\"og:url\" content=\"https:\/\/www.onetimenexttime.sk\/arduino\/index.php\/produkt\/miniature-minimal-development-board-attiny85-module-for-arduino-usb-gy-digispark-kickstarter\/\" \/>\n<meta property=\"og:site_name\" content=\"Arduino e-shop\" \/>\n<meta property=\"article:modified_time\" content=\"2021-10-18T14:23:37+00:00\" \/>\n<meta property=\"og:image\" content=\"https:\/\/www.onetimenexttime.sk\/arduino\/wp-content\/uploads\/2021\/10\/519.jpg\" \/>\n\t<meta property=\"og:image:width\" content=\"483\" \/>\n\t<meta property=\"og:image:height\" content=\"482\" \/>\n\t<meta property=\"og:image:type\" content=\"image\/jpeg\" \/>\n<meta name=\"twitter:card\" content=\"summary_large_image\" \/>\n<meta name=\"twitter:label1\" content=\"Predpokladan\u00fd \u010das \u010d\u00edtania\" \/>\n\t<meta name=\"twitter:data1\" content=\"1 min\u00fata\" \/>\n<script type=\"application\/ld+json\" class=\"yoast-schema-graph\">{\"@context\":\"https:\/\/schema.org\",\"@graph\":[{\"@type\":\"WebPage\",\"@id\":\"https:\/\/www.onetimenexttime.sk\/arduino\/index.php\/produkt\/miniature-minimal-development-board-attiny85-module-for-arduino-usb-gy-digispark-kickstarter\/\",\"url\":\"https:\/\/www.onetimenexttime.sk\/arduino\/index.php\/produkt\/miniature-minimal-development-board-attiny85-module-for-arduino-usb-gy-digispark-kickstarter\/\",\"name\":\"Miniature minimal development board ATTINY85 module for Arduino usb GY Digispark kickstarter - Arduino e-shop\",\"isPartOf\":{\"@id\":\"https:\/\/www.onetimenexttime.sk\/arduino\/#website\"},\"primaryImageOfPage\":{\"@id\":\"https:\/\/www.onetimenexttime.sk\/arduino\/index.php\/produkt\/miniature-minimal-development-board-attiny85-module-for-arduino-usb-gy-digispark-kickstarter\/#primaryimage\"},\"image\":{\"@id\":\"https:\/\/www.onetimenexttime.sk\/arduino\/index.php\/produkt\/miniature-minimal-development-board-attiny85-module-for-arduino-usb-gy-digispark-kickstarter\/#primaryimage\"},\"thumbnailUrl\":\"https:\/\/www.onetimenexttime.sk\/arduino\/wp-content\/uploads\/2021\/10\/519.jpg\",\"datePublished\":\"2021-10-18T14:20:13+00:00\",\"dateModified\":\"2021-10-18T14:23:37+00:00\",\"breadcrumb\":{\"@id\":\"https:\/\/www.onetimenexttime.sk\/arduino\/index.php\/produkt\/miniature-minimal-development-board-attiny85-module-for-arduino-usb-gy-digispark-kickstarter\/#breadcrumb\"},\"inLanguage\":\"sk-SK\",\"potentialAction\":[{\"@type\":\"ReadAction\",\"target\":[\"https:\/\/www.onetimenexttime.sk\/arduino\/index.php\/produkt\/miniature-minimal-development-board-attiny85-module-for-arduino-usb-gy-digispark-kickstarter\/\"]}]},{\"@type\":\"ImageObject\",\"inLanguage\":\"sk-SK\",\"@id\":\"https:\/\/www.onetimenexttime.sk\/arduino\/index.php\/produkt\/miniature-minimal-development-board-attiny85-module-for-arduino-usb-gy-digispark-kickstarter\/#primaryimage\",\"url\":\"https:\/\/www.onetimenexttime.sk\/arduino\/wp-content\/uploads\/2021\/10\/519.jpg\",\"contentUrl\":\"https:\/\/www.onetimenexttime.sk\/arduino\/wp-content\/uploads\/2021\/10\/519.jpg\",\"width\":483,\"height\":482},{\"@type\":\"BreadcrumbList\",\"@id\":\"https:\/\/www.onetimenexttime.sk\/arduino\/index.php\/produkt\/miniature-minimal-development-board-attiny85-module-for-arduino-usb-gy-digispark-kickstarter\/#breadcrumb\",\"itemListElement\":[{\"@type\":\"ListItem\",\"position\":1,\"name\":\"Domov\",\"item\":\"https:\/\/www.onetimenexttime.sk\/arduino\/\"},{\"@type\":\"ListItem\",\"position\":2,\"name\":\"Obchod\",\"item\":\"https:\/\/www.onetimenexttime.sk\/arduino\/\"},{\"@type\":\"ListItem\",\"position\":3,\"name\":\"Miniature minimal development board ATTINY85 module for Arduino usb GY Digispark kickstarter\"}]},{\"@type\":\"WebSite\",\"@id\":\"https:\/\/www.onetimenexttime.sk\/arduino\/#website\",\"url\":\"https:\/\/www.onetimenexttime.sk\/arduino\/\",\"name\":\"Arduino e-shop\",\"description\":\"Home Assistant\",\"potentialAction\":[{\"@type\":\"SearchAction\",\"target\":{\"@type\":\"EntryPoint\",\"urlTemplate\":\"https:\/\/www.onetimenexttime.sk\/arduino\/?s={search_term_string}\"},\"query-input\":{\"@type\":\"PropertyValueSpecification\",\"valueRequired\":true,\"valueName\":\"search_term_string\"}}],\"inLanguage\":\"sk-SK\"}]}<\/script>\n<!-- \/ Yoast SEO plugin. -->","yoast_head_json":{"title":"Miniature minimal development board ATTINY85 module for Arduino usb GY Digispark kickstarter - Arduino e-shop","robots":{"index":"index","follow":"follow","max-snippet":"max-snippet:-1","max-image-preview":"max-image-preview:large","max-video-preview":"max-video-preview:-1"},"canonical":"https:\/\/www.onetimenexttime.sk\/arduino\/index.php\/produkt\/miniature-minimal-development-board-attiny85-module-for-arduino-usb-gy-digispark-kickstarter\/","og_locale":"sk_SK","og_type":"article","og_title":"Miniature minimal development board ATTINY85 module for Arduino usb GY Digispark kickstarter - Arduino e-shop","og_description":"GY Digispark kickstarter miniat\u00farna minim\u00e1lna v\u00fdvojov\u00e1 doska ATTINY85 modul pre Arduino USB &nbsp; V\u00fdvojov\u00e1 doska USB Digispark Digispark je v\u00fdvojov\u00e1&hellip;","og_url":"https:\/\/www.onetimenexttime.sk\/arduino\/index.php\/produkt\/miniature-minimal-development-board-attiny85-module-for-arduino-usb-gy-digispark-kickstarter\/","og_site_name":"Arduino e-shop","article_modified_time":"2021-10-18T14:23:37+00:00","og_image":[{"width":483,"height":482,"url":"https:\/\/www.onetimenexttime.sk\/arduino\/wp-content\/uploads\/2021\/10\/519.jpg","type":"image\/jpeg"}],"twitter_card":"summary_large_image","twitter_misc":{"Predpokladan\u00fd \u010das \u010d\u00edtania":"1 min\u00fata"},"schema":{"@context":"https:\/\/schema.org","@graph":[{"@type":"WebPage","@id":"https:\/\/www.onetimenexttime.sk\/arduino\/index.php\/produkt\/miniature-minimal-development-board-attiny85-module-for-arduino-usb-gy-digispark-kickstarter\/","url":"https:\/\/www.onetimenexttime.sk\/arduino\/index.php\/produkt\/miniature-minimal-development-board-attiny85-module-for-arduino-usb-gy-digispark-kickstarter\/","name":"Miniature minimal development board ATTINY85 module for Arduino usb GY Digispark kickstarter - Arduino e-shop","isPartOf":{"@id":"https:\/\/www.onetimenexttime.sk\/arduino\/#website"},"primaryImageOfPage":{"@id":"https:\/\/www.onetimenexttime.sk\/arduino\/index.php\/produkt\/miniature-minimal-development-board-attiny85-module-for-arduino-usb-gy-digispark-kickstarter\/#primaryimage"},"image":{"@id":"https:\/\/www.onetimenexttime.sk\/arduino\/index.php\/produkt\/miniature-minimal-development-board-attiny85-module-for-arduino-usb-gy-digispark-kickstarter\/#primaryimage"},"thumbnailUrl":"https:\/\/www.onetimenexttime.sk\/arduino\/wp-content\/uploads\/2021\/10\/519.jpg","datePublished":"2021-10-18T14:20:13+00:00","dateModified":"2021-10-18T14:23:37+00:00","breadcrumb":{"@id":"https:\/\/www.onetimenexttime.sk\/arduino\/index.php\/produkt\/miniature-minimal-development-board-attiny85-module-for-arduino-usb-gy-digispark-kickstarter\/#breadcrumb"},"inLanguage":"sk-SK","potentialAction":[{"@type":"ReadAction","target":["https:\/\/www.onetimenexttime.sk\/arduino\/index.php\/produkt\/miniature-minimal-development-board-attiny85-module-for-arduino-usb-gy-digispark-kickstarter\/"]}]},{"@type":"ImageObject","inLanguage":"sk-SK","@id":"https:\/\/www.onetimenexttime.sk\/arduino\/index.php\/produkt\/miniature-minimal-development-board-attiny85-module-for-arduino-usb-gy-digispark-kickstarter\/#primaryimage","url":"https:\/\/www.onetimenexttime.sk\/arduino\/wp-content\/uploads\/2021\/10\/519.jpg","contentUrl":"https:\/\/www.onetimenexttime.sk\/arduino\/wp-content\/uploads\/2021\/10\/519.jpg","width":483,"height":482},{"@type":"BreadcrumbList","@id":"https:\/\/www.onetimenexttime.sk\/arduino\/index.php\/produkt\/miniature-minimal-development-board-attiny85-module-for-arduino-usb-gy-digispark-kickstarter\/#breadcrumb","itemListElement":[{"@type":"ListItem","position":1,"name":"Domov","item":"https:\/\/www.onetimenexttime.sk\/arduino\/"},{"@type":"ListItem","position":2,"name":"Obchod","item":"https:\/\/www.onetimenexttime.sk\/arduino\/"},{"@type":"ListItem","position":3,"name":"Miniature minimal development board ATTINY85 module for Arduino usb GY Digispark kickstarter"}]},{"@type":"WebSite","@id":"https:\/\/www.onetimenexttime.sk\/arduino\/#website","url":"https:\/\/www.onetimenexttime.sk\/arduino\/","name":"Arduino e-shop","description":"Home Assistant","potentialAction":[{"@type":"SearchAction","target":{"@type":"EntryPoint","urlTemplate":"https:\/\/www.onetimenexttime.sk\/arduino\/?s={search_term_string}"},"query-input":{"@type":"PropertyValueSpecification","valueRequired":true,"valueName":"search_term_string"}}],"inLanguage":"sk-SK"}]}},"_links":{"self":[{"href":"https:\/\/www.onetimenexttime.sk\/arduino\/index.php\/wp-json\/wp\/v2\/product\/253"}],"collection":[{"href":"https:\/\/www.onetimenexttime.sk\/arduino\/index.php\/wp-json\/wp\/v2\/product"}],"about":[{"href":"https:\/\/www.onetimenexttime.sk\/arduino\/index.php\/wp-json\/wp\/v2\/types\/product"}],"wp:featuredmedia":[{"embeddable":true,"href":"https:\/\/www.onetimenexttime.sk\/arduino\/index.php\/wp-json\/wp\/v2\/media\/254"}],"wp:attachment":[{"href":"https:\/\/www.onetimenexttime.sk\/arduino\/index.php\/wp-json\/wp\/v2\/media?parent=253"}],"wp:term":[{"taxonomy":"product_cat","embeddable":true,"href":"https:\/\/www.onetimenexttime.sk\/arduino\/index.php\/wp-json\/wp\/v2\/product_cat?post=253"},{"taxonomy":"product_tag","embeddable":true,"href":"https:\/\/www.onetimenexttime.sk\/arduino\/index.php\/wp-json\/wp\/v2\/product_tag?post=253"}],"curies":[{"name":"wp","href":"https:\/\/api.w.org\/{rel}","templated":true}]}}