{"id":244,"date":"2021-10-18T16:03:01","date_gmt":"2021-10-18T14:03:01","guid":{"rendered":"https:\/\/www.onetimenexttime.sk\/arduino\/?post_type=product&#038;p=244"},"modified":"2021-10-18T16:12:03","modified_gmt":"2021-10-18T14:12:03","slug":"atmega328p-pu-microcontroller-funduino-arduino-compatibl-ide","status":"publish","type":"product","link":"https:\/\/www.onetimenexttime.sk\/arduino\/index.php\/produkt\/atmega328p-pu-microcontroller-funduino-arduino-compatibl-ide\/","title":{"rendered":"ATmega328P-PU microcontroller Funduino Arduino Compatibl IDE"},"content":{"rendered":"<p>Mikrokontrol\u00e9r je skvel\u00e1 vec pre kreat\u00edvnych a technicky zainteresovan\u00fdch \u013eud\u00ed. Svet Arduino je perfektn\u00fdm cenovo dostupn\u00fdm \u00favodom do t\u00e9my mikrokontrol\u00e9ra. Mnoho \u0161k\u00f4l, univerz\u00edt a \u010fal\u0161\u00edch in\u0161tit\u00fatov so vzdelan\u00edm pou\u017e\u00edva t\u00e9mu arduino ako \u013eahk\u00fd sp\u00f4sob v\u00fdu\u010dby o mikrokontrol\u00e9ri. Preto ich podporujeme z\u013eavou 10% na v\u0161etky na\u0161e s\u00fapravy pre arduino.<\/p>\n<p>Zvl\u00e1\u0161\u0165 na\u0161e n\u00e1vody \u010dasto pou\u017e\u00edvaj\u00fa u\u010ditelia a podobn\u00ed in\u0161truktori na vzdel\u00e1vacie \u00fa\u010dely. V\u0161etky na\u0161e n\u00e1vody s\u00fa k dispoz\u00edcii v angli\u010dtine na na\u0161om webe: www.arduino-tutorials.eu.<\/p>\n<p>UNO 2011 NOV\u00dd ATmega328P-PU mikrokontrol\u00e9r Funduino Arduino Compatibl IDE<\/p>\n<p>Arduino UNO je Arduino ofici\u00e1lne uveden\u00e9 na trh na konci roku 2010, \u013eahko pou\u017eite\u013en\u00fd open source radi\u010d ako p\u00f4vodn\u00e1 aktualizovan\u00e1 verzia Arduino Duemilanove. Hlavn\u00fdmi vylep\u0161eniami s\u00fa:<\/p>\n<p>\u010cas\u0165 Arduino UNO je USB na s\u00e9riov\u00fd obvod a je mikrokontrol\u00e9rom ATMega8U2, v porovnan\u00ed s p\u00f4vodn\u00fdm Duemilanove pou\u017e\u00edvan\u00fdm mikrokontrol\u00e9rom FT232RL, Atmega8U2, ktor\u00fd okrem tradi\u010dnej funkcie USB na s\u00e9riov\u00fd port pon\u00faka aj pou\u017e\u00edvate\u013eom definova\u0165 vlastn\u00e9 programovanie \u010fal\u0161\u00edch funkci\u00ed, napr. Port USB nakonfigurovan\u00fd na my\u0161, kl\u00e1vesnicu, hern\u00fd joystick, kameru at\u010f. Samozrejme, tieto aplik\u00e1cie musia by\u0165 zatia\u013e t\u00edmom Arduino, aby ozn\u00e1mili konkr\u00e9tny pl\u00e1n implement\u00e1cie.<\/p>\n<p>&nbsp;<\/p>\n<div class=\"productinfo_column productinfo_column_2columns\">\n<div>\n<h3>Funduino UNO R3<\/h3>\n<div class=\"productinfo_section\">\n<div class=\"productinfo_row\">\n<div class=\"name\">Designed After<\/div>\n<div class=\"value\">Arduino UNOR3<\/div>\n<\/div>\n<div class=\"productinfo_row\">\n<div class=\"name\">Micro controller<\/div>\n<div class=\"value\">ATmega328P<\/div>\n<\/div>\n<div class=\"productinfo_row\">\n<div class=\"name\">Operating Voltage<\/div>\n<div class=\"value\">5V<\/div>\n<\/div>\n<div class=\"productinfo_row\">\n<div class=\"name\">Input Voltage (recommended)<\/div>\n<div class=\"value\">7-12V<\/div>\n<\/div>\n<div class=\"productinfo_row\">\n<div class=\"name\">Input Voltage (limits)<\/div>\n<div class=\"value\">6-20V<\/div>\n<\/div>\n<div class=\"productinfo_row\">\n<div class=\"name\">Digital I\/O Pins<\/div>\n<div class=\"value\">14 (of which 6 provide PWM output)<\/div>\n<\/div>\n<div class=\"productinfo_row\">\n<div class=\"name\">Analog Input Pins<\/div>\n<div class=\"value\">6<\/div>\n<\/div>\n<div class=\"productinfo_row\">\n<div class=\"name\">DC Current per I\/O Pin<\/div>\n<div class=\"value\">40 mA<\/div>\n<\/div>\n<div class=\"productinfo_row\">\n<div class=\"name\">DC Current for 3.3V Pin<\/div>\n<div class=\"value\">50 mA<\/div>\n<\/div>\n<div class=\"productinfo_row\">\n<div class=\"name\">Flash Memory<\/div>\n<div class=\"value\">32 KB (ATmega328) of which 0.5 KB used by boot loader<\/div>\n<\/div>\n<div class=\"productinfo_row\">\n<div class=\"name\">SRAM<\/div>\n<div class=\"value\">2 KB (ATmega328)<\/div>\n<\/div>\n<div class=\"productinfo_row\">\n<div class=\"name\">EEPROM<\/div>\n<div class=\"value\">1 KB (ATmega328)<\/div>\n<\/div>\n<div class=\"productinfo_row\">\n<div class=\"name\">Clock Speed<\/div>\n<div class=\"value\">16 MHz<\/div>\n<\/div>\n<div class=\"productinfo_row\">\n<div class=\"name\"><\/div>\n<\/div>\n<\/div>\n<\/div>\n<\/div>\n","protected":false},"excerpt":{"rendered":"<p>Mikrokontrol\u00e9r je skvel\u00e1 vec pre kreat\u00edvnych a technicky zainteresovan\u00fdch \u013eud\u00ed. Svet Arduino je perfektn\u00fdm cenovo dostupn\u00fdm \u00favodom do t\u00e9my mikrokontrol\u00e9ra.&hellip;<\/p>\n","protected":false},"featured_media":246,"template":"","meta":{"_monsterinsights_skip_tracking":false,"_monsterinsights_sitenote_active":false,"_monsterinsights_sitenote_note":"","_monsterinsights_sitenote_category":0},"product_cat":[16],"product_tag":[],"class_list":{"0":"post-244","1":"product","2":"type-product","3":"status-publish","4":"has-post-thumbnail","6":"product_cat-ard","8":"first","9":"instock","10":"shipping-taxable","11":"purchasable","12":"product-type-simple"},"yoast_head":"<!-- This site is optimized with the Yoast SEO plugin v23.6 - https:\/\/yoast.com\/wordpress\/plugins\/seo\/ -->\n<title>ATmega328P-PU microcontroller Funduino Arduino Compatibl IDE - Arduino e-shop<\/title>\n<meta name=\"robots\" content=\"index, follow, max-snippet:-1, max-image-preview:large, max-video-preview:-1\" \/>\n<link rel=\"canonical\" href=\"https:\/\/www.onetimenexttime.sk\/arduino\/index.php\/produkt\/atmega328p-pu-microcontroller-funduino-arduino-compatibl-ide\/\" \/>\n<meta property=\"og:locale\" content=\"sk_SK\" \/>\n<meta property=\"og:type\" content=\"article\" \/>\n<meta property=\"og:title\" content=\"ATmega328P-PU microcontroller Funduino Arduino Compatibl IDE - Arduino e-shop\" \/>\n<meta property=\"og:description\" content=\"Mikrokontrol\u00e9r je skvel\u00e1 vec pre kreat\u00edvnych a technicky zainteresovan\u00fdch \u013eud\u00ed. Svet Arduino je perfektn\u00fdm cenovo dostupn\u00fdm \u00favodom do t\u00e9my mikrokontrol\u00e9ra.&hellip;\" \/>\n<meta property=\"og:url\" content=\"https:\/\/www.onetimenexttime.sk\/arduino\/index.php\/produkt\/atmega328p-pu-microcontroller-funduino-arduino-compatibl-ide\/\" \/>\n<meta property=\"og:site_name\" content=\"Arduino e-shop\" \/>\n<meta property=\"article:modified_time\" content=\"2021-10-18T14:12:03+00:00\" \/>\n<meta property=\"og:image\" content=\"https:\/\/www.onetimenexttime.sk\/arduino\/wp-content\/uploads\/2021\/10\/5311.jpg\" \/>\n\t<meta property=\"og:image:width\" content=\"483\" \/>\n\t<meta property=\"og:image:height\" content=\"482\" \/>\n\t<meta property=\"og:image:type\" content=\"image\/jpeg\" \/>\n<meta name=\"twitter:card\" content=\"summary_large_image\" \/>\n<meta name=\"twitter:label1\" content=\"Predpokladan\u00fd \u010das \u010d\u00edtania\" \/>\n\t<meta name=\"twitter:data1\" content=\"2 min\u00faty\" \/>\n<script type=\"application\/ld+json\" class=\"yoast-schema-graph\">{\"@context\":\"https:\/\/schema.org\",\"@graph\":[{\"@type\":\"WebPage\",\"@id\":\"https:\/\/www.onetimenexttime.sk\/arduino\/index.php\/produkt\/atmega328p-pu-microcontroller-funduino-arduino-compatibl-ide\/\",\"url\":\"https:\/\/www.onetimenexttime.sk\/arduino\/index.php\/produkt\/atmega328p-pu-microcontroller-funduino-arduino-compatibl-ide\/\",\"name\":\"ATmega328P-PU microcontroller Funduino Arduino Compatibl IDE - Arduino e-shop\",\"isPartOf\":{\"@id\":\"https:\/\/www.onetimenexttime.sk\/arduino\/#website\"},\"primaryImageOfPage\":{\"@id\":\"https:\/\/www.onetimenexttime.sk\/arduino\/index.php\/produkt\/atmega328p-pu-microcontroller-funduino-arduino-compatibl-ide\/#primaryimage\"},\"image\":{\"@id\":\"https:\/\/www.onetimenexttime.sk\/arduino\/index.php\/produkt\/atmega328p-pu-microcontroller-funduino-arduino-compatibl-ide\/#primaryimage\"},\"thumbnailUrl\":\"https:\/\/www.onetimenexttime.sk\/arduino\/wp-content\/uploads\/2021\/10\/5311.jpg\",\"datePublished\":\"2021-10-18T14:03:01+00:00\",\"dateModified\":\"2021-10-18T14:12:03+00:00\",\"breadcrumb\":{\"@id\":\"https:\/\/www.onetimenexttime.sk\/arduino\/index.php\/produkt\/atmega328p-pu-microcontroller-funduino-arduino-compatibl-ide\/#breadcrumb\"},\"inLanguage\":\"sk-SK\",\"potentialAction\":[{\"@type\":\"ReadAction\",\"target\":[\"https:\/\/www.onetimenexttime.sk\/arduino\/index.php\/produkt\/atmega328p-pu-microcontroller-funduino-arduino-compatibl-ide\/\"]}]},{\"@type\":\"ImageObject\",\"inLanguage\":\"sk-SK\",\"@id\":\"https:\/\/www.onetimenexttime.sk\/arduino\/index.php\/produkt\/atmega328p-pu-microcontroller-funduino-arduino-compatibl-ide\/#primaryimage\",\"url\":\"https:\/\/www.onetimenexttime.sk\/arduino\/wp-content\/uploads\/2021\/10\/5311.jpg\",\"contentUrl\":\"https:\/\/www.onetimenexttime.sk\/arduino\/wp-content\/uploads\/2021\/10\/5311.jpg\",\"width\":483,\"height\":482},{\"@type\":\"BreadcrumbList\",\"@id\":\"https:\/\/www.onetimenexttime.sk\/arduino\/index.php\/produkt\/atmega328p-pu-microcontroller-funduino-arduino-compatibl-ide\/#breadcrumb\",\"itemListElement\":[{\"@type\":\"ListItem\",\"position\":1,\"name\":\"Domov\",\"item\":\"https:\/\/www.onetimenexttime.sk\/arduino\/\"},{\"@type\":\"ListItem\",\"position\":2,\"name\":\"Obchod\",\"item\":\"https:\/\/www.onetimenexttime.sk\/arduino\/\"},{\"@type\":\"ListItem\",\"position\":3,\"name\":\"ATmega328P-PU microcontroller Funduino Arduino Compatibl IDE\"}]},{\"@type\":\"WebSite\",\"@id\":\"https:\/\/www.onetimenexttime.sk\/arduino\/#website\",\"url\":\"https:\/\/www.onetimenexttime.sk\/arduino\/\",\"name\":\"Arduino e-shop\",\"description\":\"Home Assistant\",\"potentialAction\":[{\"@type\":\"SearchAction\",\"target\":{\"@type\":\"EntryPoint\",\"urlTemplate\":\"https:\/\/www.onetimenexttime.sk\/arduino\/?s={search_term_string}\"},\"query-input\":{\"@type\":\"PropertyValueSpecification\",\"valueRequired\":true,\"valueName\":\"search_term_string\"}}],\"inLanguage\":\"sk-SK\"}]}<\/script>\n<!-- \/ Yoast SEO plugin. -->","yoast_head_json":{"title":"ATmega328P-PU microcontroller Funduino Arduino Compatibl IDE - Arduino e-shop","robots":{"index":"index","follow":"follow","max-snippet":"max-snippet:-1","max-image-preview":"max-image-preview:large","max-video-preview":"max-video-preview:-1"},"canonical":"https:\/\/www.onetimenexttime.sk\/arduino\/index.php\/produkt\/atmega328p-pu-microcontroller-funduino-arduino-compatibl-ide\/","og_locale":"sk_SK","og_type":"article","og_title":"ATmega328P-PU microcontroller Funduino Arduino Compatibl IDE - Arduino e-shop","og_description":"Mikrokontrol\u00e9r je skvel\u00e1 vec pre kreat\u00edvnych a technicky zainteresovan\u00fdch \u013eud\u00ed. Svet Arduino je perfektn\u00fdm cenovo dostupn\u00fdm \u00favodom do t\u00e9my mikrokontrol\u00e9ra.&hellip;","og_url":"https:\/\/www.onetimenexttime.sk\/arduino\/index.php\/produkt\/atmega328p-pu-microcontroller-funduino-arduino-compatibl-ide\/","og_site_name":"Arduino e-shop","article_modified_time":"2021-10-18T14:12:03+00:00","og_image":[{"width":483,"height":482,"url":"https:\/\/www.onetimenexttime.sk\/arduino\/wp-content\/uploads\/2021\/10\/5311.jpg","type":"image\/jpeg"}],"twitter_card":"summary_large_image","twitter_misc":{"Predpokladan\u00fd \u010das \u010d\u00edtania":"2 min\u00faty"},"schema":{"@context":"https:\/\/schema.org","@graph":[{"@type":"WebPage","@id":"https:\/\/www.onetimenexttime.sk\/arduino\/index.php\/produkt\/atmega328p-pu-microcontroller-funduino-arduino-compatibl-ide\/","url":"https:\/\/www.onetimenexttime.sk\/arduino\/index.php\/produkt\/atmega328p-pu-microcontroller-funduino-arduino-compatibl-ide\/","name":"ATmega328P-PU microcontroller Funduino Arduino Compatibl IDE - Arduino e-shop","isPartOf":{"@id":"https:\/\/www.onetimenexttime.sk\/arduino\/#website"},"primaryImageOfPage":{"@id":"https:\/\/www.onetimenexttime.sk\/arduino\/index.php\/produkt\/atmega328p-pu-microcontroller-funduino-arduino-compatibl-ide\/#primaryimage"},"image":{"@id":"https:\/\/www.onetimenexttime.sk\/arduino\/index.php\/produkt\/atmega328p-pu-microcontroller-funduino-arduino-compatibl-ide\/#primaryimage"},"thumbnailUrl":"https:\/\/www.onetimenexttime.sk\/arduino\/wp-content\/uploads\/2021\/10\/5311.jpg","datePublished":"2021-10-18T14:03:01+00:00","dateModified":"2021-10-18T14:12:03+00:00","breadcrumb":{"@id":"https:\/\/www.onetimenexttime.sk\/arduino\/index.php\/produkt\/atmega328p-pu-microcontroller-funduino-arduino-compatibl-ide\/#breadcrumb"},"inLanguage":"sk-SK","potentialAction":[{"@type":"ReadAction","target":["https:\/\/www.onetimenexttime.sk\/arduino\/index.php\/produkt\/atmega328p-pu-microcontroller-funduino-arduino-compatibl-ide\/"]}]},{"@type":"ImageObject","inLanguage":"sk-SK","@id":"https:\/\/www.onetimenexttime.sk\/arduino\/index.php\/produkt\/atmega328p-pu-microcontroller-funduino-arduino-compatibl-ide\/#primaryimage","url":"https:\/\/www.onetimenexttime.sk\/arduino\/wp-content\/uploads\/2021\/10\/5311.jpg","contentUrl":"https:\/\/www.onetimenexttime.sk\/arduino\/wp-content\/uploads\/2021\/10\/5311.jpg","width":483,"height":482},{"@type":"BreadcrumbList","@id":"https:\/\/www.onetimenexttime.sk\/arduino\/index.php\/produkt\/atmega328p-pu-microcontroller-funduino-arduino-compatibl-ide\/#breadcrumb","itemListElement":[{"@type":"ListItem","position":1,"name":"Domov","item":"https:\/\/www.onetimenexttime.sk\/arduino\/"},{"@type":"ListItem","position":2,"name":"Obchod","item":"https:\/\/www.onetimenexttime.sk\/arduino\/"},{"@type":"ListItem","position":3,"name":"ATmega328P-PU microcontroller Funduino Arduino Compatibl IDE"}]},{"@type":"WebSite","@id":"https:\/\/www.onetimenexttime.sk\/arduino\/#website","url":"https:\/\/www.onetimenexttime.sk\/arduino\/","name":"Arduino e-shop","description":"Home Assistant","potentialAction":[{"@type":"SearchAction","target":{"@type":"EntryPoint","urlTemplate":"https:\/\/www.onetimenexttime.sk\/arduino\/?s={search_term_string}"},"query-input":{"@type":"PropertyValueSpecification","valueRequired":true,"valueName":"search_term_string"}}],"inLanguage":"sk-SK"}]}},"_links":{"self":[{"href":"https:\/\/www.onetimenexttime.sk\/arduino\/index.php\/wp-json\/wp\/v2\/product\/244"}],"collection":[{"href":"https:\/\/www.onetimenexttime.sk\/arduino\/index.php\/wp-json\/wp\/v2\/product"}],"about":[{"href":"https:\/\/www.onetimenexttime.sk\/arduino\/index.php\/wp-json\/wp\/v2\/types\/product"}],"wp:featuredmedia":[{"embeddable":true,"href":"https:\/\/www.onetimenexttime.sk\/arduino\/index.php\/wp-json\/wp\/v2\/media\/246"}],"wp:attachment":[{"href":"https:\/\/www.onetimenexttime.sk\/arduino\/index.php\/wp-json\/wp\/v2\/media?parent=244"}],"wp:term":[{"taxonomy":"product_cat","embeddable":true,"href":"https:\/\/www.onetimenexttime.sk\/arduino\/index.php\/wp-json\/wp\/v2\/product_cat?post=244"},{"taxonomy":"product_tag","embeddable":true,"href":"https:\/\/www.onetimenexttime.sk\/arduino\/index.php\/wp-json\/wp\/v2\/product_tag?post=244"}],"curies":[{"name":"wp","href":"https:\/\/api.w.org\/{rel}","templated":true}]}}