{"id":22,"date":"2021-10-17T13:46:56","date_gmt":"2021-10-17T11:46:56","guid":{"rendered":"https:\/\/www.onetimenexttime.sk\/arduino\/?post_type=product&#038;p=22"},"modified":"2021-10-31T23:15:06","modified_gmt":"2021-10-31T22:15:06","slug":"sensor-shield-digital-analog-module-servo-motor-for-uno-r3-mega-v5","status":"publish","type":"product","link":"https:\/\/www.onetimenexttime.sk\/arduino\/index.php\/produkt\/sensor-shield-digital-analog-module-servo-motor-for-uno-r3-mega-v5\/","title":{"rendered":"Sensor Shield Digital Analog Module Servo Motor for UNO R3 MEGA V5"},"content":{"rendered":"<p>Popis<br \/>\n1. Open-source IDE je mo\u017en\u00e9 stiahnu\u0165 zadarmo (v s\u00fa\u010dasnosti pre Mac OS X, Windows a Linux).<br \/>\n2. Sensor Shield v\u00e1m umo\u017e\u0148uje pripoji\u0165 sa k r\u00f4znym modulom, ako s\u00fa senzory, serva, rel\u00e9, tla\u010didl\u00e1, potenciometre.<br \/>\n3. Ka\u017ed\u00fd funk\u010dn\u00fd modul m\u00e1 pripnut\u00fd port s VCC, GND a v\u00fdstupom, ktor\u00fd m\u00e1 zodpovedaj\u00faci port na \u0161t\u00edtu senzora, spojen\u00fd s oby\u010dajn\u00fdm 2,54 mm dvojit\u00fdm k\u00e1blom, ktor\u00fd m\u00f4\u017eete za\u010da\u0165 hra\u0165.<br \/>\n4. K\u00e1ble z teh\u00e1l s\u00fa ako cement pre tehly, u\u013eah\u010duj\u00fa, zais\u0165uj\u00fa a profesion\u00e1lnej\u0161ie sp\u00e1janie.<br \/>\n5. Farba: modr\u00e1 a \u010dierna.<br \/>\n6. Ve\u013ekos\u0165 polo\u017eky: 57*57*19 mm.<br \/>\n7. \u010cist\u00e1 hmotnos\u0165: 26g.<br \/>\n8. Hmotnos\u0165 bal\u00edka: 35 g.<\/p>\n","protected":false},"excerpt":{"rendered":"<p>Popis 1. Open-source IDE je mo\u017en\u00e9 stiahnu\u0165 zadarmo (v s\u00fa\u010dasnosti pre Mac OS X, Windows a Linux). 2. Sensor Shield&hellip;<\/p>\n","protected":false},"featured_media":23,"template":"","meta":{"_monsterinsights_skip_tracking":false,"_monsterinsights_sitenote_active":false,"_monsterinsights_sitenote_note":"","_monsterinsights_sitenote_category":0},"product_cat":[16,17,52],"product_tag":[],"class_list":{"0":"post-22","1":"product","2":"type-product","3":"status-publish","4":"has-post-thumbnail","6":"product_cat-ard","7":"product_cat-modul","8":"product_cat-motor-modul","10":"first","11":"instock","12":"sale","13":"shipping-taxable","14":"purchasable","15":"product-type-simple"},"yoast_head":"<!-- This site is optimized with the Yoast SEO plugin v23.6 - https:\/\/yoast.com\/wordpress\/plugins\/seo\/ -->\n<title>Sensor Shield Digital Analog Module Servo Motor for UNO R3 MEGA V5 - Arduino e-shop<\/title>\n<meta name=\"robots\" content=\"index, follow, max-snippet:-1, max-image-preview:large, max-video-preview:-1\" \/>\n<link rel=\"canonical\" href=\"https:\/\/www.onetimenexttime.sk\/arduino\/index.php\/produkt\/sensor-shield-digital-analog-module-servo-motor-for-uno-r3-mega-v5\/\" \/>\n<meta property=\"og:locale\" content=\"sk_SK\" \/>\n<meta property=\"og:type\" content=\"article\" \/>\n<meta property=\"og:title\" content=\"Sensor Shield Digital Analog Module Servo Motor for UNO R3 MEGA V5 - Arduino e-shop\" \/>\n<meta property=\"og:description\" content=\"Popis 1. Open-source IDE je mo\u017en\u00e9 stiahnu\u0165 zadarmo (v s\u00fa\u010dasnosti pre Mac OS X, Windows a Linux). 2. Sensor Shield&hellip;\" \/>\n<meta property=\"og:url\" content=\"https:\/\/www.onetimenexttime.sk\/arduino\/index.php\/produkt\/sensor-shield-digital-analog-module-servo-motor-for-uno-r3-mega-v5\/\" \/>\n<meta property=\"og:site_name\" content=\"Arduino e-shop\" \/>\n<meta property=\"article:modified_time\" content=\"2021-10-31T22:15:06+00:00\" \/>\n<meta property=\"og:image\" content=\"https:\/\/www.onetimenexttime.sk\/arduino\/wp-content\/uploads\/2021\/10\/212.jpg\" \/>\n\t<meta property=\"og:image:width\" content=\"425\" \/>\n\t<meta property=\"og:image:height\" content=\"345\" \/>\n\t<meta property=\"og:image:type\" content=\"image\/jpeg\" \/>\n<meta name=\"twitter:card\" content=\"summary_large_image\" \/>\n<meta name=\"twitter:label1\" content=\"Predpokladan\u00fd \u010das \u010d\u00edtania\" \/>\n\t<meta name=\"twitter:data1\" content=\"1 min\u00fata\" \/>\n<script type=\"application\/ld+json\" class=\"yoast-schema-graph\">{\"@context\":\"https:\/\/schema.org\",\"@graph\":[{\"@type\":\"WebPage\",\"@id\":\"https:\/\/www.onetimenexttime.sk\/arduino\/index.php\/produkt\/sensor-shield-digital-analog-module-servo-motor-for-uno-r3-mega-v5\/\",\"url\":\"https:\/\/www.onetimenexttime.sk\/arduino\/index.php\/produkt\/sensor-shield-digital-analog-module-servo-motor-for-uno-r3-mega-v5\/\",\"name\":\"Sensor Shield Digital Analog Module Servo Motor for UNO R3 MEGA V5 - Arduino e-shop\",\"isPartOf\":{\"@id\":\"https:\/\/www.onetimenexttime.sk\/arduino\/#website\"},\"primaryImageOfPage\":{\"@id\":\"https:\/\/www.onetimenexttime.sk\/arduino\/index.php\/produkt\/sensor-shield-digital-analog-module-servo-motor-for-uno-r3-mega-v5\/#primaryimage\"},\"image\":{\"@id\":\"https:\/\/www.onetimenexttime.sk\/arduino\/index.php\/produkt\/sensor-shield-digital-analog-module-servo-motor-for-uno-r3-mega-v5\/#primaryimage\"},\"thumbnailUrl\":\"https:\/\/www.onetimenexttime.sk\/arduino\/wp-content\/uploads\/2021\/10\/212.jpg\",\"datePublished\":\"2021-10-17T11:46:56+00:00\",\"dateModified\":\"2021-10-31T22:15:06+00:00\",\"breadcrumb\":{\"@id\":\"https:\/\/www.onetimenexttime.sk\/arduino\/index.php\/produkt\/sensor-shield-digital-analog-module-servo-motor-for-uno-r3-mega-v5\/#breadcrumb\"},\"inLanguage\":\"sk-SK\",\"potentialAction\":[{\"@type\":\"ReadAction\",\"target\":[\"https:\/\/www.onetimenexttime.sk\/arduino\/index.php\/produkt\/sensor-shield-digital-analog-module-servo-motor-for-uno-r3-mega-v5\/\"]}]},{\"@type\":\"ImageObject\",\"inLanguage\":\"sk-SK\",\"@id\":\"https:\/\/www.onetimenexttime.sk\/arduino\/index.php\/produkt\/sensor-shield-digital-analog-module-servo-motor-for-uno-r3-mega-v5\/#primaryimage\",\"url\":\"https:\/\/www.onetimenexttime.sk\/arduino\/wp-content\/uploads\/2021\/10\/212.jpg\",\"contentUrl\":\"https:\/\/www.onetimenexttime.sk\/arduino\/wp-content\/uploads\/2021\/10\/212.jpg\",\"width\":425,\"height\":345},{\"@type\":\"BreadcrumbList\",\"@id\":\"https:\/\/www.onetimenexttime.sk\/arduino\/index.php\/produkt\/sensor-shield-digital-analog-module-servo-motor-for-uno-r3-mega-v5\/#breadcrumb\",\"itemListElement\":[{\"@type\":\"ListItem\",\"position\":1,\"name\":\"Domov\",\"item\":\"https:\/\/www.onetimenexttime.sk\/arduino\/\"},{\"@type\":\"ListItem\",\"position\":2,\"name\":\"Obchod\",\"item\":\"https:\/\/www.onetimenexttime.sk\/arduino\/\"},{\"@type\":\"ListItem\",\"position\":3,\"name\":\"Sensor Shield Digital Analog Module Servo Motor for UNO R3 MEGA V5\"}]},{\"@type\":\"WebSite\",\"@id\":\"https:\/\/www.onetimenexttime.sk\/arduino\/#website\",\"url\":\"https:\/\/www.onetimenexttime.sk\/arduino\/\",\"name\":\"Arduino e-shop\",\"description\":\"Home Assistant\",\"potentialAction\":[{\"@type\":\"SearchAction\",\"target\":{\"@type\":\"EntryPoint\",\"urlTemplate\":\"https:\/\/www.onetimenexttime.sk\/arduino\/?s={search_term_string}\"},\"query-input\":{\"@type\":\"PropertyValueSpecification\",\"valueRequired\":true,\"valueName\":\"search_term_string\"}}],\"inLanguage\":\"sk-SK\"}]}<\/script>\n<!-- \/ Yoast SEO plugin. -->","yoast_head_json":{"title":"Sensor Shield Digital Analog Module Servo Motor for UNO R3 MEGA V5 - Arduino e-shop","robots":{"index":"index","follow":"follow","max-snippet":"max-snippet:-1","max-image-preview":"max-image-preview:large","max-video-preview":"max-video-preview:-1"},"canonical":"https:\/\/www.onetimenexttime.sk\/arduino\/index.php\/produkt\/sensor-shield-digital-analog-module-servo-motor-for-uno-r3-mega-v5\/","og_locale":"sk_SK","og_type":"article","og_title":"Sensor Shield Digital Analog Module Servo Motor for UNO R3 MEGA V5 - Arduino e-shop","og_description":"Popis 1. Open-source IDE je mo\u017en\u00e9 stiahnu\u0165 zadarmo (v s\u00fa\u010dasnosti pre Mac OS X, Windows a Linux). 2. Sensor Shield&hellip;","og_url":"https:\/\/www.onetimenexttime.sk\/arduino\/index.php\/produkt\/sensor-shield-digital-analog-module-servo-motor-for-uno-r3-mega-v5\/","og_site_name":"Arduino e-shop","article_modified_time":"2021-10-31T22:15:06+00:00","og_image":[{"width":425,"height":345,"url":"https:\/\/www.onetimenexttime.sk\/arduino\/wp-content\/uploads\/2021\/10\/212.jpg","type":"image\/jpeg"}],"twitter_card":"summary_large_image","twitter_misc":{"Predpokladan\u00fd \u010das \u010d\u00edtania":"1 min\u00fata"},"schema":{"@context":"https:\/\/schema.org","@graph":[{"@type":"WebPage","@id":"https:\/\/www.onetimenexttime.sk\/arduino\/index.php\/produkt\/sensor-shield-digital-analog-module-servo-motor-for-uno-r3-mega-v5\/","url":"https:\/\/www.onetimenexttime.sk\/arduino\/index.php\/produkt\/sensor-shield-digital-analog-module-servo-motor-for-uno-r3-mega-v5\/","name":"Sensor Shield Digital Analog Module Servo Motor for UNO R3 MEGA V5 - Arduino e-shop","isPartOf":{"@id":"https:\/\/www.onetimenexttime.sk\/arduino\/#website"},"primaryImageOfPage":{"@id":"https:\/\/www.onetimenexttime.sk\/arduino\/index.php\/produkt\/sensor-shield-digital-analog-module-servo-motor-for-uno-r3-mega-v5\/#primaryimage"},"image":{"@id":"https:\/\/www.onetimenexttime.sk\/arduino\/index.php\/produkt\/sensor-shield-digital-analog-module-servo-motor-for-uno-r3-mega-v5\/#primaryimage"},"thumbnailUrl":"https:\/\/www.onetimenexttime.sk\/arduino\/wp-content\/uploads\/2021\/10\/212.jpg","datePublished":"2021-10-17T11:46:56+00:00","dateModified":"2021-10-31T22:15:06+00:00","breadcrumb":{"@id":"https:\/\/www.onetimenexttime.sk\/arduino\/index.php\/produkt\/sensor-shield-digital-analog-module-servo-motor-for-uno-r3-mega-v5\/#breadcrumb"},"inLanguage":"sk-SK","potentialAction":[{"@type":"ReadAction","target":["https:\/\/www.onetimenexttime.sk\/arduino\/index.php\/produkt\/sensor-shield-digital-analog-module-servo-motor-for-uno-r3-mega-v5\/"]}]},{"@type":"ImageObject","inLanguage":"sk-SK","@id":"https:\/\/www.onetimenexttime.sk\/arduino\/index.php\/produkt\/sensor-shield-digital-analog-module-servo-motor-for-uno-r3-mega-v5\/#primaryimage","url":"https:\/\/www.onetimenexttime.sk\/arduino\/wp-content\/uploads\/2021\/10\/212.jpg","contentUrl":"https:\/\/www.onetimenexttime.sk\/arduino\/wp-content\/uploads\/2021\/10\/212.jpg","width":425,"height":345},{"@type":"BreadcrumbList","@id":"https:\/\/www.onetimenexttime.sk\/arduino\/index.php\/produkt\/sensor-shield-digital-analog-module-servo-motor-for-uno-r3-mega-v5\/#breadcrumb","itemListElement":[{"@type":"ListItem","position":1,"name":"Domov","item":"https:\/\/www.onetimenexttime.sk\/arduino\/"},{"@type":"ListItem","position":2,"name":"Obchod","item":"https:\/\/www.onetimenexttime.sk\/arduino\/"},{"@type":"ListItem","position":3,"name":"Sensor Shield Digital Analog Module Servo Motor for UNO R3 MEGA V5"}]},{"@type":"WebSite","@id":"https:\/\/www.onetimenexttime.sk\/arduino\/#website","url":"https:\/\/www.onetimenexttime.sk\/arduino\/","name":"Arduino e-shop","description":"Home Assistant","potentialAction":[{"@type":"SearchAction","target":{"@type":"EntryPoint","urlTemplate":"https:\/\/www.onetimenexttime.sk\/arduino\/?s={search_term_string}"},"query-input":{"@type":"PropertyValueSpecification","valueRequired":true,"valueName":"search_term_string"}}],"inLanguage":"sk-SK"}]}},"_links":{"self":[{"href":"https:\/\/www.onetimenexttime.sk\/arduino\/index.php\/wp-json\/wp\/v2\/product\/22"}],"collection":[{"href":"https:\/\/www.onetimenexttime.sk\/arduino\/index.php\/wp-json\/wp\/v2\/product"}],"about":[{"href":"https:\/\/www.onetimenexttime.sk\/arduino\/index.php\/wp-json\/wp\/v2\/types\/product"}],"wp:featuredmedia":[{"embeddable":true,"href":"https:\/\/www.onetimenexttime.sk\/arduino\/index.php\/wp-json\/wp\/v2\/media\/23"}],"wp:attachment":[{"href":"https:\/\/www.onetimenexttime.sk\/arduino\/index.php\/wp-json\/wp\/v2\/media?parent=22"}],"wp:term":[{"taxonomy":"product_cat","embeddable":true,"href":"https:\/\/www.onetimenexttime.sk\/arduino\/index.php\/wp-json\/wp\/v2\/product_cat?post=22"},{"taxonomy":"product_tag","embeddable":true,"href":"https:\/\/www.onetimenexttime.sk\/arduino\/index.php\/wp-json\/wp\/v2\/product_tag?post=22"}],"curies":[{"name":"wp","href":"https:\/\/api.w.org\/{rel}","templated":true}]}}