{"id":191,"date":"2021-10-18T12:14:13","date_gmt":"2021-10-18T10:14:13","guid":{"rendered":"https:\/\/www.onetimenexttime.sk\/arduino\/?post_type=product&#038;p=191"},"modified":"2021-10-18T12:16:37","modified_gmt":"2021-10-18T10:16:37","slug":"mini-dc-dc-boost-converter-step-up-converter-boost-module-board-for-dso138-power-oscilloscope","status":"publish","type":"product","link":"https:\/\/www.onetimenexttime.sk\/arduino\/index.php\/produkt\/mini-dc-dc-boost-converter-step-up-converter-boost-module-board-for-dso138-power-oscilloscope\/","title":{"rendered":"Mini DC\/DC Boost Converter Step-up Converter Boost Module Board for DSO138 Power Oscilloscope"},"content":{"rendered":"<p>Mini DC\/DC Boost Converter Zosil\u0148ova\u010d s modulom zosil\u0148ova\u010da pre s\u00fapravu DSO138 v\u00fdkonn\u00e9ho osciloskopu<\/p>\n<p>Tento zosil\u0148ova\u010d je ide\u00e1lnym rie\u0161en\u00edm pre s\u00fapravu osciloskopu DSO138 (nie je s\u00fa\u010das\u0165ou dod\u00e1vky). M\u00f4\u017ee by\u0165 pripojen\u00fd priamo k z\u00e1kladnej doske DSO138 (nie je s\u00fa\u010das\u0165ou dod\u00e1vky), aby bol osciloskop DSO138 prenosn\u00fdm osciloskopom pre lep\u0161ie vyu\u017eitie.<\/p>\n<p>Vlastnosti:<br \/>\nVysokov\u00fdkonn\u00fd modul zosil\u0148ova\u010da prevodn\u00edka DC\/DC.<br \/>\nDok\u00e1\u017ee zv\u00fd\u0161i\u0165 nap\u00e4tie 3,5 V-8 V a\u017e na 9 V.<br \/>\nPou\u017eite\u013en\u00e1 situ\u00e1cia: na nap\u00e1janie potrebujete l\u00edtiov\u00fa bat\u00e9riu 3,7 V alebo USB.<br \/>\nIde\u00e1lna zhoda pre s\u00fapravu osciloskopu DSO138 (nie je s\u00fa\u010das\u0165ou dod\u00e1vky).<\/p>\n<p>Upozornenie:<br \/>\nOsciloskop DSO138 a bat\u00e9ria nie s\u00fa s\u00fa\u010das\u0165ou balenia.<\/p>\n<p>Technick\u00e9 \u00fadaje:<br \/>\nVstupn\u00e9 nap\u00e4tie: 3,5 V &#8211; 8 V.<br \/>\nV\u00fdstupn\u00e9 nap\u00e4tie: 9V<br \/>\nV\u00fdstupn\u00fd pr\u00fad: 150mA (ke\u010f je v\u00fdstupn\u00e9 nap\u00e4tie 9V)<br \/>\nZvlnenie nap\u00e4tia: 100 mVpk (v\u00fdstupn\u00fd pr\u00fad pri 150 mA)<br \/>\nVe\u013ekos\u0165 dosky plo\u0161n\u00fdch spojov: 50 * 15 mm \/ 1,97 * 0,6 palca<br \/>\nHmotnos\u0165 bal\u00edka: 6 g \/ 0,23 oz<\/p>\n","protected":false},"excerpt":{"rendered":"<p>Mini DC\/DC Boost Converter Zosil\u0148ova\u010d s modulom zosil\u0148ova\u010da pre s\u00fapravu DSO138 v\u00fdkonn\u00e9ho osciloskopu Tento zosil\u0148ova\u010d je ide\u00e1lnym rie\u0161en\u00edm pre s\u00fapravu&hellip;<\/p>\n","protected":false},"featured_media":192,"template":"","meta":{"_monsterinsights_skip_tracking":false,"_monsterinsights_sitenote_active":false,"_monsterinsights_sitenote_note":"","_monsterinsights_sitenote_category":0},"product_cat":[16,21],"product_tag":[],"class_list":{"0":"post-191","1":"product","2":"type-product","3":"status-publish","4":"has-post-thumbnail","6":"product_cat-ard","7":"product_cat-pw","9":"first","10":"instock","11":"shipping-taxable","12":"purchasable","13":"product-type-simple"},"yoast_head":"<!-- This site is optimized with the Yoast SEO plugin v23.6 - https:\/\/yoast.com\/wordpress\/plugins\/seo\/ -->\n<title>Mini DC\/DC Boost Converter Step-up Converter Boost Module Board for DSO138 Power Oscilloscope - Arduino e-shop<\/title>\n<meta name=\"robots\" content=\"index, follow, max-snippet:-1, max-image-preview:large, max-video-preview:-1\" \/>\n<link rel=\"canonical\" href=\"https:\/\/www.onetimenexttime.sk\/arduino\/index.php\/produkt\/mini-dc-dc-boost-converter-step-up-converter-boost-module-board-for-dso138-power-oscilloscope\/\" \/>\n<meta property=\"og:locale\" content=\"sk_SK\" \/>\n<meta property=\"og:type\" content=\"article\" \/>\n<meta property=\"og:title\" content=\"Mini DC\/DC Boost Converter Step-up Converter Boost Module Board for DSO138 Power Oscilloscope - Arduino e-shop\" \/>\n<meta property=\"og:description\" content=\"Mini DC\/DC Boost Converter Zosil\u0148ova\u010d s modulom zosil\u0148ova\u010da pre s\u00fapravu DSO138 v\u00fdkonn\u00e9ho osciloskopu Tento zosil\u0148ova\u010d je ide\u00e1lnym rie\u0161en\u00edm pre s\u00fapravu&hellip;\" \/>\n<meta property=\"og:url\" content=\"https:\/\/www.onetimenexttime.sk\/arduino\/index.php\/produkt\/mini-dc-dc-boost-converter-step-up-converter-boost-module-board-for-dso138-power-oscilloscope\/\" \/>\n<meta property=\"og:site_name\" content=\"Arduino e-shop\" \/>\n<meta property=\"article:modified_time\" content=\"2021-10-18T10:16:37+00:00\" \/>\n<meta property=\"og:image\" content=\"https:\/\/www.onetimenexttime.sk\/arduino\/wp-content\/uploads\/2021\/10\/335.jpg\" \/>\n\t<meta property=\"og:image:width\" content=\"600\" \/>\n\t<meta property=\"og:image:height\" content=\"600\" \/>\n\t<meta property=\"og:image:type\" content=\"image\/jpeg\" \/>\n<meta name=\"twitter:card\" content=\"summary_large_image\" \/>\n<meta name=\"twitter:label1\" content=\"Predpokladan\u00fd \u010das \u010d\u00edtania\" \/>\n\t<meta name=\"twitter:data1\" content=\"1 min\u00fata\" \/>\n<script type=\"application\/ld+json\" class=\"yoast-schema-graph\">{\"@context\":\"https:\/\/schema.org\",\"@graph\":[{\"@type\":\"WebPage\",\"@id\":\"https:\/\/www.onetimenexttime.sk\/arduino\/index.php\/produkt\/mini-dc-dc-boost-converter-step-up-converter-boost-module-board-for-dso138-power-oscilloscope\/\",\"url\":\"https:\/\/www.onetimenexttime.sk\/arduino\/index.php\/produkt\/mini-dc-dc-boost-converter-step-up-converter-boost-module-board-for-dso138-power-oscilloscope\/\",\"name\":\"Mini DC\/DC Boost Converter Step-up Converter Boost Module Board for DSO138 Power Oscilloscope - Arduino e-shop\",\"isPartOf\":{\"@id\":\"https:\/\/www.onetimenexttime.sk\/arduino\/#website\"},\"primaryImageOfPage\":{\"@id\":\"https:\/\/www.onetimenexttime.sk\/arduino\/index.php\/produkt\/mini-dc-dc-boost-converter-step-up-converter-boost-module-board-for-dso138-power-oscilloscope\/#primaryimage\"},\"image\":{\"@id\":\"https:\/\/www.onetimenexttime.sk\/arduino\/index.php\/produkt\/mini-dc-dc-boost-converter-step-up-converter-boost-module-board-for-dso138-power-oscilloscope\/#primaryimage\"},\"thumbnailUrl\":\"https:\/\/www.onetimenexttime.sk\/arduino\/wp-content\/uploads\/2021\/10\/335.jpg\",\"datePublished\":\"2021-10-18T10:14:13+00:00\",\"dateModified\":\"2021-10-18T10:16:37+00:00\",\"breadcrumb\":{\"@id\":\"https:\/\/www.onetimenexttime.sk\/arduino\/index.php\/produkt\/mini-dc-dc-boost-converter-step-up-converter-boost-module-board-for-dso138-power-oscilloscope\/#breadcrumb\"},\"inLanguage\":\"sk-SK\",\"potentialAction\":[{\"@type\":\"ReadAction\",\"target\":[\"https:\/\/www.onetimenexttime.sk\/arduino\/index.php\/produkt\/mini-dc-dc-boost-converter-step-up-converter-boost-module-board-for-dso138-power-oscilloscope\/\"]}]},{\"@type\":\"ImageObject\",\"inLanguage\":\"sk-SK\",\"@id\":\"https:\/\/www.onetimenexttime.sk\/arduino\/index.php\/produkt\/mini-dc-dc-boost-converter-step-up-converter-boost-module-board-for-dso138-power-oscilloscope\/#primaryimage\",\"url\":\"https:\/\/www.onetimenexttime.sk\/arduino\/wp-content\/uploads\/2021\/10\/335.jpg\",\"contentUrl\":\"https:\/\/www.onetimenexttime.sk\/arduino\/wp-content\/uploads\/2021\/10\/335.jpg\",\"width\":600,\"height\":600},{\"@type\":\"BreadcrumbList\",\"@id\":\"https:\/\/www.onetimenexttime.sk\/arduino\/index.php\/produkt\/mini-dc-dc-boost-converter-step-up-converter-boost-module-board-for-dso138-power-oscilloscope\/#breadcrumb\",\"itemListElement\":[{\"@type\":\"ListItem\",\"position\":1,\"name\":\"Domov\",\"item\":\"https:\/\/www.onetimenexttime.sk\/arduino\/\"},{\"@type\":\"ListItem\",\"position\":2,\"name\":\"Obchod\",\"item\":\"https:\/\/www.onetimenexttime.sk\/arduino\/\"},{\"@type\":\"ListItem\",\"position\":3,\"name\":\"Mini DC\/DC Boost Converter Step-up Converter Boost Module Board for DSO138 Power Oscilloscope\"}]},{\"@type\":\"WebSite\",\"@id\":\"https:\/\/www.onetimenexttime.sk\/arduino\/#website\",\"url\":\"https:\/\/www.onetimenexttime.sk\/arduino\/\",\"name\":\"Arduino e-shop\",\"description\":\"Home Assistant\",\"potentialAction\":[{\"@type\":\"SearchAction\",\"target\":{\"@type\":\"EntryPoint\",\"urlTemplate\":\"https:\/\/www.onetimenexttime.sk\/arduino\/?s={search_term_string}\"},\"query-input\":{\"@type\":\"PropertyValueSpecification\",\"valueRequired\":true,\"valueName\":\"search_term_string\"}}],\"inLanguage\":\"sk-SK\"}]}<\/script>\n<!-- \/ Yoast SEO plugin. -->","yoast_head_json":{"title":"Mini DC\/DC Boost Converter Step-up Converter Boost Module Board for DSO138 Power Oscilloscope - Arduino e-shop","robots":{"index":"index","follow":"follow","max-snippet":"max-snippet:-1","max-image-preview":"max-image-preview:large","max-video-preview":"max-video-preview:-1"},"canonical":"https:\/\/www.onetimenexttime.sk\/arduino\/index.php\/produkt\/mini-dc-dc-boost-converter-step-up-converter-boost-module-board-for-dso138-power-oscilloscope\/","og_locale":"sk_SK","og_type":"article","og_title":"Mini DC\/DC Boost Converter Step-up Converter Boost Module Board for DSO138 Power Oscilloscope - Arduino e-shop","og_description":"Mini DC\/DC Boost Converter Zosil\u0148ova\u010d s modulom zosil\u0148ova\u010da pre s\u00fapravu DSO138 v\u00fdkonn\u00e9ho osciloskopu Tento zosil\u0148ova\u010d je ide\u00e1lnym rie\u0161en\u00edm pre s\u00fapravu&hellip;","og_url":"https:\/\/www.onetimenexttime.sk\/arduino\/index.php\/produkt\/mini-dc-dc-boost-converter-step-up-converter-boost-module-board-for-dso138-power-oscilloscope\/","og_site_name":"Arduino e-shop","article_modified_time":"2021-10-18T10:16:37+00:00","og_image":[{"width":600,"height":600,"url":"https:\/\/www.onetimenexttime.sk\/arduino\/wp-content\/uploads\/2021\/10\/335.jpg","type":"image\/jpeg"}],"twitter_card":"summary_large_image","twitter_misc":{"Predpokladan\u00fd \u010das \u010d\u00edtania":"1 min\u00fata"},"schema":{"@context":"https:\/\/schema.org","@graph":[{"@type":"WebPage","@id":"https:\/\/www.onetimenexttime.sk\/arduino\/index.php\/produkt\/mini-dc-dc-boost-converter-step-up-converter-boost-module-board-for-dso138-power-oscilloscope\/","url":"https:\/\/www.onetimenexttime.sk\/arduino\/index.php\/produkt\/mini-dc-dc-boost-converter-step-up-converter-boost-module-board-for-dso138-power-oscilloscope\/","name":"Mini DC\/DC Boost Converter Step-up Converter Boost Module Board for DSO138 Power Oscilloscope - Arduino e-shop","isPartOf":{"@id":"https:\/\/www.onetimenexttime.sk\/arduino\/#website"},"primaryImageOfPage":{"@id":"https:\/\/www.onetimenexttime.sk\/arduino\/index.php\/produkt\/mini-dc-dc-boost-converter-step-up-converter-boost-module-board-for-dso138-power-oscilloscope\/#primaryimage"},"image":{"@id":"https:\/\/www.onetimenexttime.sk\/arduino\/index.php\/produkt\/mini-dc-dc-boost-converter-step-up-converter-boost-module-board-for-dso138-power-oscilloscope\/#primaryimage"},"thumbnailUrl":"https:\/\/www.onetimenexttime.sk\/arduino\/wp-content\/uploads\/2021\/10\/335.jpg","datePublished":"2021-10-18T10:14:13+00:00","dateModified":"2021-10-18T10:16:37+00:00","breadcrumb":{"@id":"https:\/\/www.onetimenexttime.sk\/arduino\/index.php\/produkt\/mini-dc-dc-boost-converter-step-up-converter-boost-module-board-for-dso138-power-oscilloscope\/#breadcrumb"},"inLanguage":"sk-SK","potentialAction":[{"@type":"ReadAction","target":["https:\/\/www.onetimenexttime.sk\/arduino\/index.php\/produkt\/mini-dc-dc-boost-converter-step-up-converter-boost-module-board-for-dso138-power-oscilloscope\/"]}]},{"@type":"ImageObject","inLanguage":"sk-SK","@id":"https:\/\/www.onetimenexttime.sk\/arduino\/index.php\/produkt\/mini-dc-dc-boost-converter-step-up-converter-boost-module-board-for-dso138-power-oscilloscope\/#primaryimage","url":"https:\/\/www.onetimenexttime.sk\/arduino\/wp-content\/uploads\/2021\/10\/335.jpg","contentUrl":"https:\/\/www.onetimenexttime.sk\/arduino\/wp-content\/uploads\/2021\/10\/335.jpg","width":600,"height":600},{"@type":"BreadcrumbList","@id":"https:\/\/www.onetimenexttime.sk\/arduino\/index.php\/produkt\/mini-dc-dc-boost-converter-step-up-converter-boost-module-board-for-dso138-power-oscilloscope\/#breadcrumb","itemListElement":[{"@type":"ListItem","position":1,"name":"Domov","item":"https:\/\/www.onetimenexttime.sk\/arduino\/"},{"@type":"ListItem","position":2,"name":"Obchod","item":"https:\/\/www.onetimenexttime.sk\/arduino\/"},{"@type":"ListItem","position":3,"name":"Mini DC\/DC Boost Converter Step-up Converter Boost Module Board for DSO138 Power Oscilloscope"}]},{"@type":"WebSite","@id":"https:\/\/www.onetimenexttime.sk\/arduino\/#website","url":"https:\/\/www.onetimenexttime.sk\/arduino\/","name":"Arduino e-shop","description":"Home Assistant","potentialAction":[{"@type":"SearchAction","target":{"@type":"EntryPoint","urlTemplate":"https:\/\/www.onetimenexttime.sk\/arduino\/?s={search_term_string}"},"query-input":{"@type":"PropertyValueSpecification","valueRequired":true,"valueName":"search_term_string"}}],"inLanguage":"sk-SK"}]}},"_links":{"self":[{"href":"https:\/\/www.onetimenexttime.sk\/arduino\/index.php\/wp-json\/wp\/v2\/product\/191"}],"collection":[{"href":"https:\/\/www.onetimenexttime.sk\/arduino\/index.php\/wp-json\/wp\/v2\/product"}],"about":[{"href":"https:\/\/www.onetimenexttime.sk\/arduino\/index.php\/wp-json\/wp\/v2\/types\/product"}],"wp:featuredmedia":[{"embeddable":true,"href":"https:\/\/www.onetimenexttime.sk\/arduino\/index.php\/wp-json\/wp\/v2\/media\/192"}],"wp:attachment":[{"href":"https:\/\/www.onetimenexttime.sk\/arduino\/index.php\/wp-json\/wp\/v2\/media?parent=191"}],"wp:term":[{"taxonomy":"product_cat","embeddable":true,"href":"https:\/\/www.onetimenexttime.sk\/arduino\/index.php\/wp-json\/wp\/v2\/product_cat?post=191"},{"taxonomy":"product_tag","embeddable":true,"href":"https:\/\/www.onetimenexttime.sk\/arduino\/index.php\/wp-json\/wp\/v2\/product_tag?post=191"}],"curies":[{"name":"wp","href":"https:\/\/api.w.org\/{rel}","templated":true}]}}