{"id":177,"date":"2021-10-18T11:44:06","date_gmt":"2021-10-18T09:44:06","guid":{"rendered":"https:\/\/www.onetimenexttime.sk\/arduino\/?post_type=product&#038;p=177"},"modified":"2021-10-20T08:25:55","modified_gmt":"2021-10-20T06:25:55","slug":"0-9-5v-to-5v-600ma-dc-converter-step-up-boost-module-usb-charger-for-mp3-mp4","status":"publish","type":"product","link":"https:\/\/www.onetimenexttime.sk\/arduino\/index.php\/produkt\/0-9-5v-to-5v-600ma-dc-converter-step-up-boost-module-usb-charger-for-mp3-mp4\/","title":{"rendered":"0.9-5V To 5V 600mA DC Converter Step Up Boost Module USB Charger For MP3 MP4"},"content":{"rendered":"<p>Prevodn\u00edk 0.9-5V na 5V 600mA DC zosil\u0148ova\u010d s posil\u0148ovac\u00edm modulom USB pre MP3 MP4<\/p>\n<p>&nbsp;<\/p>\n<p>Mal\u00fd \u010dip PFM na ovl\u00e1danie zosil\u0148ova\u010da DC \/ DC<br \/>\nZadajte ak\u00e9ko\u013evek jednosmern\u00e9 nap\u00e4tie 0,9 V ~ 5 V, m\u00f4\u017ee by\u0165 stabiln\u00fd v\u00fdstup 5 V jednosmern\u00e9ho nap\u00e4tia, v\u00fdstupn\u00fd pr\u00fad 500 ~ 600 mA s dvoma bat\u00e9riami AA vstupom do jedn\u00e9ho v\u00fdstupn\u00e9ho pr\u00fadu nap\u00e1jan\u00e9ho bat\u00e9riou AA 200 mA, tak\u017ee pre mobiln\u00fd telef\u00f3n, fotoapar\u00e1t, dod\u00e1vka jedno\u010dipov\u00fdch digit\u00e1lnych produktov. Stabiln\u00fd v\u00fdstup 5V DC nap\u00e4tie<br \/>\nUSB samica, m\u00f4\u017ee smerova\u0165 nap\u00e1janie do zariadenia s rozhran\u00edm USB pomocou univerz\u00e1lnej USB z\u00e1suvky<br \/>\nVe\u013ekos\u0165 PCB: 34 (mm) x16,2 (mm) ultra-mal\u00fdch rozmerov, in\u0161talovan\u00fdch v r\u00f4znych mal\u00fdch zariadeniach<\/p>\n","protected":false},"excerpt":{"rendered":"<p>Prevodn\u00edk 0.9-5V na 5V 600mA DC zosil\u0148ova\u010d s posil\u0148ovac\u00edm modulom USB pre MP3 MP4 &nbsp; Mal\u00fd \u010dip PFM na ovl\u00e1danie&hellip;<\/p>\n","protected":false},"featured_media":178,"template":"","meta":{"_monsterinsights_skip_tracking":false,"_monsterinsights_sitenote_active":false,"_monsterinsights_sitenote_note":"","_monsterinsights_sitenote_category":0},"product_cat":[16,23],"product_tag":[],"class_list":{"0":"post-177","1":"product","2":"type-product","3":"status-publish","4":"has-post-thumbnail","6":"product_cat-ard","7":"product_cat-audio-modul","9":"first","10":"instock","11":"shipping-taxable","12":"purchasable","13":"product-type-simple"},"yoast_head":"<!-- This site is optimized with the Yoast SEO plugin v23.6 - https:\/\/yoast.com\/wordpress\/plugins\/seo\/ -->\n<title>0.9-5V To 5V 600mA DC Converter Step Up Boost Module USB Charger For MP3 MP4 - Arduino e-shop<\/title>\n<meta name=\"robots\" content=\"index, follow, max-snippet:-1, max-image-preview:large, max-video-preview:-1\" \/>\n<link rel=\"canonical\" href=\"https:\/\/www.onetimenexttime.sk\/arduino\/index.php\/produkt\/0-9-5v-to-5v-600ma-dc-converter-step-up-boost-module-usb-charger-for-mp3-mp4\/\" \/>\n<meta property=\"og:locale\" content=\"sk_SK\" \/>\n<meta property=\"og:type\" content=\"article\" \/>\n<meta property=\"og:title\" content=\"0.9-5V To 5V 600mA DC Converter Step Up Boost Module USB Charger For MP3 MP4 - Arduino e-shop\" \/>\n<meta property=\"og:description\" content=\"Prevodn\u00edk 0.9-5V na 5V 600mA DC zosil\u0148ova\u010d s posil\u0148ovac\u00edm modulom USB pre MP3 MP4 &nbsp; Mal\u00fd \u010dip PFM na ovl\u00e1danie&hellip;\" \/>\n<meta property=\"og:url\" content=\"https:\/\/www.onetimenexttime.sk\/arduino\/index.php\/produkt\/0-9-5v-to-5v-600ma-dc-converter-step-up-boost-module-usb-charger-for-mp3-mp4\/\" \/>\n<meta property=\"og:site_name\" content=\"Arduino e-shop\" \/>\n<meta property=\"article:modified_time\" content=\"2021-10-20T06:25:55+00:00\" \/>\n<meta property=\"og:image\" content=\"https:\/\/www.onetimenexttime.sk\/arduino\/wp-content\/uploads\/2021\/10\/339.jpg\" \/>\n\t<meta property=\"og:image:width\" content=\"504\" \/>\n\t<meta property=\"og:image:height\" content=\"503\" \/>\n\t<meta property=\"og:image:type\" content=\"image\/jpeg\" \/>\n<meta name=\"twitter:card\" content=\"summary_large_image\" \/>\n<meta name=\"twitter:label1\" content=\"Predpokladan\u00fd \u010das \u010d\u00edtania\" \/>\n\t<meta name=\"twitter:data1\" content=\"1 min\u00fata\" \/>\n<script type=\"application\/ld+json\" class=\"yoast-schema-graph\">{\"@context\":\"https:\/\/schema.org\",\"@graph\":[{\"@type\":\"WebPage\",\"@id\":\"https:\/\/www.onetimenexttime.sk\/arduino\/index.php\/produkt\/0-9-5v-to-5v-600ma-dc-converter-step-up-boost-module-usb-charger-for-mp3-mp4\/\",\"url\":\"https:\/\/www.onetimenexttime.sk\/arduino\/index.php\/produkt\/0-9-5v-to-5v-600ma-dc-converter-step-up-boost-module-usb-charger-for-mp3-mp4\/\",\"name\":\"0.9-5V To 5V 600mA DC Converter Step Up Boost Module USB Charger For MP3 MP4 - Arduino e-shop\",\"isPartOf\":{\"@id\":\"https:\/\/www.onetimenexttime.sk\/arduino\/#website\"},\"primaryImageOfPage\":{\"@id\":\"https:\/\/www.onetimenexttime.sk\/arduino\/index.php\/produkt\/0-9-5v-to-5v-600ma-dc-converter-step-up-boost-module-usb-charger-for-mp3-mp4\/#primaryimage\"},\"image\":{\"@id\":\"https:\/\/www.onetimenexttime.sk\/arduino\/index.php\/produkt\/0-9-5v-to-5v-600ma-dc-converter-step-up-boost-module-usb-charger-for-mp3-mp4\/#primaryimage\"},\"thumbnailUrl\":\"https:\/\/www.onetimenexttime.sk\/arduino\/wp-content\/uploads\/2021\/10\/339.jpg\",\"datePublished\":\"2021-10-18T09:44:06+00:00\",\"dateModified\":\"2021-10-20T06:25:55+00:00\",\"breadcrumb\":{\"@id\":\"https:\/\/www.onetimenexttime.sk\/arduino\/index.php\/produkt\/0-9-5v-to-5v-600ma-dc-converter-step-up-boost-module-usb-charger-for-mp3-mp4\/#breadcrumb\"},\"inLanguage\":\"sk-SK\",\"potentialAction\":[{\"@type\":\"ReadAction\",\"target\":[\"https:\/\/www.onetimenexttime.sk\/arduino\/index.php\/produkt\/0-9-5v-to-5v-600ma-dc-converter-step-up-boost-module-usb-charger-for-mp3-mp4\/\"]}]},{\"@type\":\"ImageObject\",\"inLanguage\":\"sk-SK\",\"@id\":\"https:\/\/www.onetimenexttime.sk\/arduino\/index.php\/produkt\/0-9-5v-to-5v-600ma-dc-converter-step-up-boost-module-usb-charger-for-mp3-mp4\/#primaryimage\",\"url\":\"https:\/\/www.onetimenexttime.sk\/arduino\/wp-content\/uploads\/2021\/10\/339.jpg\",\"contentUrl\":\"https:\/\/www.onetimenexttime.sk\/arduino\/wp-content\/uploads\/2021\/10\/339.jpg\",\"width\":504,\"height\":503},{\"@type\":\"BreadcrumbList\",\"@id\":\"https:\/\/www.onetimenexttime.sk\/arduino\/index.php\/produkt\/0-9-5v-to-5v-600ma-dc-converter-step-up-boost-module-usb-charger-for-mp3-mp4\/#breadcrumb\",\"itemListElement\":[{\"@type\":\"ListItem\",\"position\":1,\"name\":\"Domov\",\"item\":\"https:\/\/www.onetimenexttime.sk\/arduino\/\"},{\"@type\":\"ListItem\",\"position\":2,\"name\":\"Obchod\",\"item\":\"https:\/\/www.onetimenexttime.sk\/arduino\/\"},{\"@type\":\"ListItem\",\"position\":3,\"name\":\"0.9-5V To 5V 600mA DC Converter Step Up Boost Module USB Charger For MP3 MP4\"}]},{\"@type\":\"WebSite\",\"@id\":\"https:\/\/www.onetimenexttime.sk\/arduino\/#website\",\"url\":\"https:\/\/www.onetimenexttime.sk\/arduino\/\",\"name\":\"Arduino e-shop\",\"description\":\"Home Assistant\",\"potentialAction\":[{\"@type\":\"SearchAction\",\"target\":{\"@type\":\"EntryPoint\",\"urlTemplate\":\"https:\/\/www.onetimenexttime.sk\/arduino\/?s={search_term_string}\"},\"query-input\":{\"@type\":\"PropertyValueSpecification\",\"valueRequired\":true,\"valueName\":\"search_term_string\"}}],\"inLanguage\":\"sk-SK\"}]}<\/script>\n<!-- \/ Yoast SEO plugin. -->","yoast_head_json":{"title":"0.9-5V To 5V 600mA DC Converter Step Up Boost Module USB Charger For MP3 MP4 - Arduino e-shop","robots":{"index":"index","follow":"follow","max-snippet":"max-snippet:-1","max-image-preview":"max-image-preview:large","max-video-preview":"max-video-preview:-1"},"canonical":"https:\/\/www.onetimenexttime.sk\/arduino\/index.php\/produkt\/0-9-5v-to-5v-600ma-dc-converter-step-up-boost-module-usb-charger-for-mp3-mp4\/","og_locale":"sk_SK","og_type":"article","og_title":"0.9-5V To 5V 600mA DC Converter Step Up Boost Module USB Charger For MP3 MP4 - Arduino e-shop","og_description":"Prevodn\u00edk 0.9-5V na 5V 600mA DC zosil\u0148ova\u010d s posil\u0148ovac\u00edm modulom USB pre MP3 MP4 &nbsp; Mal\u00fd \u010dip PFM na ovl\u00e1danie&hellip;","og_url":"https:\/\/www.onetimenexttime.sk\/arduino\/index.php\/produkt\/0-9-5v-to-5v-600ma-dc-converter-step-up-boost-module-usb-charger-for-mp3-mp4\/","og_site_name":"Arduino e-shop","article_modified_time":"2021-10-20T06:25:55+00:00","og_image":[{"width":504,"height":503,"url":"https:\/\/www.onetimenexttime.sk\/arduino\/wp-content\/uploads\/2021\/10\/339.jpg","type":"image\/jpeg"}],"twitter_card":"summary_large_image","twitter_misc":{"Predpokladan\u00fd \u010das \u010d\u00edtania":"1 min\u00fata"},"schema":{"@context":"https:\/\/schema.org","@graph":[{"@type":"WebPage","@id":"https:\/\/www.onetimenexttime.sk\/arduino\/index.php\/produkt\/0-9-5v-to-5v-600ma-dc-converter-step-up-boost-module-usb-charger-for-mp3-mp4\/","url":"https:\/\/www.onetimenexttime.sk\/arduino\/index.php\/produkt\/0-9-5v-to-5v-600ma-dc-converter-step-up-boost-module-usb-charger-for-mp3-mp4\/","name":"0.9-5V To 5V 600mA DC Converter Step Up Boost Module USB Charger For MP3 MP4 - Arduino e-shop","isPartOf":{"@id":"https:\/\/www.onetimenexttime.sk\/arduino\/#website"},"primaryImageOfPage":{"@id":"https:\/\/www.onetimenexttime.sk\/arduino\/index.php\/produkt\/0-9-5v-to-5v-600ma-dc-converter-step-up-boost-module-usb-charger-for-mp3-mp4\/#primaryimage"},"image":{"@id":"https:\/\/www.onetimenexttime.sk\/arduino\/index.php\/produkt\/0-9-5v-to-5v-600ma-dc-converter-step-up-boost-module-usb-charger-for-mp3-mp4\/#primaryimage"},"thumbnailUrl":"https:\/\/www.onetimenexttime.sk\/arduino\/wp-content\/uploads\/2021\/10\/339.jpg","datePublished":"2021-10-18T09:44:06+00:00","dateModified":"2021-10-20T06:25:55+00:00","breadcrumb":{"@id":"https:\/\/www.onetimenexttime.sk\/arduino\/index.php\/produkt\/0-9-5v-to-5v-600ma-dc-converter-step-up-boost-module-usb-charger-for-mp3-mp4\/#breadcrumb"},"inLanguage":"sk-SK","potentialAction":[{"@type":"ReadAction","target":["https:\/\/www.onetimenexttime.sk\/arduino\/index.php\/produkt\/0-9-5v-to-5v-600ma-dc-converter-step-up-boost-module-usb-charger-for-mp3-mp4\/"]}]},{"@type":"ImageObject","inLanguage":"sk-SK","@id":"https:\/\/www.onetimenexttime.sk\/arduino\/index.php\/produkt\/0-9-5v-to-5v-600ma-dc-converter-step-up-boost-module-usb-charger-for-mp3-mp4\/#primaryimage","url":"https:\/\/www.onetimenexttime.sk\/arduino\/wp-content\/uploads\/2021\/10\/339.jpg","contentUrl":"https:\/\/www.onetimenexttime.sk\/arduino\/wp-content\/uploads\/2021\/10\/339.jpg","width":504,"height":503},{"@type":"BreadcrumbList","@id":"https:\/\/www.onetimenexttime.sk\/arduino\/index.php\/produkt\/0-9-5v-to-5v-600ma-dc-converter-step-up-boost-module-usb-charger-for-mp3-mp4\/#breadcrumb","itemListElement":[{"@type":"ListItem","position":1,"name":"Domov","item":"https:\/\/www.onetimenexttime.sk\/arduino\/"},{"@type":"ListItem","position":2,"name":"Obchod","item":"https:\/\/www.onetimenexttime.sk\/arduino\/"},{"@type":"ListItem","position":3,"name":"0.9-5V To 5V 600mA DC Converter Step Up Boost Module USB Charger For MP3 MP4"}]},{"@type":"WebSite","@id":"https:\/\/www.onetimenexttime.sk\/arduino\/#website","url":"https:\/\/www.onetimenexttime.sk\/arduino\/","name":"Arduino e-shop","description":"Home Assistant","potentialAction":[{"@type":"SearchAction","target":{"@type":"EntryPoint","urlTemplate":"https:\/\/www.onetimenexttime.sk\/arduino\/?s={search_term_string}"},"query-input":{"@type":"PropertyValueSpecification","valueRequired":true,"valueName":"search_term_string"}}],"inLanguage":"sk-SK"}]}},"_links":{"self":[{"href":"https:\/\/www.onetimenexttime.sk\/arduino\/index.php\/wp-json\/wp\/v2\/product\/177"}],"collection":[{"href":"https:\/\/www.onetimenexttime.sk\/arduino\/index.php\/wp-json\/wp\/v2\/product"}],"about":[{"href":"https:\/\/www.onetimenexttime.sk\/arduino\/index.php\/wp-json\/wp\/v2\/types\/product"}],"wp:featuredmedia":[{"embeddable":true,"href":"https:\/\/www.onetimenexttime.sk\/arduino\/index.php\/wp-json\/wp\/v2\/media\/178"}],"wp:attachment":[{"href":"https:\/\/www.onetimenexttime.sk\/arduino\/index.php\/wp-json\/wp\/v2\/media?parent=177"}],"wp:term":[{"taxonomy":"product_cat","embeddable":true,"href":"https:\/\/www.onetimenexttime.sk\/arduino\/index.php\/wp-json\/wp\/v2\/product_cat?post=177"},{"taxonomy":"product_tag","embeddable":true,"href":"https:\/\/www.onetimenexttime.sk\/arduino\/index.php\/wp-json\/wp\/v2\/product_tag?post=177"}],"curies":[{"name":"wp","href":"https:\/\/api.w.org\/{rel}","templated":true}]}}