{"id":1675,"date":"2021-11-18T19:08:34","date_gmt":"2021-11-18T18:08:34","guid":{"rendered":"https:\/\/www.onetimenexttime.sk\/arduino\/?post_type=product&#038;p=1675"},"modified":"2021-11-18T19:10:52","modified_gmt":"2021-11-18T18:10:52","slug":"usb-to-rs232-ttl-pl2303hx-auto-converter-module-for-arduino-converter-adapter","status":"publish","type":"product","link":"https:\/\/www.onetimenexttime.sk\/arduino\/index.php\/produkt\/usb-to-rs232-ttl-pl2303hx-auto-converter-module-for-arduino-converter-adapter\/","title":{"rendered":"USB To RS232 TTL PL2303HX Auto Converter Module for Arduino Converter Adapter"},"content":{"rendered":"<h2>Modul automatick\u00e9ho prevodn\u00edka USB na RS232 TTL PL2303HX pre adapt\u00e9r prevodn\u00edka Arduino<\/h2>\n<p><strong>Popis:<\/strong><\/p>\n<p>Importovan\u00fd ovl\u00e1da\u010d RS232 TTL, ktor\u00fd dok\u00e1\u017ee stabilizova\u0165 blesk vysokou r\u00fdchlos\u0165ou<br \/>\n500mA samoobnovovacia poistka na ochranu<br \/>\nDva indik\u00e1tory prenosu \u00fadajov m\u00f4\u017eu sledova\u0165 stav prenosu \u00fadajov v re\u00e1lnom \u010dase<br \/>\nRezervn\u00e9 3,3V a 5V pinov\u00e9 rozhranie, jednoduch\u00e9 pre DDWRT r\u00f4znych nap\u00e4\u0165ov\u00fdch syst\u00e9mov, ktor\u00e9 potrebuj\u00fa nap\u00e1janie<br \/>\nCel\u00e1 doska je potiahnut\u00e1 vysoko kvalitn\u00fdm prieh\u013eadn\u00fdm teplom zmr\u0161tite\u013en\u00fdm puzdrom, v\u010faka \u010domu je DPS zvonku v izola\u010dnom stave,<br \/>\naby doska nezhorela skratom materi\u00e1lu.<br \/>\nElektrostatick\u00fd obal zais\u0165uje, \u017ee sa doska pred pou\u017eit\u00edm nepo\u0161kod\u00ed<br \/>\nPodpora syst\u00e9mu WIN7<\/p>\n","protected":false},"excerpt":{"rendered":"<p>Modul automatick\u00e9ho prevodn\u00edka USB na RS232 TTL PL2303HX pre adapt\u00e9r prevodn\u00edka Arduino Popis: Importovan\u00fd ovl\u00e1da\u010d RS232 TTL, ktor\u00fd dok\u00e1\u017ee stabilizova\u0165&hellip;<\/p>\n","protected":false},"featured_media":1676,"template":"","meta":{"_monsterinsights_skip_tracking":false,"_monsterinsights_sitenote_active":false,"_monsterinsights_sitenote_note":"","_monsterinsights_sitenote_category":0},"product_cat":[16,80,30],"product_tag":[],"class_list":{"0":"post-1675","1":"product","2":"type-product","3":"status-publish","4":"has-post-thumbnail","6":"product_cat-ard","7":"product_cat-i2c","8":"product_cat-programovanie","10":"first","11":"instock","12":"shipping-taxable","13":"purchasable","14":"product-type-simple"},"yoast_head":"<!-- This site is optimized with the Yoast SEO plugin v23.6 - https:\/\/yoast.com\/wordpress\/plugins\/seo\/ -->\n<title>USB To RS232 TTL PL2303HX Auto Converter Module for Arduino Converter Adapter - Arduino e-shop<\/title>\n<meta name=\"robots\" content=\"index, follow, max-snippet:-1, max-image-preview:large, max-video-preview:-1\" \/>\n<link rel=\"canonical\" href=\"https:\/\/www.onetimenexttime.sk\/arduino\/index.php\/produkt\/usb-to-rs232-ttl-pl2303hx-auto-converter-module-for-arduino-converter-adapter\/\" \/>\n<meta property=\"og:locale\" content=\"sk_SK\" \/>\n<meta property=\"og:type\" content=\"article\" \/>\n<meta property=\"og:title\" content=\"USB To RS232 TTL PL2303HX Auto Converter Module for Arduino Converter Adapter - Arduino e-shop\" \/>\n<meta property=\"og:description\" content=\"Modul automatick\u00e9ho prevodn\u00edka USB na RS232 TTL PL2303HX pre adapt\u00e9r prevodn\u00edka Arduino Popis: Importovan\u00fd ovl\u00e1da\u010d RS232 TTL, ktor\u00fd dok\u00e1\u017ee stabilizova\u0165&hellip;\" \/>\n<meta property=\"og:url\" content=\"https:\/\/www.onetimenexttime.sk\/arduino\/index.php\/produkt\/usb-to-rs232-ttl-pl2303hx-auto-converter-module-for-arduino-converter-adapter\/\" \/>\n<meta property=\"og:site_name\" content=\"Arduino e-shop\" \/>\n<meta property=\"article:modified_time\" content=\"2021-11-18T18:10:52+00:00\" \/>\n<meta property=\"og:image\" content=\"https:\/\/www.onetimenexttime.sk\/arduino\/wp-content\/uploads\/2021\/11\/724.jpg\" \/>\n\t<meta property=\"og:image:width\" content=\"506\" \/>\n\t<meta property=\"og:image:height\" content=\"508\" \/>\n\t<meta property=\"og:image:type\" content=\"image\/jpeg\" \/>\n<meta name=\"twitter:card\" content=\"summary_large_image\" \/>\n<meta name=\"twitter:label1\" content=\"Predpokladan\u00fd \u010das \u010d\u00edtania\" \/>\n\t<meta name=\"twitter:data1\" content=\"1 min\u00fata\" \/>\n<script type=\"application\/ld+json\" class=\"yoast-schema-graph\">{\"@context\":\"https:\/\/schema.org\",\"@graph\":[{\"@type\":\"WebPage\",\"@id\":\"https:\/\/www.onetimenexttime.sk\/arduino\/index.php\/produkt\/usb-to-rs232-ttl-pl2303hx-auto-converter-module-for-arduino-converter-adapter\/\",\"url\":\"https:\/\/www.onetimenexttime.sk\/arduino\/index.php\/produkt\/usb-to-rs232-ttl-pl2303hx-auto-converter-module-for-arduino-converter-adapter\/\",\"name\":\"USB To RS232 TTL PL2303HX Auto Converter Module for Arduino Converter Adapter - Arduino e-shop\",\"isPartOf\":{\"@id\":\"https:\/\/www.onetimenexttime.sk\/arduino\/#website\"},\"primaryImageOfPage\":{\"@id\":\"https:\/\/www.onetimenexttime.sk\/arduino\/index.php\/produkt\/usb-to-rs232-ttl-pl2303hx-auto-converter-module-for-arduino-converter-adapter\/#primaryimage\"},\"image\":{\"@id\":\"https:\/\/www.onetimenexttime.sk\/arduino\/index.php\/produkt\/usb-to-rs232-ttl-pl2303hx-auto-converter-module-for-arduino-converter-adapter\/#primaryimage\"},\"thumbnailUrl\":\"https:\/\/www.onetimenexttime.sk\/arduino\/wp-content\/uploads\/2021\/11\/724.jpg\",\"datePublished\":\"2021-11-18T18:08:34+00:00\",\"dateModified\":\"2021-11-18T18:10:52+00:00\",\"breadcrumb\":{\"@id\":\"https:\/\/www.onetimenexttime.sk\/arduino\/index.php\/produkt\/usb-to-rs232-ttl-pl2303hx-auto-converter-module-for-arduino-converter-adapter\/#breadcrumb\"},\"inLanguage\":\"sk-SK\",\"potentialAction\":[{\"@type\":\"ReadAction\",\"target\":[\"https:\/\/www.onetimenexttime.sk\/arduino\/index.php\/produkt\/usb-to-rs232-ttl-pl2303hx-auto-converter-module-for-arduino-converter-adapter\/\"]}]},{\"@type\":\"ImageObject\",\"inLanguage\":\"sk-SK\",\"@id\":\"https:\/\/www.onetimenexttime.sk\/arduino\/index.php\/produkt\/usb-to-rs232-ttl-pl2303hx-auto-converter-module-for-arduino-converter-adapter\/#primaryimage\",\"url\":\"https:\/\/www.onetimenexttime.sk\/arduino\/wp-content\/uploads\/2021\/11\/724.jpg\",\"contentUrl\":\"https:\/\/www.onetimenexttime.sk\/arduino\/wp-content\/uploads\/2021\/11\/724.jpg\",\"width\":506,\"height\":508},{\"@type\":\"BreadcrumbList\",\"@id\":\"https:\/\/www.onetimenexttime.sk\/arduino\/index.php\/produkt\/usb-to-rs232-ttl-pl2303hx-auto-converter-module-for-arduino-converter-adapter\/#breadcrumb\",\"itemListElement\":[{\"@type\":\"ListItem\",\"position\":1,\"name\":\"Domov\",\"item\":\"https:\/\/www.onetimenexttime.sk\/arduino\/\"},{\"@type\":\"ListItem\",\"position\":2,\"name\":\"Obchod\",\"item\":\"https:\/\/www.onetimenexttime.sk\/arduino\/\"},{\"@type\":\"ListItem\",\"position\":3,\"name\":\"USB To RS232 TTL PL2303HX Auto Converter Module for Arduino Converter Adapter\"}]},{\"@type\":\"WebSite\",\"@id\":\"https:\/\/www.onetimenexttime.sk\/arduino\/#website\",\"url\":\"https:\/\/www.onetimenexttime.sk\/arduino\/\",\"name\":\"Arduino e-shop\",\"description\":\"Home Assistant\",\"potentialAction\":[{\"@type\":\"SearchAction\",\"target\":{\"@type\":\"EntryPoint\",\"urlTemplate\":\"https:\/\/www.onetimenexttime.sk\/arduino\/?s={search_term_string}\"},\"query-input\":{\"@type\":\"PropertyValueSpecification\",\"valueRequired\":true,\"valueName\":\"search_term_string\"}}],\"inLanguage\":\"sk-SK\"}]}<\/script>\n<!-- \/ Yoast SEO plugin. -->","yoast_head_json":{"title":"USB To RS232 TTL PL2303HX Auto Converter Module for Arduino Converter Adapter - Arduino e-shop","robots":{"index":"index","follow":"follow","max-snippet":"max-snippet:-1","max-image-preview":"max-image-preview:large","max-video-preview":"max-video-preview:-1"},"canonical":"https:\/\/www.onetimenexttime.sk\/arduino\/index.php\/produkt\/usb-to-rs232-ttl-pl2303hx-auto-converter-module-for-arduino-converter-adapter\/","og_locale":"sk_SK","og_type":"article","og_title":"USB To RS232 TTL PL2303HX Auto Converter Module for Arduino Converter Adapter - Arduino e-shop","og_description":"Modul automatick\u00e9ho prevodn\u00edka USB na RS232 TTL PL2303HX pre adapt\u00e9r prevodn\u00edka Arduino Popis: Importovan\u00fd ovl\u00e1da\u010d RS232 TTL, ktor\u00fd dok\u00e1\u017ee stabilizova\u0165&hellip;","og_url":"https:\/\/www.onetimenexttime.sk\/arduino\/index.php\/produkt\/usb-to-rs232-ttl-pl2303hx-auto-converter-module-for-arduino-converter-adapter\/","og_site_name":"Arduino e-shop","article_modified_time":"2021-11-18T18:10:52+00:00","og_image":[{"width":506,"height":508,"url":"https:\/\/www.onetimenexttime.sk\/arduino\/wp-content\/uploads\/2021\/11\/724.jpg","type":"image\/jpeg"}],"twitter_card":"summary_large_image","twitter_misc":{"Predpokladan\u00fd \u010das \u010d\u00edtania":"1 min\u00fata"},"schema":{"@context":"https:\/\/schema.org","@graph":[{"@type":"WebPage","@id":"https:\/\/www.onetimenexttime.sk\/arduino\/index.php\/produkt\/usb-to-rs232-ttl-pl2303hx-auto-converter-module-for-arduino-converter-adapter\/","url":"https:\/\/www.onetimenexttime.sk\/arduino\/index.php\/produkt\/usb-to-rs232-ttl-pl2303hx-auto-converter-module-for-arduino-converter-adapter\/","name":"USB To RS232 TTL PL2303HX Auto Converter Module for Arduino Converter Adapter - Arduino e-shop","isPartOf":{"@id":"https:\/\/www.onetimenexttime.sk\/arduino\/#website"},"primaryImageOfPage":{"@id":"https:\/\/www.onetimenexttime.sk\/arduino\/index.php\/produkt\/usb-to-rs232-ttl-pl2303hx-auto-converter-module-for-arduino-converter-adapter\/#primaryimage"},"image":{"@id":"https:\/\/www.onetimenexttime.sk\/arduino\/index.php\/produkt\/usb-to-rs232-ttl-pl2303hx-auto-converter-module-for-arduino-converter-adapter\/#primaryimage"},"thumbnailUrl":"https:\/\/www.onetimenexttime.sk\/arduino\/wp-content\/uploads\/2021\/11\/724.jpg","datePublished":"2021-11-18T18:08:34+00:00","dateModified":"2021-11-18T18:10:52+00:00","breadcrumb":{"@id":"https:\/\/www.onetimenexttime.sk\/arduino\/index.php\/produkt\/usb-to-rs232-ttl-pl2303hx-auto-converter-module-for-arduino-converter-adapter\/#breadcrumb"},"inLanguage":"sk-SK","potentialAction":[{"@type":"ReadAction","target":["https:\/\/www.onetimenexttime.sk\/arduino\/index.php\/produkt\/usb-to-rs232-ttl-pl2303hx-auto-converter-module-for-arduino-converter-adapter\/"]}]},{"@type":"ImageObject","inLanguage":"sk-SK","@id":"https:\/\/www.onetimenexttime.sk\/arduino\/index.php\/produkt\/usb-to-rs232-ttl-pl2303hx-auto-converter-module-for-arduino-converter-adapter\/#primaryimage","url":"https:\/\/www.onetimenexttime.sk\/arduino\/wp-content\/uploads\/2021\/11\/724.jpg","contentUrl":"https:\/\/www.onetimenexttime.sk\/arduino\/wp-content\/uploads\/2021\/11\/724.jpg","width":506,"height":508},{"@type":"BreadcrumbList","@id":"https:\/\/www.onetimenexttime.sk\/arduino\/index.php\/produkt\/usb-to-rs232-ttl-pl2303hx-auto-converter-module-for-arduino-converter-adapter\/#breadcrumb","itemListElement":[{"@type":"ListItem","position":1,"name":"Domov","item":"https:\/\/www.onetimenexttime.sk\/arduino\/"},{"@type":"ListItem","position":2,"name":"Obchod","item":"https:\/\/www.onetimenexttime.sk\/arduino\/"},{"@type":"ListItem","position":3,"name":"USB To RS232 TTL PL2303HX Auto Converter Module for Arduino Converter Adapter"}]},{"@type":"WebSite","@id":"https:\/\/www.onetimenexttime.sk\/arduino\/#website","url":"https:\/\/www.onetimenexttime.sk\/arduino\/","name":"Arduino e-shop","description":"Home Assistant","potentialAction":[{"@type":"SearchAction","target":{"@type":"EntryPoint","urlTemplate":"https:\/\/www.onetimenexttime.sk\/arduino\/?s={search_term_string}"},"query-input":{"@type":"PropertyValueSpecification","valueRequired":true,"valueName":"search_term_string"}}],"inLanguage":"sk-SK"}]}},"_links":{"self":[{"href":"https:\/\/www.onetimenexttime.sk\/arduino\/index.php\/wp-json\/wp\/v2\/product\/1675"}],"collection":[{"href":"https:\/\/www.onetimenexttime.sk\/arduino\/index.php\/wp-json\/wp\/v2\/product"}],"about":[{"href":"https:\/\/www.onetimenexttime.sk\/arduino\/index.php\/wp-json\/wp\/v2\/types\/product"}],"wp:featuredmedia":[{"embeddable":true,"href":"https:\/\/www.onetimenexttime.sk\/arduino\/index.php\/wp-json\/wp\/v2\/media\/1676"}],"wp:attachment":[{"href":"https:\/\/www.onetimenexttime.sk\/arduino\/index.php\/wp-json\/wp\/v2\/media?parent=1675"}],"wp:term":[{"taxonomy":"product_cat","embeddable":true,"href":"https:\/\/www.onetimenexttime.sk\/arduino\/index.php\/wp-json\/wp\/v2\/product_cat?post=1675"},{"taxonomy":"product_tag","embeddable":true,"href":"https:\/\/www.onetimenexttime.sk\/arduino\/index.php\/wp-json\/wp\/v2\/product_tag?post=1675"}],"curies":[{"name":"wp","href":"https:\/\/api.w.org\/{rel}","templated":true}]}}