{"id":1669,"date":"2021-11-18T18:52:39","date_gmt":"2021-11-18T17:52:39","guid":{"rendered":"https:\/\/www.onetimenexttime.sk\/arduino\/?post_type=product&#038;p=1669"},"modified":"2021-11-18T18:57:38","modified_gmt":"2021-11-18T17:57:38","slug":"usb-to-ttl-uart-module-ch340g-ch340-3-3v-5v-serial-converter-switch-instead-of-cp2102-pl2303","status":"publish","type":"product","link":"https:\/\/www.onetimenexttime.sk\/arduino\/index.php\/produkt\/usb-to-ttl-uart-module-ch340g-ch340-3-3v-5v-serial-converter-switch-instead-of-cp2102-pl2303\/","title":{"rendered":"USB to TTL UART Module CH340G CH340 3.3V 5V Serial Converter Switch Instead of CP2102 PL2303"},"content":{"rendered":"<h2>Modul USB na TTL UART CH340G CH340 3,3V 5V s\u00e9riov\u00fd konvertorov\u00fd prep\u00edna\u010d namiesto CP2102 PL2303<\/h2>\n<p>Modul USB na TTL UART CH340G CH340 3,3V 5V s\u00e9riov\u00fd konvertorov\u00fd prep\u00edna\u010d namiesto CP2102 PL2303<\/p>\n<p><strong>Funkcia:<\/strong><br \/>\nVstavan\u00fd \u010dip USB na TTL Transfer.<br \/>\nNavrhnut\u00e9 na pou\u017eitie pre elektronick\u00e9 projekty USB na TTL.<br \/>\nV\u00fdstup rozhrania TTL, jednoduch\u00e9 pripojenie k MCU.<br \/>\nStavov\u00e1 LED.<br \/>\nDu\u00e1lny v\u00fdstup 3,3 V a 5 V, pr\u00e1ca s cie\u013eov\u00fdm zariaden\u00edm 3,3 V a 5 V.<br \/>\nVe\u013ekos\u0165: 55 mm * 16 mm<br \/>\nServer 2008\/Win7\/Win8 32 bitov \/ 64 bitov.<\/p>\n<p>&nbsp;<\/p>\n<p><strong>podpora<\/strong> WINDOWS 98\/ME\/2000\/XP\/Server 2003\/VISTA \/<br \/>\n3,3 V a 5 V v\u00fdberom rizika skratu;<br \/>\nm\u00e1 nielen kontrolku nap\u00e1jania PWR, ale aj indik\u00e1tor TXD a RXD, \u010di sa produkt d\u00e1 \u013eahko nau\u010di\u0165 a intuit\u00edvne pracova\u0165 bez pr\u00edstroja v puzdre;<br \/>\nvysoko kvalitn\u00fd vysoko kvalitn\u00fd \u017elt\u00fd kol\u00edk, odoln\u00fd ako \u010dierny trh, kr\u00e1sny;<br \/>\nnov\u00e9 origin\u00e1lne \u010dipy CH340G, odpor\u00fa\u010dan\u00e9 \u010dipy STC ofici\u00e1lne \u010dipy USB to TTL sa neobjavia kv\u00f4li in\u00e9mu ovl\u00e1da\u010du \/ in\u00e9mu po\u010d\u00edta\u010du v d\u00f4sledku nekompatibility!<\/p>\n<p>Modul CH340\/ USB prep\u00edna\u010d TTL\/ USB prenos RS232\/ cez PL2303\/ STC downloader\/ 9 Kart\u00e1\u010dov\u00e1 doska STC ofici\u00e1lny s\u0165ahovac\u00ed \u010dip. Dokonale kompatibiln\u00fd so v\u0161etk\u00fdmi radmi MCU STC nebude kv\u00f4li r\u00f4znym ovl\u00e1da\u010dom, ktor\u00e9 by viedli k probl\u00e9mom, ako napr\u00edklad PL2303 nemo\u017eno stiahnu\u0165 program. Ultra stabiln\u00fd.<\/p>\n<p>&nbsp;<\/p>\n<p>&nbsp;<\/p>\n","protected":false},"excerpt":{"rendered":"<p>Modul USB na TTL UART CH340G CH340 3,3V 5V s\u00e9riov\u00fd konvertorov\u00fd prep\u00edna\u010d namiesto CP2102 PL2303 Modul USB na TTL UART&hellip;<\/p>\n","protected":false},"featured_media":1670,"template":"","meta":{"_monsterinsights_skip_tracking":false,"_monsterinsights_sitenote_active":false,"_monsterinsights_sitenote_note":"","_monsterinsights_sitenote_category":0},"product_cat":[16,80,30],"product_tag":[],"class_list":{"0":"post-1669","1":"product","2":"type-product","3":"status-publish","4":"has-post-thumbnail","6":"product_cat-ard","7":"product_cat-i2c","8":"product_cat-programovanie","10":"first","11":"instock","12":"shipping-taxable","13":"purchasable","14":"product-type-simple"},"yoast_head":"<!-- This site is optimized with the Yoast SEO plugin v23.6 - https:\/\/yoast.com\/wordpress\/plugins\/seo\/ -->\n<title>USB to TTL UART Module CH340G CH340 3.3V 5V Serial Converter Switch Instead of CP2102 PL2303 - Arduino e-shop<\/title>\n<meta name=\"robots\" content=\"index, follow, max-snippet:-1, max-image-preview:large, max-video-preview:-1\" \/>\n<link rel=\"canonical\" href=\"https:\/\/www.onetimenexttime.sk\/arduino\/index.php\/produkt\/usb-to-ttl-uart-module-ch340g-ch340-3-3v-5v-serial-converter-switch-instead-of-cp2102-pl2303\/\" \/>\n<meta property=\"og:locale\" content=\"sk_SK\" \/>\n<meta property=\"og:type\" content=\"article\" \/>\n<meta property=\"og:title\" content=\"USB to TTL UART Module CH340G CH340 3.3V 5V Serial Converter Switch Instead of CP2102 PL2303 - Arduino e-shop\" \/>\n<meta property=\"og:description\" content=\"Modul USB na TTL UART CH340G CH340 3,3V 5V s\u00e9riov\u00fd konvertorov\u00fd prep\u00edna\u010d namiesto CP2102 PL2303 Modul USB na TTL UART&hellip;\" \/>\n<meta property=\"og:url\" content=\"https:\/\/www.onetimenexttime.sk\/arduino\/index.php\/produkt\/usb-to-ttl-uart-module-ch340g-ch340-3-3v-5v-serial-converter-switch-instead-of-cp2102-pl2303\/\" \/>\n<meta property=\"og:site_name\" content=\"Arduino e-shop\" \/>\n<meta property=\"article:modified_time\" content=\"2021-11-18T17:57:38+00:00\" \/>\n<meta property=\"og:image\" content=\"https:\/\/www.onetimenexttime.sk\/arduino\/wp-content\/uploads\/2021\/11\/720.jpg\" \/>\n\t<meta property=\"og:image:width\" content=\"640\" \/>\n\t<meta property=\"og:image:height\" content=\"640\" \/>\n\t<meta property=\"og:image:type\" content=\"image\/jpeg\" \/>\n<meta name=\"twitter:card\" content=\"summary_large_image\" \/>\n<meta name=\"twitter:label1\" content=\"Predpokladan\u00fd \u010das \u010d\u00edtania\" \/>\n\t<meta name=\"twitter:data1\" content=\"1 min\u00fata\" \/>\n<script type=\"application\/ld+json\" class=\"yoast-schema-graph\">{\"@context\":\"https:\/\/schema.org\",\"@graph\":[{\"@type\":\"WebPage\",\"@id\":\"https:\/\/www.onetimenexttime.sk\/arduino\/index.php\/produkt\/usb-to-ttl-uart-module-ch340g-ch340-3-3v-5v-serial-converter-switch-instead-of-cp2102-pl2303\/\",\"url\":\"https:\/\/www.onetimenexttime.sk\/arduino\/index.php\/produkt\/usb-to-ttl-uart-module-ch340g-ch340-3-3v-5v-serial-converter-switch-instead-of-cp2102-pl2303\/\",\"name\":\"USB to TTL UART Module CH340G CH340 3.3V 5V Serial Converter Switch Instead of CP2102 PL2303 - Arduino e-shop\",\"isPartOf\":{\"@id\":\"https:\/\/www.onetimenexttime.sk\/arduino\/#website\"},\"primaryImageOfPage\":{\"@id\":\"https:\/\/www.onetimenexttime.sk\/arduino\/index.php\/produkt\/usb-to-ttl-uart-module-ch340g-ch340-3-3v-5v-serial-converter-switch-instead-of-cp2102-pl2303\/#primaryimage\"},\"image\":{\"@id\":\"https:\/\/www.onetimenexttime.sk\/arduino\/index.php\/produkt\/usb-to-ttl-uart-module-ch340g-ch340-3-3v-5v-serial-converter-switch-instead-of-cp2102-pl2303\/#primaryimage\"},\"thumbnailUrl\":\"https:\/\/www.onetimenexttime.sk\/arduino\/wp-content\/uploads\/2021\/11\/720.jpg\",\"datePublished\":\"2021-11-18T17:52:39+00:00\",\"dateModified\":\"2021-11-18T17:57:38+00:00\",\"breadcrumb\":{\"@id\":\"https:\/\/www.onetimenexttime.sk\/arduino\/index.php\/produkt\/usb-to-ttl-uart-module-ch340g-ch340-3-3v-5v-serial-converter-switch-instead-of-cp2102-pl2303\/#breadcrumb\"},\"inLanguage\":\"sk-SK\",\"potentialAction\":[{\"@type\":\"ReadAction\",\"target\":[\"https:\/\/www.onetimenexttime.sk\/arduino\/index.php\/produkt\/usb-to-ttl-uart-module-ch340g-ch340-3-3v-5v-serial-converter-switch-instead-of-cp2102-pl2303\/\"]}]},{\"@type\":\"ImageObject\",\"inLanguage\":\"sk-SK\",\"@id\":\"https:\/\/www.onetimenexttime.sk\/arduino\/index.php\/produkt\/usb-to-ttl-uart-module-ch340g-ch340-3-3v-5v-serial-converter-switch-instead-of-cp2102-pl2303\/#primaryimage\",\"url\":\"https:\/\/www.onetimenexttime.sk\/arduino\/wp-content\/uploads\/2021\/11\/720.jpg\",\"contentUrl\":\"https:\/\/www.onetimenexttime.sk\/arduino\/wp-content\/uploads\/2021\/11\/720.jpg\",\"width\":640,\"height\":640},{\"@type\":\"BreadcrumbList\",\"@id\":\"https:\/\/www.onetimenexttime.sk\/arduino\/index.php\/produkt\/usb-to-ttl-uart-module-ch340g-ch340-3-3v-5v-serial-converter-switch-instead-of-cp2102-pl2303\/#breadcrumb\",\"itemListElement\":[{\"@type\":\"ListItem\",\"position\":1,\"name\":\"Domov\",\"item\":\"https:\/\/www.onetimenexttime.sk\/arduino\/\"},{\"@type\":\"ListItem\",\"position\":2,\"name\":\"Obchod\",\"item\":\"https:\/\/www.onetimenexttime.sk\/arduino\/\"},{\"@type\":\"ListItem\",\"position\":3,\"name\":\"USB to TTL UART Module CH340G CH340 3.3V 5V Serial Converter Switch Instead of CP2102 PL2303\"}]},{\"@type\":\"WebSite\",\"@id\":\"https:\/\/www.onetimenexttime.sk\/arduino\/#website\",\"url\":\"https:\/\/www.onetimenexttime.sk\/arduino\/\",\"name\":\"Arduino e-shop\",\"description\":\"Home Assistant\",\"potentialAction\":[{\"@type\":\"SearchAction\",\"target\":{\"@type\":\"EntryPoint\",\"urlTemplate\":\"https:\/\/www.onetimenexttime.sk\/arduino\/?s={search_term_string}\"},\"query-input\":{\"@type\":\"PropertyValueSpecification\",\"valueRequired\":true,\"valueName\":\"search_term_string\"}}],\"inLanguage\":\"sk-SK\"}]}<\/script>\n<!-- \/ Yoast SEO plugin. -->","yoast_head_json":{"title":"USB to TTL UART Module CH340G CH340 3.3V 5V Serial Converter Switch Instead of CP2102 PL2303 - Arduino e-shop","robots":{"index":"index","follow":"follow","max-snippet":"max-snippet:-1","max-image-preview":"max-image-preview:large","max-video-preview":"max-video-preview:-1"},"canonical":"https:\/\/www.onetimenexttime.sk\/arduino\/index.php\/produkt\/usb-to-ttl-uart-module-ch340g-ch340-3-3v-5v-serial-converter-switch-instead-of-cp2102-pl2303\/","og_locale":"sk_SK","og_type":"article","og_title":"USB to TTL UART Module CH340G CH340 3.3V 5V Serial Converter Switch Instead of CP2102 PL2303 - Arduino e-shop","og_description":"Modul USB na TTL UART CH340G CH340 3,3V 5V s\u00e9riov\u00fd konvertorov\u00fd prep\u00edna\u010d namiesto CP2102 PL2303 Modul USB na TTL UART&hellip;","og_url":"https:\/\/www.onetimenexttime.sk\/arduino\/index.php\/produkt\/usb-to-ttl-uart-module-ch340g-ch340-3-3v-5v-serial-converter-switch-instead-of-cp2102-pl2303\/","og_site_name":"Arduino e-shop","article_modified_time":"2021-11-18T17:57:38+00:00","og_image":[{"width":640,"height":640,"url":"https:\/\/www.onetimenexttime.sk\/arduino\/wp-content\/uploads\/2021\/11\/720.jpg","type":"image\/jpeg"}],"twitter_card":"summary_large_image","twitter_misc":{"Predpokladan\u00fd \u010das \u010d\u00edtania":"1 min\u00fata"},"schema":{"@context":"https:\/\/schema.org","@graph":[{"@type":"WebPage","@id":"https:\/\/www.onetimenexttime.sk\/arduino\/index.php\/produkt\/usb-to-ttl-uart-module-ch340g-ch340-3-3v-5v-serial-converter-switch-instead-of-cp2102-pl2303\/","url":"https:\/\/www.onetimenexttime.sk\/arduino\/index.php\/produkt\/usb-to-ttl-uart-module-ch340g-ch340-3-3v-5v-serial-converter-switch-instead-of-cp2102-pl2303\/","name":"USB to TTL UART Module CH340G CH340 3.3V 5V Serial Converter Switch Instead of CP2102 PL2303 - Arduino e-shop","isPartOf":{"@id":"https:\/\/www.onetimenexttime.sk\/arduino\/#website"},"primaryImageOfPage":{"@id":"https:\/\/www.onetimenexttime.sk\/arduino\/index.php\/produkt\/usb-to-ttl-uart-module-ch340g-ch340-3-3v-5v-serial-converter-switch-instead-of-cp2102-pl2303\/#primaryimage"},"image":{"@id":"https:\/\/www.onetimenexttime.sk\/arduino\/index.php\/produkt\/usb-to-ttl-uart-module-ch340g-ch340-3-3v-5v-serial-converter-switch-instead-of-cp2102-pl2303\/#primaryimage"},"thumbnailUrl":"https:\/\/www.onetimenexttime.sk\/arduino\/wp-content\/uploads\/2021\/11\/720.jpg","datePublished":"2021-11-18T17:52:39+00:00","dateModified":"2021-11-18T17:57:38+00:00","breadcrumb":{"@id":"https:\/\/www.onetimenexttime.sk\/arduino\/index.php\/produkt\/usb-to-ttl-uart-module-ch340g-ch340-3-3v-5v-serial-converter-switch-instead-of-cp2102-pl2303\/#breadcrumb"},"inLanguage":"sk-SK","potentialAction":[{"@type":"ReadAction","target":["https:\/\/www.onetimenexttime.sk\/arduino\/index.php\/produkt\/usb-to-ttl-uart-module-ch340g-ch340-3-3v-5v-serial-converter-switch-instead-of-cp2102-pl2303\/"]}]},{"@type":"ImageObject","inLanguage":"sk-SK","@id":"https:\/\/www.onetimenexttime.sk\/arduino\/index.php\/produkt\/usb-to-ttl-uart-module-ch340g-ch340-3-3v-5v-serial-converter-switch-instead-of-cp2102-pl2303\/#primaryimage","url":"https:\/\/www.onetimenexttime.sk\/arduino\/wp-content\/uploads\/2021\/11\/720.jpg","contentUrl":"https:\/\/www.onetimenexttime.sk\/arduino\/wp-content\/uploads\/2021\/11\/720.jpg","width":640,"height":640},{"@type":"BreadcrumbList","@id":"https:\/\/www.onetimenexttime.sk\/arduino\/index.php\/produkt\/usb-to-ttl-uart-module-ch340g-ch340-3-3v-5v-serial-converter-switch-instead-of-cp2102-pl2303\/#breadcrumb","itemListElement":[{"@type":"ListItem","position":1,"name":"Domov","item":"https:\/\/www.onetimenexttime.sk\/arduino\/"},{"@type":"ListItem","position":2,"name":"Obchod","item":"https:\/\/www.onetimenexttime.sk\/arduino\/"},{"@type":"ListItem","position":3,"name":"USB to TTL UART Module CH340G CH340 3.3V 5V Serial Converter Switch Instead of CP2102 PL2303"}]},{"@type":"WebSite","@id":"https:\/\/www.onetimenexttime.sk\/arduino\/#website","url":"https:\/\/www.onetimenexttime.sk\/arduino\/","name":"Arduino e-shop","description":"Home Assistant","potentialAction":[{"@type":"SearchAction","target":{"@type":"EntryPoint","urlTemplate":"https:\/\/www.onetimenexttime.sk\/arduino\/?s={search_term_string}"},"query-input":{"@type":"PropertyValueSpecification","valueRequired":true,"valueName":"search_term_string"}}],"inLanguage":"sk-SK"}]}},"_links":{"self":[{"href":"https:\/\/www.onetimenexttime.sk\/arduino\/index.php\/wp-json\/wp\/v2\/product\/1669"}],"collection":[{"href":"https:\/\/www.onetimenexttime.sk\/arduino\/index.php\/wp-json\/wp\/v2\/product"}],"about":[{"href":"https:\/\/www.onetimenexttime.sk\/arduino\/index.php\/wp-json\/wp\/v2\/types\/product"}],"wp:featuredmedia":[{"embeddable":true,"href":"https:\/\/www.onetimenexttime.sk\/arduino\/index.php\/wp-json\/wp\/v2\/media\/1670"}],"wp:attachment":[{"href":"https:\/\/www.onetimenexttime.sk\/arduino\/index.php\/wp-json\/wp\/v2\/media?parent=1669"}],"wp:term":[{"taxonomy":"product_cat","embeddable":true,"href":"https:\/\/www.onetimenexttime.sk\/arduino\/index.php\/wp-json\/wp\/v2\/product_cat?post=1669"},{"taxonomy":"product_tag","embeddable":true,"href":"https:\/\/www.onetimenexttime.sk\/arduino\/index.php\/wp-json\/wp\/v2\/product_tag?post=1669"}],"curies":[{"name":"wp","href":"https:\/\/api.w.org\/{rel}","templated":true}]}}