{"id":1550,"date":"2021-11-17T18:57:15","date_gmt":"2021-11-17T17:57:15","guid":{"rendered":"https:\/\/www.onetimenexttime.sk\/arduino\/?post_type=product&#038;p=1550"},"modified":"2024-02-22T17:33:24","modified_gmt":"2024-02-22T16:33:24","slug":"ky-032-4pin-ir-infrared-obstacle-avoidance-sensor-module-for-arduino-diy-smart-car-robot","status":"publish","type":"product","link":"https:\/\/www.onetimenexttime.sk\/arduino\/index.php\/produkt\/ky-032-4pin-ir-infrared-obstacle-avoidance-sensor-module-for-arduino-diy-smart-car-robot\/","title":{"rendered":"KY- 032 4pin IR Infrared Obstacle Avoidance Sensor Module for Arduino Diy Smart Car Robot"},"content":{"rendered":"<p>&nbsp;<\/p>\n<h1>KY-032 4pin IR Infrared Obstacle Avoidance Sensor Module<\/h1>\n<table>\n<tbody>\n<tr>\n<th>Popis<\/th>\n<td>Modul sn\u00edma\u010da pre vyh\u00fdbanie sa prek\u00e1\u017ekam KY-032 s infra\u010derven\u00fdm senzorom pre Arduino Diy Smart Car Robot.<\/td>\n<\/tr>\n<tr>\n<th>Vlastnosti<\/th>\n<td>\n<ul>\n<li>Detekcia prek\u00e1\u017eok pomocou infra\u010derven\u00e9ho \u017eiarenia<\/li>\n<li>4-pinov\u00fd modul<\/li>\n<li>Ide\u00e1lny pre projekty s robotmi a vozidlami s Arduino<\/li>\n<\/ul>\n<\/td>\n<\/tr>\n<tr>\n<th>\u0160pecifik\u00e1cie<\/th>\n<td>\n<ul>\n<li>Nap\u00e1janie: 3.3V &#8211; 5V<\/li>\n<li>Pinout: VCC, GND, OUT, DO<\/li>\n<li>Rozsah detekcie: 2 &#8211; 30 cm<\/li>\n<\/ul>\n<\/td>\n<\/tr>\n<tr>\n<th>Pr\u00edklady pou\u017eitia<\/th>\n<td>Modul KY-032 sa pou\u017e\u00edva pre detekciu prek\u00e1\u017eok a vyh\u00fdbanie sa im v r\u00e1mci projektov s Arduino Diy Smart Car Robot.<\/td>\n<\/tr>\n<tr>\n<th>Pr\u00edkladov\u00fd k\u00f3d pre Arduino<\/th>\n<td><code><code><br \/>\n\/\/ Define pins<br \/>\nint sensorPin = 2;<br \/>\nint ledPin = 13;<\/code><\/code>void setup() {<br \/>\npinMode(ledPin, OUTPUT);<br \/>\npinMode(sensorPin, INPUT);<br \/>\n}<\/p>\n<p><code><code><\/code><\/code>void loop() {<br \/>\nint obstacle = digitalRead(sensorPin);<br \/>\nif (obstacle == HIGH) {<br \/>\ndigitalWrite(ledPin, HIGH);<br \/>\n} else {<br \/>\ndigitalWrite(ledPin, LOW);<br \/>\n}<br \/>\n}<\/td>\n<\/tr>\n<tr>\n<th>Pr\u00edkladov\u00fd k\u00f3d pre ESPHome<\/th>\n<td><code><br \/>\nbinary_sensor:<br \/>\n- platform: gpio<br \/>\npin: GPIO2<br \/>\nname: \"Obstacle Sensor\"<br \/>\ndevice_class: motion<br \/>\n<\/code><\/td>\n<\/tr>\n<\/tbody>\n<\/table>\n<p><button>Kop\u00edrova\u0165 k\u00f3d<\/button><\/p>\n<p>&nbsp;<\/p>\n<div class=\"container\">\n<h1>KY-032 4pin IR Infrared Obstacle Avoidance Sensor Module for Arduino Diy Smart Car Robot<\/h1>\n<h2>Popis:<\/h2>\n<p>Modul KY-032 je infra\u010derven\u00fd senzor pre detekciu prek\u00e1\u017eok. Je ide\u00e1lny pre projekty s Arduinom a DIY smart aut\u00e1 alebo roboty.<\/p>\n<h2>Vlastnosti:<\/h2>\n<ul>\n<li>Detekcia prek\u00e1\u017eok pomocou infra\u010derven\u00e9ho \u017eiarenia<\/li>\n<li>4pinov\u00fd modul<\/li>\n<li>Jednoduch\u00e1 in\u0161tal\u00e1cia a pou\u017eitie<\/li>\n<li>Ide\u00e1lny pre Arduino projekty<\/li>\n<\/ul>\n<h2>\u0160pecifik\u00e1cie:<\/h2>\n<ul>\n<li>Pracovn\u00e9 nap\u00e4tie: 3.3V &#8211; 5V<\/li>\n<li>Pracovn\u00fd pr\u00fad: &lt; 20mA<\/li>\n<li>Sign\u00e1lny v\u00fdstup: digit\u00e1lny<\/li>\n<\/ul>\n<h2>Pr\u00edklady pou\u017eitia:<\/h2>\n<h3>Pr\u00edkladov\u00fd k\u00f3d pre Arduino:<\/h3>\n<pre><code>\/\/ Define sensor pin\r\nint sensorPin = 3;\r\n\r\nvoid setup() {\r\n  Serial.begin(9600);\r\n  pinMode(sensorPin, INPUT);\r\n}\r\n\r\nvoid loop() {\r\n  int obstacle = digitalRead(sensorPin);\r\n  if (obstacle == HIGH) {\r\n    Serial.println(\"Obstacle detected!\");\r\n  } else {\r\n    Serial.println(\"No obstacle detected.\");\r\n  }\r\n  delay(1000);\r\n}<\/code><\/pre>\n<h3>Pr\u00edkladov\u00fd k\u00f3d pre ESPHome:<\/h3>\n<p>Pr\u00edkladov\u00fd k\u00f3d pre ESPHome nie je k dispoz\u00edcii.<\/p>\n<p><button class=\"button\">Skop\u00edrova\u0165 k\u00f3d<\/button><\/p>\n<\/div>\n<p>&nbsp;<\/p>\n<p>&nbsp;<\/p>\n<h2>KY-032 4kol\u00edkov\u00fd infra\u010derven\u00fd modul sn\u00edma\u010da vyh\u00fdbania sa prek\u00e1\u017ekam pre Arduino Diy Smart Car Robot<\/h2>\n<p>&nbsp;<\/p>\n<p><strong>Popis:<\/strong><br \/>\nObjekt je sn\u00edman\u00fd v\u00fdstup 0, v\u00fdstup 1 nie je citliv\u00fd na \u010das, priamo s pripojen\u00fdm 3V a 5V IO portom mikrokontrol\u00e9ra.<br \/>\nVzdialenos\u0165 sn\u00edmania 2-40 cm, vzdialenos\u0165, dobr\u00e1 schopnos\u0165 proti ru\u0161eniu. (Pozn\u00e1mka: Infra\u010derven\u00fd senzor nedok\u00e1\u017ee rozpozna\u0165 v\u0161etky objekty na rovnak\u00fa vzdialenos\u0165, objekty r\u00f4znych farieb odrazu svetla r\u00f4znych objektov s\u00fa bli\u017e\u0161ie tmav\u0161ie \u010dierne krat\u0161ia vzdialenos\u0165 detekovan\u00e1, senzor sa meria 2-40 cm oproti bielej stene)<br \/>\nR\u00fdchlos\u0165, vhodn\u00e1 na inteligentn\u00e9 vyh\u00fdbanie sa prek\u00e1\u017ekam v aute, sledovanie \u010diernej a bielej \u010diary, anti-drop, po\u010d\u00edtadl\u00e1 produktov, rezacie linky, detekcia hladiny kvapaliny.<br \/>\nTento sn\u00edma\u010d je vyroben\u00fd s \u010diernobielymi \u010diarami, ktor\u00e9 sleduj\u00fa, ako auto jazdilo bez \u010diernej \u010diary na bielom papieri, je k dispoz\u00edcii v bet\u00f3ne \u017dlt\u00e9 komplexn\u00e9 prostredie, ako je hliadkov\u00e1 dr\u00e1ha \u010diernej \u010diary. Pokia\u013e je \u010dierna \u010diara okolo o nie\u010do svetlej\u0161ej farby ako \u010dierna, eliminuj\u00fa sa tradi\u010dn\u00e9 pohyby, tak\u017ee rozlo\u017eenie prostredia je jednoduch\u0161ie.<br \/>\nNap\u00e1janie sn\u00edma\u010da 3 a\u017e 6V, \u0161irok\u00fd rozsah, vhodn\u00e9 pre 3V a 5V MCU syst\u00e9m.<br \/>\nS Enable je EN svorka rovn\u00e1 &#8220;1&#8221;, ke\u010f sn\u00edma\u010d nefunguje, rovn\u00e1 &#8220;0&#8221; ke\u010f pracuje. Nasko\u010dte na koncov\u00fd uz\u00e1ver sn\u00edma\u010da dlho po uzem\u0148ovacej z\u00e1str\u010dke EN (EN dlho ako &#8220;0&#8221;). Ak chcete pou\u017ei\u0165 kol\u00edk EN, ke\u010f je odstr\u00e1nen\u00e1 krytka prepojky.<br \/>\nPotenciometer nastavenia frekvencie sa pou\u017e\u00edva na nastavenie nosnej frekvencie infra\u010dervenej elektr\u00f3nky, preto\u017ee integra\u010dn\u00fd prij\u00edma\u010d 38KHZ najm\u00e4 vtedy, ke\u010f je nosn\u00e1 frekvencia najcitlivej\u0161ia. Rezistor 502 prenesen\u00fd v smere hodinov\u00fdch ru\u010di\u010diek do (to znamen\u00e1 \u0161tartovacia trubica pri maxim\u00e1lnom jase) a potom pri t\u00f3ne bielej steny 103 odpor, bol prenesen\u00fd do sn\u00edmacej vzdialenosti, ktor\u00e1 je zatia\u013e najvzdialenej\u0161ia, tak\u017ee sn\u00edma\u010d bude pracova\u0165 v najlep\u0161om stave<\/p>\n<p>Pracovn\u00e9 nap\u00e4tie: DC 3,3V-5V<br \/>\nPracovn\u00fd pr\u00fad: 20mA<br \/>\nPracovn\u00e1 teplota: -10 stup\u0148ov + 50 stup\u0148ov<br \/>\nDetek\u010dn\u00e1 vzdialenos\u0165: 2-40 cm<br \/>\nIO rozhranie: 4 riadkov\u00e9 (-\/+\/S\/EN)<br \/>\nV\u00fdstupn\u00fd sign\u00e1l: \u00darove\u0148 TTL<br \/>\nRe\u017eim nastavenia: Viacn\u00e1sobn\u00e1 regul\u00e1cia odporu<br \/>\nEfekt\u00edvny uhol: 35\u00b0<br \/>\nVe\u013ekos\u0165: 4,5 x 1,1 cm (pribli\u017ene)<\/p>\n<p>Tu pou\u017e\u00edvame modul vyh\u00fdbania sa prek\u00e1\u017ekam a digit\u00e1lne rozhranie 13 s LED na vytvorenie jednoduch\u00e9ho obvodu, \u010d\u00edm sa vytvor\u00ed v\u00fdstra\u017en\u00e9 svetlo na vyh\u00fdbanie sa prek\u00e1\u017ekam, pr\u00edstup k senzoru vyh\u00fdbania sa k digit\u00e1lnemu rozhraniu 3, ke\u010f senzor vyh\u00fdbania sa prek\u00e1\u017ekam zaznamen\u00e1 sign\u00e1l, svetlo LED, inak je vypnut\u00e9.<\/p>\n<p><strong>K\u00f3d programu:<\/strong><\/p>\n<p data-spm-anchor-id=\"a2g0o.detail.1000023.i1.60ac505ehWnOrL\">int Led=13;\/\/define LED interface<\/p>\n<p>\u00a0\u00a0\u00a0int buttonpin=3; \/\/define obstacle avoidance interface<\/p>\n<p>int val;\/\/define Digital variable val<\/p>\n<p>void setup()<\/p>\n<p>pinMode(Led,OUTPUT);\/\/define LED is output interface<\/p>\n<p>pinMode(buttonpin,INPUT);\/\/define obstacle avoidance is output interface<\/p>\n<p>void loop()<\/p>\n<p>val=digitalRead(buttonpin);\/\/reading the value from 3 digital interface to val<\/p>\n<p>if(val==HIGH)\/\/when the obstacle avoidance sensor senses the signal, LED flash<\/p>\n<p>digitalWrite(Led,HIGH);<\/p>\n<p>else<\/p>\n<p>digitalWrite(Led,LOW);<\/p>\n<p>&nbsp;<\/p>\n<p>&nbsp;<\/p>\n<p>IR senzor je elektronick\u00e9 zariadenie, ktor\u00e9 vy\u017earuje a deteguje IR \u017eiarenie za \u00fa\u010delom sn\u00edmania zmien, ku ktor\u00fdm doch\u00e1dza v ich okol\u00ed. Zmena sa m\u00f4\u017ee t\u00fdka\u0165 teploty, vlhkosti, farby, zvuku, tepla at\u010f. Infra\u010derven\u00e9 \u017eiarenie m\u00e1 vlnov\u00fa d\u013a\u017eku medzi 0,75 a\u017e 1000 \u00b5m, \u010do spad\u00e1 medzi vidite\u013en\u00e9 a mikrovlnn\u00e9 oblasti elektromagnetick\u00e9ho spektra.<\/p>\n<p>&nbsp;<\/p>\n<p><img loading=\"lazy\" decoding=\"async\" class=\"attachment-full wp-post-image\" src=\"https:\/\/circuits-diy.com\/wp-content\/uploads\/2019\/11\/infrared-ir-sensor.png\" sizes=\"(max-width: 1280px) 100vw, 1280px\" srcset=\"https:\/\/circuits-diy.com\/wp-content\/uploads\/2019\/11\/infrared-ir-sensor.png 1280w, https:\/\/circuits-diy.com\/wp-content\/uploads\/2019\/11\/infrared-ir-sensor-300x169.png 300w, https:\/\/circuits-diy.com\/wp-content\/uploads\/2019\/11\/infrared-ir-sensor-768x432.png 768w, https:\/\/circuits-diy.com\/wp-content\/uploads\/2019\/11\/infrared-ir-sensor-1024x576.png 1024w\" alt=\"infrared ir sensor\" width=\"603\" height=\"339\" \/><\/p>\n<p>&nbsp;<\/p>\n<p><strong>Modul infra\u010derven\u00e9ho sn\u00edma\u010da sa v podstate sklad\u00e1 z troch komponentov:<\/strong><\/p>\n<p>IR LED (vysiela\u010d)<br \/>\nFotodi\u00f3da (prij\u00edma\u010d)<br \/>\nOpera\u010dn\u00fd zosil\u0148ova\u010d (LM358)<\/p>\n<div class=\"wp-block-image\">\n<figure class=\"aligncenter\"><img loading=\"lazy\" decoding=\"async\" class=\"wp-image-4095\" src=\"https:\/\/circuits-diy.com\/wp-content\/uploads\/2019\/10\/333-1.jpg\" alt=\"IR Sensor\" width=\"231\" height=\"141\" \/><figcaption><strong>IR senzor<\/strong><br \/>\n<strong>IR LED (vysiela\u010d)<\/strong>IR LED je sveteln\u00e1 di\u00f3da, ktor\u00e1 vy\u017earuje svetlo v rozsahu infra\u010dervenej frekvencie. IR svetlo je pre n\u00e1s nevidite\u013en\u00e9, preto\u017ee jeho vlnov\u00e1 d\u013a\u017eka je ove\u013ea v\u00e4\u010d\u0161ia ako rozsah vidite\u013en\u00e9ho svetla. Z\u00e1kladnou funkciou tejto \u017eiari\u010dovej LED je premena elektriny na svetlo. Uhol vy\u017earovania svetla IR LED je pribli\u017ene 20-60 stup\u0148ov a dosah je okolo nieko\u013ek\u00fdch centimetrov a\u017e nieko\u013ek\u00fdch st\u00f4p. Farba IR LED je biela alebo prieh\u013eadn\u00e1, tak\u017ee dok\u00e1\u017ee vyda\u0165 maxim\u00e1lne mno\u017estvo svetla.<\/figcaption><\/figure>\n<\/div>\n<div class=\"wp-block-image\">\n<figure class=\"aligncenter is-resized\"><img loading=\"lazy\" decoding=\"async\" class=\"wp-image-4089\" src=\"https:\/\/circuits-diy.com\/wp-content\/uploads\/2019\/10\/2.jpg\" alt=\"\" width=\"210\" height=\"252\" \/><figcaption><strong>IR LED (vysiela\u010d)<\/strong><br \/>\n<strong>Fotodi\u00f3da (prij\u00edma\u010d)<\/strong>Fotodi\u00f3da funguje ako IR prij\u00edma\u010d, premie\u0148a svetlo, ktor\u00e9 na \u0148u dopad\u00e1, na elektrinu. Fotodi\u00f3da je p-n prechodov\u00e1 di\u00f3da, ktor\u00e1 pracuje v opa\u010dnom smere. \u010co znamen\u00e1, \u017ee za\u010dne vies\u0165 pr\u00fad v opa\u010dnom smere, ke\u010f na\u0148 dopadne svetlo. Ke\u010f na fotodi\u00f3du nedopad\u00e1 \u017eiadne svetlo, m\u00e1 nekone\u010dn\u00fd odpor a funguje ako otvoren\u00fd sp\u00edna\u010d, ale ke\u010f svetlo za\u010dne dopada\u0165 na fotodi\u00f3du, odpor sa zn\u00ed\u017ei a za\u010dne fungova\u0165 ako zatvoren\u00fd sp\u00edna\u010d.<\/figcaption><\/figure>\n<\/div>\n<p>&nbsp;<\/p>\n<div class=\"wp-block-image\">\n<figure class=\"aligncenter\"><img loading=\"lazy\" decoding=\"async\" class=\"wp-image-4092\" src=\"https:\/\/circuits-diy.com\/wp-content\/uploads\/2019\/10\/2-1.jpg\" alt=\" Photodiode (Receiver) \" width=\"271\" height=\"237\" \/><figcaption><strong>Fotodi\u00f3da (prij\u00edma\u010d)<\/strong><br \/>\n<strong>Opera\u010dn\u00fd zosil\u0148ova\u010d\u00a0(LM358)<\/strong>Opera\u010dn\u00fd zosil\u0148ova\u010d pou\u017e\u00edvan\u00fd vo v\u00e4\u010d\u0161ine IR senzorov je LM358, ktor\u00fd funguje ako nap\u00e4\u0165ov\u00fd kompar\u00e1tor. Porovn\u00e1 prahov\u00e9 nap\u00e4tie nastaven\u00e9 na kol\u00edku 2 s nap\u00e4t\u00edm s\u00e9riov\u00e9ho odporu fotodi\u00f3dy na kol\u00edku 3. Ke\u010f je pokles nap\u00e4tia s\u00e9riov\u00e9ho odporu fotodi\u00f3dy v\u00e4\u010d\u0161\u00ed ako prahov\u00e9 nap\u00e4tie, v\u00fdstup opera\u010dn\u00e9ho zosil\u0148ova\u010da bude vysok\u00fd a t\u00fdm sa rozsvieti LED pripojen\u00e1 na v\u00fdstup, ktor\u00fd indikuje detekciu objektu.<\/figcaption><\/figure>\n<\/div>\n<div class=\"wp-block-image\">\n<figure class=\"aligncenter\"><img loading=\"lazy\" decoding=\"async\" class=\"wp-image-4094\" src=\"https:\/\/circuits-diy.com\/wp-content\/uploads\/2019\/10\/3333.jpg\" alt=\"LM358 Op-Amp\" width=\"181\" height=\"200\" \/><figcaption><strong>Opera\u010dn\u00fd zosil\u0148ova\u010d LM358<\/strong><br \/>\nVlastnosti modulu IR senzora<br \/>\nPrev\u00e1dzkov\u00e9 nap\u00e4tie: 5V DC<br \/>\nRozsah: 2- 30 cm<br \/>\nNap\u00e1jac\u00ed pr\u00fad: 20mA<br \/>\nDetek\u010dn\u00fd uhol: 35 \u00b0 Stupe\u0148<br \/>\nDigit\u00e1lny v\u00fdstupn\u00fd sign\u00e1l<br \/>\n3 mm otvory pre skrutky pre mont\u00e1\u017e<\/figcaption><\/figure>\n<\/div>\n","protected":false},"excerpt":{"rendered":"<p>&nbsp; KY-032 4pin IR Infrared Obstacle Avoidance Sensor Module Popis Modul sn\u00edma\u010da pre vyh\u00fdbanie sa prek\u00e1\u017ekam KY-032 s infra\u010derven\u00fdm senzorom&hellip;<\/p>\n","protected":false},"featured_media":1551,"template":"","meta":{"_monsterinsights_skip_tracking":false,"_monsterinsights_sitenote_active":false,"_monsterinsights_sitenote_note":"","_monsterinsights_sitenote_category":0},"product_cat":[16,74,17,69],"product_tag":[],"class_list":{"0":"post-1550","1":"product","2":"type-product","3":"status-publish","4":"has-post-thumbnail","6":"product_cat-ard","7":"product_cat-ir","8":"product_cat-modul","9":"product_cat-sensors","11":"first","12":"instock","13":"shipping-taxable","14":"purchasable","15":"product-type-simple"},"yoast_head":"<!-- This site is optimized with the Yoast SEO plugin v23.6 - https:\/\/yoast.com\/wordpress\/plugins\/seo\/ -->\n<title>KY- 032 4pin IR Infrared Obstacle Avoidance Sensor Module for Arduino Diy Smart Car Robot - Arduino e-shop<\/title>\n<meta name=\"robots\" content=\"index, follow, max-snippet:-1, max-image-preview:large, max-video-preview:-1\" \/>\n<link rel=\"canonical\" href=\"https:\/\/www.onetimenexttime.sk\/arduino\/index.php\/produkt\/ky-032-4pin-ir-infrared-obstacle-avoidance-sensor-module-for-arduino-diy-smart-car-robot\/\" \/>\n<meta property=\"og:locale\" content=\"sk_SK\" \/>\n<meta property=\"og:type\" content=\"article\" \/>\n<meta property=\"og:title\" content=\"KY- 032 4pin IR Infrared Obstacle Avoidance Sensor Module for Arduino Diy Smart Car Robot - Arduino e-shop\" \/>\n<meta property=\"og:description\" content=\"&nbsp; KY-032 4pin IR Infrared Obstacle Avoidance Sensor Module Popis Modul sn\u00edma\u010da pre vyh\u00fdbanie sa prek\u00e1\u017ekam KY-032 s infra\u010derven\u00fdm senzorom&hellip;\" \/>\n<meta property=\"og:url\" content=\"https:\/\/www.onetimenexttime.sk\/arduino\/index.php\/produkt\/ky-032-4pin-ir-infrared-obstacle-avoidance-sensor-module-for-arduino-diy-smart-car-robot\/\" \/>\n<meta property=\"og:site_name\" content=\"Arduino e-shop\" \/>\n<meta property=\"article:modified_time\" content=\"2024-02-22T16:33:24+00:00\" \/>\n<meta property=\"og:image\" content=\"https:\/\/www.onetimenexttime.sk\/arduino\/wp-content\/uploads\/2021\/11\/17411.jpg\" \/>\n\t<meta property=\"og:image:width\" content=\"490\" \/>\n\t<meta property=\"og:image:height\" content=\"493\" \/>\n\t<meta property=\"og:image:type\" content=\"image\/jpeg\" \/>\n<meta name=\"twitter:card\" content=\"summary_large_image\" \/>\n<meta name=\"twitter:label1\" content=\"Predpokladan\u00fd \u010das \u010d\u00edtania\" \/>\n\t<meta name=\"twitter:data1\" content=\"6 min\u00fat\" \/>\n<script type=\"application\/ld+json\" class=\"yoast-schema-graph\">{\"@context\":\"https:\/\/schema.org\",\"@graph\":[{\"@type\":\"WebPage\",\"@id\":\"https:\/\/www.onetimenexttime.sk\/arduino\/index.php\/produkt\/ky-032-4pin-ir-infrared-obstacle-avoidance-sensor-module-for-arduino-diy-smart-car-robot\/\",\"url\":\"https:\/\/www.onetimenexttime.sk\/arduino\/index.php\/produkt\/ky-032-4pin-ir-infrared-obstacle-avoidance-sensor-module-for-arduino-diy-smart-car-robot\/\",\"name\":\"KY- 032 4pin IR Infrared Obstacle Avoidance Sensor Module for Arduino Diy Smart Car Robot - Arduino e-shop\",\"isPartOf\":{\"@id\":\"https:\/\/www.onetimenexttime.sk\/arduino\/#website\"},\"primaryImageOfPage\":{\"@id\":\"https:\/\/www.onetimenexttime.sk\/arduino\/index.php\/produkt\/ky-032-4pin-ir-infrared-obstacle-avoidance-sensor-module-for-arduino-diy-smart-car-robot\/#primaryimage\"},\"image\":{\"@id\":\"https:\/\/www.onetimenexttime.sk\/arduino\/index.php\/produkt\/ky-032-4pin-ir-infrared-obstacle-avoidance-sensor-module-for-arduino-diy-smart-car-robot\/#primaryimage\"},\"thumbnailUrl\":\"https:\/\/www.onetimenexttime.sk\/arduino\/wp-content\/uploads\/2021\/11\/17411.jpg\",\"datePublished\":\"2021-11-17T17:57:15+00:00\",\"dateModified\":\"2024-02-22T16:33:24+00:00\",\"breadcrumb\":{\"@id\":\"https:\/\/www.onetimenexttime.sk\/arduino\/index.php\/produkt\/ky-032-4pin-ir-infrared-obstacle-avoidance-sensor-module-for-arduino-diy-smart-car-robot\/#breadcrumb\"},\"inLanguage\":\"sk-SK\",\"potentialAction\":[{\"@type\":\"ReadAction\",\"target\":[\"https:\/\/www.onetimenexttime.sk\/arduino\/index.php\/produkt\/ky-032-4pin-ir-infrared-obstacle-avoidance-sensor-module-for-arduino-diy-smart-car-robot\/\"]}]},{\"@type\":\"ImageObject\",\"inLanguage\":\"sk-SK\",\"@id\":\"https:\/\/www.onetimenexttime.sk\/arduino\/index.php\/produkt\/ky-032-4pin-ir-infrared-obstacle-avoidance-sensor-module-for-arduino-diy-smart-car-robot\/#primaryimage\",\"url\":\"https:\/\/www.onetimenexttime.sk\/arduino\/wp-content\/uploads\/2021\/11\/17411.jpg\",\"contentUrl\":\"https:\/\/www.onetimenexttime.sk\/arduino\/wp-content\/uploads\/2021\/11\/17411.jpg\",\"width\":490,\"height\":493},{\"@type\":\"BreadcrumbList\",\"@id\":\"https:\/\/www.onetimenexttime.sk\/arduino\/index.php\/produkt\/ky-032-4pin-ir-infrared-obstacle-avoidance-sensor-module-for-arduino-diy-smart-car-robot\/#breadcrumb\",\"itemListElement\":[{\"@type\":\"ListItem\",\"position\":1,\"name\":\"Domov\",\"item\":\"https:\/\/www.onetimenexttime.sk\/arduino\/\"},{\"@type\":\"ListItem\",\"position\":2,\"name\":\"Obchod\",\"item\":\"https:\/\/www.onetimenexttime.sk\/arduino\/\"},{\"@type\":\"ListItem\",\"position\":3,\"name\":\"KY- 032 4pin IR Infrared Obstacle Avoidance Sensor Module for Arduino Diy Smart Car Robot\"}]},{\"@type\":\"WebSite\",\"@id\":\"https:\/\/www.onetimenexttime.sk\/arduino\/#website\",\"url\":\"https:\/\/www.onetimenexttime.sk\/arduino\/\",\"name\":\"Arduino e-shop\",\"description\":\"Home Assistant\",\"potentialAction\":[{\"@type\":\"SearchAction\",\"target\":{\"@type\":\"EntryPoint\",\"urlTemplate\":\"https:\/\/www.onetimenexttime.sk\/arduino\/?s={search_term_string}\"},\"query-input\":{\"@type\":\"PropertyValueSpecification\",\"valueRequired\":true,\"valueName\":\"search_term_string\"}}],\"inLanguage\":\"sk-SK\"}]}<\/script>\n<!-- \/ Yoast SEO plugin. -->","yoast_head_json":{"title":"KY- 032 4pin IR Infrared Obstacle Avoidance Sensor Module for Arduino Diy Smart Car Robot - Arduino e-shop","robots":{"index":"index","follow":"follow","max-snippet":"max-snippet:-1","max-image-preview":"max-image-preview:large","max-video-preview":"max-video-preview:-1"},"canonical":"https:\/\/www.onetimenexttime.sk\/arduino\/index.php\/produkt\/ky-032-4pin-ir-infrared-obstacle-avoidance-sensor-module-for-arduino-diy-smart-car-robot\/","og_locale":"sk_SK","og_type":"article","og_title":"KY- 032 4pin IR Infrared Obstacle Avoidance Sensor Module for Arduino Diy Smart Car Robot - Arduino e-shop","og_description":"&nbsp; KY-032 4pin IR Infrared Obstacle Avoidance Sensor Module Popis Modul sn\u00edma\u010da pre vyh\u00fdbanie sa prek\u00e1\u017ekam KY-032 s infra\u010derven\u00fdm senzorom&hellip;","og_url":"https:\/\/www.onetimenexttime.sk\/arduino\/index.php\/produkt\/ky-032-4pin-ir-infrared-obstacle-avoidance-sensor-module-for-arduino-diy-smart-car-robot\/","og_site_name":"Arduino e-shop","article_modified_time":"2024-02-22T16:33:24+00:00","og_image":[{"width":490,"height":493,"url":"https:\/\/www.onetimenexttime.sk\/arduino\/wp-content\/uploads\/2021\/11\/17411.jpg","type":"image\/jpeg"}],"twitter_card":"summary_large_image","twitter_misc":{"Predpokladan\u00fd \u010das \u010d\u00edtania":"6 min\u00fat"},"schema":{"@context":"https:\/\/schema.org","@graph":[{"@type":"WebPage","@id":"https:\/\/www.onetimenexttime.sk\/arduino\/index.php\/produkt\/ky-032-4pin-ir-infrared-obstacle-avoidance-sensor-module-for-arduino-diy-smart-car-robot\/","url":"https:\/\/www.onetimenexttime.sk\/arduino\/index.php\/produkt\/ky-032-4pin-ir-infrared-obstacle-avoidance-sensor-module-for-arduino-diy-smart-car-robot\/","name":"KY- 032 4pin IR Infrared Obstacle Avoidance Sensor Module for Arduino Diy Smart Car Robot - Arduino e-shop","isPartOf":{"@id":"https:\/\/www.onetimenexttime.sk\/arduino\/#website"},"primaryImageOfPage":{"@id":"https:\/\/www.onetimenexttime.sk\/arduino\/index.php\/produkt\/ky-032-4pin-ir-infrared-obstacle-avoidance-sensor-module-for-arduino-diy-smart-car-robot\/#primaryimage"},"image":{"@id":"https:\/\/www.onetimenexttime.sk\/arduino\/index.php\/produkt\/ky-032-4pin-ir-infrared-obstacle-avoidance-sensor-module-for-arduino-diy-smart-car-robot\/#primaryimage"},"thumbnailUrl":"https:\/\/www.onetimenexttime.sk\/arduino\/wp-content\/uploads\/2021\/11\/17411.jpg","datePublished":"2021-11-17T17:57:15+00:00","dateModified":"2024-02-22T16:33:24+00:00","breadcrumb":{"@id":"https:\/\/www.onetimenexttime.sk\/arduino\/index.php\/produkt\/ky-032-4pin-ir-infrared-obstacle-avoidance-sensor-module-for-arduino-diy-smart-car-robot\/#breadcrumb"},"inLanguage":"sk-SK","potentialAction":[{"@type":"ReadAction","target":["https:\/\/www.onetimenexttime.sk\/arduino\/index.php\/produkt\/ky-032-4pin-ir-infrared-obstacle-avoidance-sensor-module-for-arduino-diy-smart-car-robot\/"]}]},{"@type":"ImageObject","inLanguage":"sk-SK","@id":"https:\/\/www.onetimenexttime.sk\/arduino\/index.php\/produkt\/ky-032-4pin-ir-infrared-obstacle-avoidance-sensor-module-for-arduino-diy-smart-car-robot\/#primaryimage","url":"https:\/\/www.onetimenexttime.sk\/arduino\/wp-content\/uploads\/2021\/11\/17411.jpg","contentUrl":"https:\/\/www.onetimenexttime.sk\/arduino\/wp-content\/uploads\/2021\/11\/17411.jpg","width":490,"height":493},{"@type":"BreadcrumbList","@id":"https:\/\/www.onetimenexttime.sk\/arduino\/index.php\/produkt\/ky-032-4pin-ir-infrared-obstacle-avoidance-sensor-module-for-arduino-diy-smart-car-robot\/#breadcrumb","itemListElement":[{"@type":"ListItem","position":1,"name":"Domov","item":"https:\/\/www.onetimenexttime.sk\/arduino\/"},{"@type":"ListItem","position":2,"name":"Obchod","item":"https:\/\/www.onetimenexttime.sk\/arduino\/"},{"@type":"ListItem","position":3,"name":"KY- 032 4pin IR Infrared Obstacle Avoidance Sensor Module for Arduino Diy Smart Car Robot"}]},{"@type":"WebSite","@id":"https:\/\/www.onetimenexttime.sk\/arduino\/#website","url":"https:\/\/www.onetimenexttime.sk\/arduino\/","name":"Arduino e-shop","description":"Home Assistant","potentialAction":[{"@type":"SearchAction","target":{"@type":"EntryPoint","urlTemplate":"https:\/\/www.onetimenexttime.sk\/arduino\/?s={search_term_string}"},"query-input":{"@type":"PropertyValueSpecification","valueRequired":true,"valueName":"search_term_string"}}],"inLanguage":"sk-SK"}]}},"_links":{"self":[{"href":"https:\/\/www.onetimenexttime.sk\/arduino\/index.php\/wp-json\/wp\/v2\/product\/1550"}],"collection":[{"href":"https:\/\/www.onetimenexttime.sk\/arduino\/index.php\/wp-json\/wp\/v2\/product"}],"about":[{"href":"https:\/\/www.onetimenexttime.sk\/arduino\/index.php\/wp-json\/wp\/v2\/types\/product"}],"wp:featuredmedia":[{"embeddable":true,"href":"https:\/\/www.onetimenexttime.sk\/arduino\/index.php\/wp-json\/wp\/v2\/media\/1551"}],"wp:attachment":[{"href":"https:\/\/www.onetimenexttime.sk\/arduino\/index.php\/wp-json\/wp\/v2\/media?parent=1550"}],"wp:term":[{"taxonomy":"product_cat","embeddable":true,"href":"https:\/\/www.onetimenexttime.sk\/arduino\/index.php\/wp-json\/wp\/v2\/product_cat?post=1550"},{"taxonomy":"product_tag","embeddable":true,"href":"https:\/\/www.onetimenexttime.sk\/arduino\/index.php\/wp-json\/wp\/v2\/product_tag?post=1550"}],"curies":[{"name":"wp","href":"https:\/\/api.w.org\/{rel}","templated":true}]}}