{"id":1537,"date":"2021-11-17T13:47:00","date_gmt":"2021-11-17T12:47:00","guid":{"rendered":"https:\/\/www.onetimenexttime.sk\/arduino\/?post_type=product&#038;p=1537"},"modified":"2024-02-22T21:36:21","modified_gmt":"2024-02-22T20:36:21","slug":"gy-273-hmc5883l-tri-triple-axis-compass-magnetometer-sensor-module-three-axis-magnetic-field-board-for-arduino-3v-5v-iic","status":"publish","type":"product","link":"https:\/\/www.onetimenexttime.sk\/arduino\/index.php\/produkt\/gy-273-hmc5883l-tri-triple-axis-compass-magnetometer-sensor-module-three-axis-magnetic-field-board-for-arduino-3v-5v-iic\/","title":{"rendered":"GY-273 HMC5883L Tri Triple Axis Compass Magnetometer Sensor Module Three Axis Magnetic Field Board For Arduino 3V 5V IIC"},"content":{"rendered":"<p>&nbsp;<\/p>\n<p>&nbsp;<\/p>\n<h1>GY-273 HMC5883L Senzor Magnetick\u00e9ho Po\u013ea<\/h1>\n<table>\n<tbody>\n<tr>\n<th>Popis<\/th>\n<td>GY-273 HMC5883L je senzor magnetick\u00e9ho po\u013ea, ktor\u00fd pon\u00faka triosov\u00fa kompasov\u00fa funkciu. Je vhodn\u00fd pre pou\u017eitie s platformou Arduino a je kompatibiln\u00fd s nap\u00e4t\u00edm 3V a 5V.<\/td>\n<\/tr>\n<tr>\n<th>Vlastnosti<\/th>\n<td>Triosov\u00e1 kompasov\u00e1 funkcia, kompatibilita s Arduino, podpora pre nap\u00e4tie 3V a 5V.<\/td>\n<\/tr>\n<tr>\n<th>\u0160pecifik\u00e1cie<\/th>\n<td>Triosov\u00fd senzor magnetick\u00e9ho po\u013ea, kompatibilita s Arduino, nap\u00e1jacie nap\u00e4tie: 3V &#8211; 5V.<\/td>\n<\/tr>\n<tr>\n<th>Pr\u00edklady pou\u017eitia<\/th>\n<td>\n<ul>\n<li>Pr\u00edkladov\u00fd k\u00f3d pre Arduino:\n<pre>\/\/ Pr\u00edkladov\u00fd k\u00f3d pre GY-273 HMC5883L senzor magnetick\u00e9ho po\u013ea\r\n#include &lt;Wire.h&gt;\r\n#include &lt;HMC5883L.h&gt;\r\n\r\nHMC5883L compass;\r\n\r\nvoid setup() {\r\n  Serial.begin(9600);\r\n  Wire.begin();\r\n  compass.initialize();\r\n}\r\n\r\nvoid loop() {\r\n  int x, y, z;\r\n  compass.getHeading(&amp;x, &amp;y, &amp;z);\r\n  Serial.print(\"Heading X: \");\r\n  Serial.print(x);\r\n  Serial.print(\", Y: \");\r\n  Serial.print(y);\r\n  Serial.print(\", Z: \");\r\n  Serial.println(z);\r\n  delay(1000);\r\n}<\/pre>\n<\/li>\n<\/ul>\n<\/td>\n<\/tr>\n<\/tbody>\n<\/table>\n<p><button class=\"button\">Kop\u00edrova\u0165 k\u00f3d<\/button><\/p>\n<h2>GY-273 HMC5883L Triple Axis Kompas Magnetometer Senzorov\u00fd modul Trojosov\u00e1 doska magnetick\u00e9ho po\u013ea pre Arduino 3V 5V IIC<\/h2>\n<p>&nbsp;<\/p>\n<p>N\u00e1zov polo\u017eky: Modul HMC5883L (modul trojosov\u00e9ho magnetick\u00e9ho po\u013ea)<br \/>\nModel: GY-273<br \/>\n\u010cipy: HMC5883L<br \/>\nKomunik\u00e1cia: IIC komunika\u010dn\u00fd protokol<br \/>\nRozsah merania: \u00b1 1,3-8 gaussov<\/p>\n<p><strong>Technick\u00e9 \u00fadaje:<\/strong><\/p>\n<p>Nap\u00e1janie: 3-5V<br \/>\nVe\u013ekos\u0165: 1,8 x 1,3 cm<br \/>\n\u010cist\u00e1 hmotnos\u0165: 17 g<br \/>\nHmotnos\u0165 balenia: 27 g<br \/>\nFarba: Ako je zn\u00e1zornen\u00e9 na obr\u00e1zkoch<\/p>\n","protected":false},"excerpt":{"rendered":"<p>&nbsp; &nbsp; GY-273 HMC5883L Senzor Magnetick\u00e9ho Po\u013ea Popis GY-273 HMC5883L je senzor magnetick\u00e9ho po\u013ea, ktor\u00fd pon\u00faka triosov\u00fa kompasov\u00fa funkciu. Je&hellip;<\/p>\n","protected":false},"featured_media":1538,"template":"","meta":{"_monsterinsights_skip_tracking":false,"_monsterinsights_sitenote_active":false,"_monsterinsights_sitenote_note":"","_monsterinsights_sitenote_category":0},"product_cat":[16,78,69],"product_tag":[],"class_list":{"0":"post-1537","1":"product","2":"type-product","3":"status-publish","4":"has-post-thumbnail","6":"product_cat-ard","7":"product_cat-magnet","8":"product_cat-sensors","10":"first","11":"instock","12":"shipping-taxable","13":"purchasable","14":"product-type-simple"},"yoast_head":"<!-- This site is optimized with the Yoast SEO plugin v23.6 - https:\/\/yoast.com\/wordpress\/plugins\/seo\/ -->\n<title>GY-273 HMC5883L Tri Triple Axis Compass Magnetometer Sensor Module Three Axis Magnetic Field Board For Arduino 3V 5V IIC - Arduino e-shop<\/title>\n<meta name=\"robots\" content=\"index, follow, max-snippet:-1, max-image-preview:large, max-video-preview:-1\" \/>\n<link rel=\"canonical\" href=\"https:\/\/www.onetimenexttime.sk\/arduino\/index.php\/produkt\/gy-273-hmc5883l-tri-triple-axis-compass-magnetometer-sensor-module-three-axis-magnetic-field-board-for-arduino-3v-5v-iic\/\" \/>\n<meta property=\"og:locale\" content=\"sk_SK\" \/>\n<meta property=\"og:type\" content=\"article\" \/>\n<meta property=\"og:title\" content=\"GY-273 HMC5883L Tri Triple Axis Compass Magnetometer Sensor Module Three Axis Magnetic Field Board For Arduino 3V 5V IIC - Arduino e-shop\" \/>\n<meta property=\"og:description\" content=\"&nbsp; &nbsp; GY-273 HMC5883L Senzor Magnetick\u00e9ho Po\u013ea Popis GY-273 HMC5883L je senzor magnetick\u00e9ho po\u013ea, ktor\u00fd pon\u00faka triosov\u00fa kompasov\u00fa funkciu. Je&hellip;\" \/>\n<meta property=\"og:url\" content=\"https:\/\/www.onetimenexttime.sk\/arduino\/index.php\/produkt\/gy-273-hmc5883l-tri-triple-axis-compass-magnetometer-sensor-module-three-axis-magnetic-field-board-for-arduino-3v-5v-iic\/\" \/>\n<meta property=\"og:site_name\" content=\"Arduino e-shop\" \/>\n<meta property=\"article:modified_time\" content=\"2024-02-22T20:36:21+00:00\" \/>\n<meta property=\"og:image\" content=\"https:\/\/www.onetimenexttime.sk\/arduino\/wp-content\/uploads\/2021\/11\/17909.jpg\" \/>\n\t<meta property=\"og:image:width\" content=\"490\" \/>\n\t<meta property=\"og:image:height\" content=\"493\" \/>\n\t<meta property=\"og:image:type\" content=\"image\/jpeg\" \/>\n<meta name=\"twitter:card\" content=\"summary_large_image\" \/>\n<meta name=\"twitter:label1\" content=\"Predpokladan\u00fd \u010das \u010d\u00edtania\" \/>\n\t<meta name=\"twitter:data1\" content=\"1 min\u00fata\" \/>\n<script type=\"application\/ld+json\" class=\"yoast-schema-graph\">{\"@context\":\"https:\/\/schema.org\",\"@graph\":[{\"@type\":\"WebPage\",\"@id\":\"https:\/\/www.onetimenexttime.sk\/arduino\/index.php\/produkt\/gy-273-hmc5883l-tri-triple-axis-compass-magnetometer-sensor-module-three-axis-magnetic-field-board-for-arduino-3v-5v-iic\/\",\"url\":\"https:\/\/www.onetimenexttime.sk\/arduino\/index.php\/produkt\/gy-273-hmc5883l-tri-triple-axis-compass-magnetometer-sensor-module-three-axis-magnetic-field-board-for-arduino-3v-5v-iic\/\",\"name\":\"GY-273 HMC5883L Tri Triple Axis Compass Magnetometer Sensor Module Three Axis Magnetic Field Board For Arduino 3V 5V IIC - Arduino e-shop\",\"isPartOf\":{\"@id\":\"https:\/\/www.onetimenexttime.sk\/arduino\/#website\"},\"primaryImageOfPage\":{\"@id\":\"https:\/\/www.onetimenexttime.sk\/arduino\/index.php\/produkt\/gy-273-hmc5883l-tri-triple-axis-compass-magnetometer-sensor-module-three-axis-magnetic-field-board-for-arduino-3v-5v-iic\/#primaryimage\"},\"image\":{\"@id\":\"https:\/\/www.onetimenexttime.sk\/arduino\/index.php\/produkt\/gy-273-hmc5883l-tri-triple-axis-compass-magnetometer-sensor-module-three-axis-magnetic-field-board-for-arduino-3v-5v-iic\/#primaryimage\"},\"thumbnailUrl\":\"https:\/\/www.onetimenexttime.sk\/arduino\/wp-content\/uploads\/2021\/11\/17909.jpg\",\"datePublished\":\"2021-11-17T12:47:00+00:00\",\"dateModified\":\"2024-02-22T20:36:21+00:00\",\"breadcrumb\":{\"@id\":\"https:\/\/www.onetimenexttime.sk\/arduino\/index.php\/produkt\/gy-273-hmc5883l-tri-triple-axis-compass-magnetometer-sensor-module-three-axis-magnetic-field-board-for-arduino-3v-5v-iic\/#breadcrumb\"},\"inLanguage\":\"sk-SK\",\"potentialAction\":[{\"@type\":\"ReadAction\",\"target\":[\"https:\/\/www.onetimenexttime.sk\/arduino\/index.php\/produkt\/gy-273-hmc5883l-tri-triple-axis-compass-magnetometer-sensor-module-three-axis-magnetic-field-board-for-arduino-3v-5v-iic\/\"]}]},{\"@type\":\"ImageObject\",\"inLanguage\":\"sk-SK\",\"@id\":\"https:\/\/www.onetimenexttime.sk\/arduino\/index.php\/produkt\/gy-273-hmc5883l-tri-triple-axis-compass-magnetometer-sensor-module-three-axis-magnetic-field-board-for-arduino-3v-5v-iic\/#primaryimage\",\"url\":\"https:\/\/www.onetimenexttime.sk\/arduino\/wp-content\/uploads\/2021\/11\/17909.jpg\",\"contentUrl\":\"https:\/\/www.onetimenexttime.sk\/arduino\/wp-content\/uploads\/2021\/11\/17909.jpg\",\"width\":490,\"height\":493},{\"@type\":\"BreadcrumbList\",\"@id\":\"https:\/\/www.onetimenexttime.sk\/arduino\/index.php\/produkt\/gy-273-hmc5883l-tri-triple-axis-compass-magnetometer-sensor-module-three-axis-magnetic-field-board-for-arduino-3v-5v-iic\/#breadcrumb\",\"itemListElement\":[{\"@type\":\"ListItem\",\"position\":1,\"name\":\"Domov\",\"item\":\"https:\/\/www.onetimenexttime.sk\/arduino\/\"},{\"@type\":\"ListItem\",\"position\":2,\"name\":\"Obchod\",\"item\":\"https:\/\/www.onetimenexttime.sk\/arduino\/\"},{\"@type\":\"ListItem\",\"position\":3,\"name\":\"GY-273 HMC5883L Tri Triple Axis Compass Magnetometer Sensor Module Three Axis Magnetic Field Board For Arduino 3V 5V IIC\"}]},{\"@type\":\"WebSite\",\"@id\":\"https:\/\/www.onetimenexttime.sk\/arduino\/#website\",\"url\":\"https:\/\/www.onetimenexttime.sk\/arduino\/\",\"name\":\"Arduino e-shop\",\"description\":\"Home Assistant\",\"potentialAction\":[{\"@type\":\"SearchAction\",\"target\":{\"@type\":\"EntryPoint\",\"urlTemplate\":\"https:\/\/www.onetimenexttime.sk\/arduino\/?s={search_term_string}\"},\"query-input\":{\"@type\":\"PropertyValueSpecification\",\"valueRequired\":true,\"valueName\":\"search_term_string\"}}],\"inLanguage\":\"sk-SK\"}]}<\/script>\n<!-- \/ Yoast SEO plugin. -->","yoast_head_json":{"title":"GY-273 HMC5883L Tri Triple Axis Compass Magnetometer Sensor Module Three Axis Magnetic Field Board For Arduino 3V 5V IIC - Arduino e-shop","robots":{"index":"index","follow":"follow","max-snippet":"max-snippet:-1","max-image-preview":"max-image-preview:large","max-video-preview":"max-video-preview:-1"},"canonical":"https:\/\/www.onetimenexttime.sk\/arduino\/index.php\/produkt\/gy-273-hmc5883l-tri-triple-axis-compass-magnetometer-sensor-module-three-axis-magnetic-field-board-for-arduino-3v-5v-iic\/","og_locale":"sk_SK","og_type":"article","og_title":"GY-273 HMC5883L Tri Triple Axis Compass Magnetometer Sensor Module Three Axis Magnetic Field Board For Arduino 3V 5V IIC - Arduino e-shop","og_description":"&nbsp; &nbsp; GY-273 HMC5883L Senzor Magnetick\u00e9ho Po\u013ea Popis GY-273 HMC5883L je senzor magnetick\u00e9ho po\u013ea, ktor\u00fd pon\u00faka triosov\u00fa kompasov\u00fa funkciu. Je&hellip;","og_url":"https:\/\/www.onetimenexttime.sk\/arduino\/index.php\/produkt\/gy-273-hmc5883l-tri-triple-axis-compass-magnetometer-sensor-module-three-axis-magnetic-field-board-for-arduino-3v-5v-iic\/","og_site_name":"Arduino e-shop","article_modified_time":"2024-02-22T20:36:21+00:00","og_image":[{"width":490,"height":493,"url":"https:\/\/www.onetimenexttime.sk\/arduino\/wp-content\/uploads\/2021\/11\/17909.jpg","type":"image\/jpeg"}],"twitter_card":"summary_large_image","twitter_misc":{"Predpokladan\u00fd \u010das \u010d\u00edtania":"1 min\u00fata"},"schema":{"@context":"https:\/\/schema.org","@graph":[{"@type":"WebPage","@id":"https:\/\/www.onetimenexttime.sk\/arduino\/index.php\/produkt\/gy-273-hmc5883l-tri-triple-axis-compass-magnetometer-sensor-module-three-axis-magnetic-field-board-for-arduino-3v-5v-iic\/","url":"https:\/\/www.onetimenexttime.sk\/arduino\/index.php\/produkt\/gy-273-hmc5883l-tri-triple-axis-compass-magnetometer-sensor-module-three-axis-magnetic-field-board-for-arduino-3v-5v-iic\/","name":"GY-273 HMC5883L Tri Triple Axis Compass Magnetometer Sensor Module Three Axis Magnetic Field Board For Arduino 3V 5V IIC - Arduino e-shop","isPartOf":{"@id":"https:\/\/www.onetimenexttime.sk\/arduino\/#website"},"primaryImageOfPage":{"@id":"https:\/\/www.onetimenexttime.sk\/arduino\/index.php\/produkt\/gy-273-hmc5883l-tri-triple-axis-compass-magnetometer-sensor-module-three-axis-magnetic-field-board-for-arduino-3v-5v-iic\/#primaryimage"},"image":{"@id":"https:\/\/www.onetimenexttime.sk\/arduino\/index.php\/produkt\/gy-273-hmc5883l-tri-triple-axis-compass-magnetometer-sensor-module-three-axis-magnetic-field-board-for-arduino-3v-5v-iic\/#primaryimage"},"thumbnailUrl":"https:\/\/www.onetimenexttime.sk\/arduino\/wp-content\/uploads\/2021\/11\/17909.jpg","datePublished":"2021-11-17T12:47:00+00:00","dateModified":"2024-02-22T20:36:21+00:00","breadcrumb":{"@id":"https:\/\/www.onetimenexttime.sk\/arduino\/index.php\/produkt\/gy-273-hmc5883l-tri-triple-axis-compass-magnetometer-sensor-module-three-axis-magnetic-field-board-for-arduino-3v-5v-iic\/#breadcrumb"},"inLanguage":"sk-SK","potentialAction":[{"@type":"ReadAction","target":["https:\/\/www.onetimenexttime.sk\/arduino\/index.php\/produkt\/gy-273-hmc5883l-tri-triple-axis-compass-magnetometer-sensor-module-three-axis-magnetic-field-board-for-arduino-3v-5v-iic\/"]}]},{"@type":"ImageObject","inLanguage":"sk-SK","@id":"https:\/\/www.onetimenexttime.sk\/arduino\/index.php\/produkt\/gy-273-hmc5883l-tri-triple-axis-compass-magnetometer-sensor-module-three-axis-magnetic-field-board-for-arduino-3v-5v-iic\/#primaryimage","url":"https:\/\/www.onetimenexttime.sk\/arduino\/wp-content\/uploads\/2021\/11\/17909.jpg","contentUrl":"https:\/\/www.onetimenexttime.sk\/arduino\/wp-content\/uploads\/2021\/11\/17909.jpg","width":490,"height":493},{"@type":"BreadcrumbList","@id":"https:\/\/www.onetimenexttime.sk\/arduino\/index.php\/produkt\/gy-273-hmc5883l-tri-triple-axis-compass-magnetometer-sensor-module-three-axis-magnetic-field-board-for-arduino-3v-5v-iic\/#breadcrumb","itemListElement":[{"@type":"ListItem","position":1,"name":"Domov","item":"https:\/\/www.onetimenexttime.sk\/arduino\/"},{"@type":"ListItem","position":2,"name":"Obchod","item":"https:\/\/www.onetimenexttime.sk\/arduino\/"},{"@type":"ListItem","position":3,"name":"GY-273 HMC5883L Tri Triple Axis Compass Magnetometer Sensor Module Three Axis Magnetic Field Board For Arduino 3V 5V IIC"}]},{"@type":"WebSite","@id":"https:\/\/www.onetimenexttime.sk\/arduino\/#website","url":"https:\/\/www.onetimenexttime.sk\/arduino\/","name":"Arduino e-shop","description":"Home Assistant","potentialAction":[{"@type":"SearchAction","target":{"@type":"EntryPoint","urlTemplate":"https:\/\/www.onetimenexttime.sk\/arduino\/?s={search_term_string}"},"query-input":{"@type":"PropertyValueSpecification","valueRequired":true,"valueName":"search_term_string"}}],"inLanguage":"sk-SK"}]}},"_links":{"self":[{"href":"https:\/\/www.onetimenexttime.sk\/arduino\/index.php\/wp-json\/wp\/v2\/product\/1537"}],"collection":[{"href":"https:\/\/www.onetimenexttime.sk\/arduino\/index.php\/wp-json\/wp\/v2\/product"}],"about":[{"href":"https:\/\/www.onetimenexttime.sk\/arduino\/index.php\/wp-json\/wp\/v2\/types\/product"}],"wp:featuredmedia":[{"embeddable":true,"href":"https:\/\/www.onetimenexttime.sk\/arduino\/index.php\/wp-json\/wp\/v2\/media\/1538"}],"wp:attachment":[{"href":"https:\/\/www.onetimenexttime.sk\/arduino\/index.php\/wp-json\/wp\/v2\/media?parent=1537"}],"wp:term":[{"taxonomy":"product_cat","embeddable":true,"href":"https:\/\/www.onetimenexttime.sk\/arduino\/index.php\/wp-json\/wp\/v2\/product_cat?post=1537"},{"taxonomy":"product_tag","embeddable":true,"href":"https:\/\/www.onetimenexttime.sk\/arduino\/index.php\/wp-json\/wp\/v2\/product_tag?post=1537"}],"curies":[{"name":"wp","href":"https:\/\/api.w.org\/{rel}","templated":true}]}}