{"id":1529,"date":"2021-11-17T12:08:58","date_gmt":"2021-11-17T11:08:58","guid":{"rendered":"https:\/\/www.onetimenexttime.sk\/arduino\/?post_type=product&#038;p=1529"},"modified":"2021-11-17T12:52:30","modified_gmt":"2021-11-17T11:52:30","slug":"raindrops-detection-sensor-modue-rain-module-weather-module-humidity-3-3-5v","status":"publish","type":"product","link":"https:\/\/www.onetimenexttime.sk\/arduino\/index.php\/produkt\/raindrops-detection-sensor-modue-rain-module-weather-module-humidity-3-3-5v\/","title":{"rendered":"Raindrops Detection Sensor Modue Rain Module Weather Module Humidity 3.3-5V"},"content":{"rendered":"<h2>Modul senzora na detekciu da\u017e\u010fov\u00fdch kvapiek Modul da\u017e\u010fov\u00e9ho modulu Poveternostn\u00fd modul Vlhkos\u0165 3,3-5V<\/h2>\n<p>S\u00fapravy robotov, d\u00e1\u017e\u010f, da\u017e\u010fov\u00fd senzor, mo\u017eno pou\u017ei\u0165 na monitorovanie r\u00f4znych poveternostn\u00fdch podmienok a premeni\u0165 ich na nieko\u013eko pevn\u00fdch v\u00fdstupn\u00fdch sign\u00e1lov a AO.<\/p>\n<p>1, senzor pou\u017e\u00edva vysokokvalitn\u00e9 obojstrann\u00e9 materi\u00e1ly FR-04, ve\u013ek\u00fa plochu 5,0\\&#8217;\\&#8217; 4,0CM a poniklovan\u00fd povrch, \u00fa\u010dinn\u00fd proti oxid\u00e1cii, vodivosti, vynikaj\u00facemu v\u00fdkonu a oblastiam \u017eivotnosti;<\/p>\n<p>2, \u010dist\u00fd priebeh sign\u00e1lu kompar\u00e1tora je dobr\u00fd, jazdn\u00e1 schopnos\u0165 je vy\u0161\u0161ia ako 15 mA;<\/p>\n<p>3, v\u00fdkonov\u00e9 bity upravuj\u00fa citlivos\u0165;<\/p>\n<p>4, Pracovn\u00e9 nap\u00e4tie 3,3V-5V<\/p>\n<p>5, v\u00fdstupn\u00fd form\u00e1t: Digit\u00e1lny sp\u00ednac\u00ed v\u00fdstup (0 a 1) a anal\u00f3gov\u00fd nap\u00e4\u0165ov\u00fd v\u00fdstup AO;<\/p>\n<p>6, s otvormi pre skrutky pre jednoduch\u00fa in\u0161tal\u00e1ciu<\/p>\n<p>7, ve\u013ekos\u0165 dosky plo\u0161n\u00fdch spojov malej dosky: 3,2 cm x 1,4 cm<\/p>\n<p>8 s pou\u017eit\u00edm \u0161irokonap\u00e4\u0165ov\u00e9ho kompar\u00e1tora LM393<\/p>\n<p>Pripojte nap\u00e1jac\u00ed zdroj 5V, kontrolka nap\u00e1jania, doska sn\u00edma\u010da neklesne, ke\u010f je v\u00fdstup DO vysok\u00fd, vyp\u00edna\u010d svieti, kvapk\u00e1 kvapka vody, v\u00fdstup DO je n\u00edzky, kontrolka sp\u00edna\u010da svieti,<\/p>\n<p>Kefka nad kvapkami vody sa vr\u00e1tila do stavu vysok\u00e9ho v\u00fdstupu. . . .<\/p>\n<p>Anal\u00f3gov\u00fd v\u00fdstup AO je mo\u017en\u00e9 pripoji\u0165 k mikrokontrol\u00e9ru, ktor\u00fd detekuje kvapky da\u017e\u010fa v \u00fastach AD vo vy\u0161\u0161ie uvedenej ve\u013ekosti.<\/p>\n<p>K digit\u00e1lnym v\u00fdstupom DO TTL je mo\u017en\u00e9 pripoji\u0165 aj mikrokontrol\u00e9r, ktor\u00fd rozpozn\u00e1, \u010di pr\u0161\u00ed.<\/p>\n<p>&nbsp;<\/p>\n<p><img loading=\"lazy\" decoding=\"async\" class=\" lazyloaded\" src=\"https:\/\/lastminuteengineers.com\/wp-content\/uploads\/arduino\/Rain-Sensor-Working.gif\" alt=\"rain sensor working.gif\" width=\"372\" height=\"319\" data-src=\"https:\/\/lastminuteengineers.com\/wp-content\/uploads\/arduino\/Rain-Sensor-Working.gif\" \/><\/p>\n<p><img loading=\"lazy\" decoding=\"async\" class=\" lazyloaded\" src=\"https:\/\/lastminuteengineers.com\/wp-content\/uploads\/arduino\/Rain-Sensor-Power-and-Status-LEDs.jpg\" alt=\"rain sensor power and status leds\" width=\"310\" height=\"220\" data-src=\"https:\/\/lastminuteengineers.com\/wp-content\/uploads\/arduino\/Rain-Sensor-Power-and-Status-LEDs.jpg\" \/><img loading=\"lazy\" decoding=\"async\" class=\" lazyloaded\" src=\"https:\/\/lastminuteengineers.com\/wp-content\/uploads\/arduino\/Rain-Sensor-Sensitivity-Adjustment.jpg\" alt=\"rain sensor sensitivity adjustment\" width=\"309\" height=\"216\" data-src=\"https:\/\/lastminuteengineers.com\/wp-content\/uploads\/arduino\/Rain-Sensor-Sensitivity-Adjustment.jpg\" \/><\/p>\n<p>&nbsp;<\/p>\n<p><img loading=\"lazy\" decoding=\"async\" class=\" lazyloaded\" src=\"https:\/\/lastminuteengineers.com\/wp-content\/uploads\/arduino\/Wiring-Rain-Sensor-with-Arduino.png\" alt=\"wiring rain sensor with arduino\" width=\"654\" height=\"379\" data-src=\"https:\/\/lastminuteengineers.com\/wp-content\/uploads\/arduino\/Wiring-Rain-Sensor-with-Arduino.png\" \/><img loading=\"lazy\" decoding=\"async\" class=\" lazyloaded\" src=\"https:\/\/lastminuteengineers.com\/wp-content\/uploads\/arduino\/Rain-Sensor-Module-Pinout.png\" alt=\"rain sensor module pinout\" width=\"392\" height=\"461\" data-src=\"https:\/\/lastminuteengineers.com\/wp-content\/uploads\/arduino\/Rain-Sensor-Module-Pinout.png\" \/><\/p>\n<p>&nbsp;<\/p>\n<p>&nbsp;<\/p>\n<p>&nbsp;<\/p>\n<pre class=\" language-c\"><code class=\" language-c\"><span class=\"com\">\/\/ Sensor pins<\/span>\r\n#define sensorPower 7\r\n#define sensorPin 8\r\n\r\n<span class=\"kwd\">void<\/span> <span class=\"func\">setup<\/span>() {\r\n\t<span class=\"func\">pinMode<\/span>(sensorPower, OUTPUT);\r\n\r\n\t<span class=\"com\">\/\/ Initially keep the sensor OFF<\/span>\r\n\t<span class=\"func\">digitalWrite<\/span>(sensorPower, LOW);\r\n\r\n\tSerial.<span class=\"func\">begin<\/span>(<span class=\"lit\">9600<\/span>);\r\n}\r\n\r\n<span class=\"kwd\">void<\/span> <span class=\"func\">loop<\/span>() {\r\n\t<span class=\"com\">\/\/get the reading from the function below and print it<\/span>\r\n\t<span class=\"kwd\">int<\/span> val = <span class=\"func\">readSensor<\/span>();\r\n\tSerial.<span class=\"func\">print<\/span>(<span class=\"str\">\"Digital Output: \"<\/span>);\r\n\tSerial.<span class=\"func\">println<\/span>(val);\r\n\r\n\t<span class=\"com\">\/\/ Determine status of rain<\/span>\r\n\t<span class=\"kwd\">if<\/span> (val) {\r\n\t\tSerial.<span class=\"func\">println<\/span>(<span class=\"str\">\"Status: Clear\"<\/span>);\r\n\t} <span class=\"kwd\">else<\/span> {\r\n\t\tSerial.<span class=\"func\">println<\/span>(<span class=\"str\">\"Status: It's raining\"<\/span>);\r\n\t}\r\n\r\n\t<span class=\"func\">delay<\/span>(<span class=\"lit\">1000<\/span>);\t<span class=\"com\">\/\/ Take a reading every second<\/span>\r\n\tSerial.<span class=\"func\">println<\/span>();\r\n}\r\n\r\n<span class=\"com\">\/\/  This function returns the sensor output<\/span>\r\n<span class=\"kwd\">int<\/span> <span class=\"func\">readSensor<\/span>() {\r\n\t<span class=\"func\">digitalWrite<\/span>(sensorPower, HIGH);\t<span class=\"com\">\/\/ Turn the sensor ON<\/span>\r\n\t<span class=\"func\">delay<\/span>(<span class=\"lit\">10<\/span>);\t\t\t\t\t\t\t<span class=\"com\">\/\/ Allow power to settle<\/span>\r\n\t<span class=\"kwd\">int<\/span> val = <span class=\"func\">digitalRead<\/span>(sensorPin);\t<span class=\"com\">\/\/ Read the sensor output<\/span>\r\n\t<span class=\"func\">digitalWrite<\/span>(sensorPower, LOW);\t\t<span class=\"com\">\/\/ Turn the sensor OFF<\/span>\r\n\t<span class=\"kwd\">return<\/span> val;\t\t\t\t\t\t\t<span class=\"com\">\/\/ Return the value<\/span>\r\n}<\/code><\/pre>\n","protected":false},"excerpt":{"rendered":"<p>Modul senzora na detekciu da\u017e\u010fov\u00fdch kvapiek Modul da\u017e\u010fov\u00e9ho modulu Poveternostn\u00fd modul Vlhkos\u0165 3,3-5V S\u00fapravy robotov, d\u00e1\u017e\u010f, da\u017e\u010fov\u00fd senzor, mo\u017eno pou\u017ei\u0165&hellip;<\/p>\n","protected":false},"featured_media":1530,"template":"","meta":{"_monsterinsights_skip_tracking":false,"_monsterinsights_sitenote_active":false,"_monsterinsights_sitenote_note":"","_monsterinsights_sitenote_category":0},"product_cat":[16,69,77],"product_tag":[],"class_list":{"0":"post-1529","1":"product","2":"type-product","3":"status-publish","4":"has-post-thumbnail","6":"product_cat-ard","7":"product_cat-sensors","8":"product_cat-voda-sensors","10":"first","11":"instock","12":"shipping-taxable","13":"purchasable","14":"product-type-simple"},"yoast_head":"<!-- This site is optimized with the Yoast SEO plugin v23.6 - https:\/\/yoast.com\/wordpress\/plugins\/seo\/ -->\n<title>Raindrops Detection Sensor Modue Rain Module Weather Module Humidity 3.3-5V - Arduino e-shop<\/title>\n<meta name=\"robots\" content=\"index, follow, max-snippet:-1, max-image-preview:large, max-video-preview:-1\" \/>\n<link rel=\"canonical\" href=\"https:\/\/www.onetimenexttime.sk\/arduino\/index.php\/produkt\/raindrops-detection-sensor-modue-rain-module-weather-module-humidity-3-3-5v\/\" \/>\n<meta property=\"og:locale\" content=\"sk_SK\" \/>\n<meta property=\"og:type\" content=\"article\" \/>\n<meta property=\"og:title\" content=\"Raindrops Detection Sensor Modue Rain Module Weather Module Humidity 3.3-5V - Arduino e-shop\" \/>\n<meta property=\"og:description\" content=\"Modul senzora na detekciu da\u017e\u010fov\u00fdch kvapiek Modul da\u017e\u010fov\u00e9ho modulu Poveternostn\u00fd modul Vlhkos\u0165 3,3-5V S\u00fapravy robotov, d\u00e1\u017e\u010f, da\u017e\u010fov\u00fd senzor, mo\u017eno pou\u017ei\u0165&hellip;\" \/>\n<meta property=\"og:url\" content=\"https:\/\/www.onetimenexttime.sk\/arduino\/index.php\/produkt\/raindrops-detection-sensor-modue-rain-module-weather-module-humidity-3-3-5v\/\" \/>\n<meta property=\"og:site_name\" content=\"Arduino e-shop\" \/>\n<meta property=\"article:modified_time\" content=\"2021-11-17T11:52:30+00:00\" \/>\n<meta property=\"og:image\" content=\"https:\/\/www.onetimenexttime.sk\/arduino\/wp-content\/uploads\/2021\/11\/17911.jpg\" \/>\n\t<meta property=\"og:image:width\" content=\"490\" \/>\n\t<meta property=\"og:image:height\" content=\"493\" \/>\n\t<meta property=\"og:image:type\" content=\"image\/jpeg\" \/>\n<meta name=\"twitter:card\" content=\"summary_large_image\" \/>\n<meta name=\"twitter:label1\" content=\"Predpokladan\u00fd \u010das \u010d\u00edtania\" \/>\n\t<meta name=\"twitter:data1\" content=\"3 min\u00faty\" \/>\n<script type=\"application\/ld+json\" class=\"yoast-schema-graph\">{\"@context\":\"https:\/\/schema.org\",\"@graph\":[{\"@type\":\"WebPage\",\"@id\":\"https:\/\/www.onetimenexttime.sk\/arduino\/index.php\/produkt\/raindrops-detection-sensor-modue-rain-module-weather-module-humidity-3-3-5v\/\",\"url\":\"https:\/\/www.onetimenexttime.sk\/arduino\/index.php\/produkt\/raindrops-detection-sensor-modue-rain-module-weather-module-humidity-3-3-5v\/\",\"name\":\"Raindrops Detection Sensor Modue Rain Module Weather Module Humidity 3.3-5V - Arduino e-shop\",\"isPartOf\":{\"@id\":\"https:\/\/www.onetimenexttime.sk\/arduino\/#website\"},\"primaryImageOfPage\":{\"@id\":\"https:\/\/www.onetimenexttime.sk\/arduino\/index.php\/produkt\/raindrops-detection-sensor-modue-rain-module-weather-module-humidity-3-3-5v\/#primaryimage\"},\"image\":{\"@id\":\"https:\/\/www.onetimenexttime.sk\/arduino\/index.php\/produkt\/raindrops-detection-sensor-modue-rain-module-weather-module-humidity-3-3-5v\/#primaryimage\"},\"thumbnailUrl\":\"https:\/\/www.onetimenexttime.sk\/arduino\/wp-content\/uploads\/2021\/11\/17911.jpg\",\"datePublished\":\"2021-11-17T11:08:58+00:00\",\"dateModified\":\"2021-11-17T11:52:30+00:00\",\"breadcrumb\":{\"@id\":\"https:\/\/www.onetimenexttime.sk\/arduino\/index.php\/produkt\/raindrops-detection-sensor-modue-rain-module-weather-module-humidity-3-3-5v\/#breadcrumb\"},\"inLanguage\":\"sk-SK\",\"potentialAction\":[{\"@type\":\"ReadAction\",\"target\":[\"https:\/\/www.onetimenexttime.sk\/arduino\/index.php\/produkt\/raindrops-detection-sensor-modue-rain-module-weather-module-humidity-3-3-5v\/\"]}]},{\"@type\":\"ImageObject\",\"inLanguage\":\"sk-SK\",\"@id\":\"https:\/\/www.onetimenexttime.sk\/arduino\/index.php\/produkt\/raindrops-detection-sensor-modue-rain-module-weather-module-humidity-3-3-5v\/#primaryimage\",\"url\":\"https:\/\/www.onetimenexttime.sk\/arduino\/wp-content\/uploads\/2021\/11\/17911.jpg\",\"contentUrl\":\"https:\/\/www.onetimenexttime.sk\/arduino\/wp-content\/uploads\/2021\/11\/17911.jpg\",\"width\":490,\"height\":493},{\"@type\":\"BreadcrumbList\",\"@id\":\"https:\/\/www.onetimenexttime.sk\/arduino\/index.php\/produkt\/raindrops-detection-sensor-modue-rain-module-weather-module-humidity-3-3-5v\/#breadcrumb\",\"itemListElement\":[{\"@type\":\"ListItem\",\"position\":1,\"name\":\"Domov\",\"item\":\"https:\/\/www.onetimenexttime.sk\/arduino\/\"},{\"@type\":\"ListItem\",\"position\":2,\"name\":\"Obchod\",\"item\":\"https:\/\/www.onetimenexttime.sk\/arduino\/\"},{\"@type\":\"ListItem\",\"position\":3,\"name\":\"Raindrops Detection Sensor Modue Rain Module Weather Module Humidity 3.3-5V\"}]},{\"@type\":\"WebSite\",\"@id\":\"https:\/\/www.onetimenexttime.sk\/arduino\/#website\",\"url\":\"https:\/\/www.onetimenexttime.sk\/arduino\/\",\"name\":\"Arduino e-shop\",\"description\":\"Home Assistant\",\"potentialAction\":[{\"@type\":\"SearchAction\",\"target\":{\"@type\":\"EntryPoint\",\"urlTemplate\":\"https:\/\/www.onetimenexttime.sk\/arduino\/?s={search_term_string}\"},\"query-input\":{\"@type\":\"PropertyValueSpecification\",\"valueRequired\":true,\"valueName\":\"search_term_string\"}}],\"inLanguage\":\"sk-SK\"}]}<\/script>\n<!-- \/ Yoast SEO plugin. -->","yoast_head_json":{"title":"Raindrops Detection Sensor Modue Rain Module Weather Module Humidity 3.3-5V - Arduino e-shop","robots":{"index":"index","follow":"follow","max-snippet":"max-snippet:-1","max-image-preview":"max-image-preview:large","max-video-preview":"max-video-preview:-1"},"canonical":"https:\/\/www.onetimenexttime.sk\/arduino\/index.php\/produkt\/raindrops-detection-sensor-modue-rain-module-weather-module-humidity-3-3-5v\/","og_locale":"sk_SK","og_type":"article","og_title":"Raindrops Detection Sensor Modue Rain Module Weather Module Humidity 3.3-5V - Arduino e-shop","og_description":"Modul senzora na detekciu da\u017e\u010fov\u00fdch kvapiek Modul da\u017e\u010fov\u00e9ho modulu Poveternostn\u00fd modul Vlhkos\u0165 3,3-5V S\u00fapravy robotov, d\u00e1\u017e\u010f, da\u017e\u010fov\u00fd senzor, mo\u017eno pou\u017ei\u0165&hellip;","og_url":"https:\/\/www.onetimenexttime.sk\/arduino\/index.php\/produkt\/raindrops-detection-sensor-modue-rain-module-weather-module-humidity-3-3-5v\/","og_site_name":"Arduino e-shop","article_modified_time":"2021-11-17T11:52:30+00:00","og_image":[{"width":490,"height":493,"url":"https:\/\/www.onetimenexttime.sk\/arduino\/wp-content\/uploads\/2021\/11\/17911.jpg","type":"image\/jpeg"}],"twitter_card":"summary_large_image","twitter_misc":{"Predpokladan\u00fd \u010das \u010d\u00edtania":"3 min\u00faty"},"schema":{"@context":"https:\/\/schema.org","@graph":[{"@type":"WebPage","@id":"https:\/\/www.onetimenexttime.sk\/arduino\/index.php\/produkt\/raindrops-detection-sensor-modue-rain-module-weather-module-humidity-3-3-5v\/","url":"https:\/\/www.onetimenexttime.sk\/arduino\/index.php\/produkt\/raindrops-detection-sensor-modue-rain-module-weather-module-humidity-3-3-5v\/","name":"Raindrops Detection Sensor Modue Rain Module Weather Module Humidity 3.3-5V - Arduino e-shop","isPartOf":{"@id":"https:\/\/www.onetimenexttime.sk\/arduino\/#website"},"primaryImageOfPage":{"@id":"https:\/\/www.onetimenexttime.sk\/arduino\/index.php\/produkt\/raindrops-detection-sensor-modue-rain-module-weather-module-humidity-3-3-5v\/#primaryimage"},"image":{"@id":"https:\/\/www.onetimenexttime.sk\/arduino\/index.php\/produkt\/raindrops-detection-sensor-modue-rain-module-weather-module-humidity-3-3-5v\/#primaryimage"},"thumbnailUrl":"https:\/\/www.onetimenexttime.sk\/arduino\/wp-content\/uploads\/2021\/11\/17911.jpg","datePublished":"2021-11-17T11:08:58+00:00","dateModified":"2021-11-17T11:52:30+00:00","breadcrumb":{"@id":"https:\/\/www.onetimenexttime.sk\/arduino\/index.php\/produkt\/raindrops-detection-sensor-modue-rain-module-weather-module-humidity-3-3-5v\/#breadcrumb"},"inLanguage":"sk-SK","potentialAction":[{"@type":"ReadAction","target":["https:\/\/www.onetimenexttime.sk\/arduino\/index.php\/produkt\/raindrops-detection-sensor-modue-rain-module-weather-module-humidity-3-3-5v\/"]}]},{"@type":"ImageObject","inLanguage":"sk-SK","@id":"https:\/\/www.onetimenexttime.sk\/arduino\/index.php\/produkt\/raindrops-detection-sensor-modue-rain-module-weather-module-humidity-3-3-5v\/#primaryimage","url":"https:\/\/www.onetimenexttime.sk\/arduino\/wp-content\/uploads\/2021\/11\/17911.jpg","contentUrl":"https:\/\/www.onetimenexttime.sk\/arduino\/wp-content\/uploads\/2021\/11\/17911.jpg","width":490,"height":493},{"@type":"BreadcrumbList","@id":"https:\/\/www.onetimenexttime.sk\/arduino\/index.php\/produkt\/raindrops-detection-sensor-modue-rain-module-weather-module-humidity-3-3-5v\/#breadcrumb","itemListElement":[{"@type":"ListItem","position":1,"name":"Domov","item":"https:\/\/www.onetimenexttime.sk\/arduino\/"},{"@type":"ListItem","position":2,"name":"Obchod","item":"https:\/\/www.onetimenexttime.sk\/arduino\/"},{"@type":"ListItem","position":3,"name":"Raindrops Detection Sensor Modue Rain Module Weather Module Humidity 3.3-5V"}]},{"@type":"WebSite","@id":"https:\/\/www.onetimenexttime.sk\/arduino\/#website","url":"https:\/\/www.onetimenexttime.sk\/arduino\/","name":"Arduino e-shop","description":"Home Assistant","potentialAction":[{"@type":"SearchAction","target":{"@type":"EntryPoint","urlTemplate":"https:\/\/www.onetimenexttime.sk\/arduino\/?s={search_term_string}"},"query-input":{"@type":"PropertyValueSpecification","valueRequired":true,"valueName":"search_term_string"}}],"inLanguage":"sk-SK"}]}},"_links":{"self":[{"href":"https:\/\/www.onetimenexttime.sk\/arduino\/index.php\/wp-json\/wp\/v2\/product\/1529"}],"collection":[{"href":"https:\/\/www.onetimenexttime.sk\/arduino\/index.php\/wp-json\/wp\/v2\/product"}],"about":[{"href":"https:\/\/www.onetimenexttime.sk\/arduino\/index.php\/wp-json\/wp\/v2\/types\/product"}],"wp:featuredmedia":[{"embeddable":true,"href":"https:\/\/www.onetimenexttime.sk\/arduino\/index.php\/wp-json\/wp\/v2\/media\/1530"}],"wp:attachment":[{"href":"https:\/\/www.onetimenexttime.sk\/arduino\/index.php\/wp-json\/wp\/v2\/media?parent=1529"}],"wp:term":[{"taxonomy":"product_cat","embeddable":true,"href":"https:\/\/www.onetimenexttime.sk\/arduino\/index.php\/wp-json\/wp\/v2\/product_cat?post=1529"},{"taxonomy":"product_tag","embeddable":true,"href":"https:\/\/www.onetimenexttime.sk\/arduino\/index.php\/wp-json\/wp\/v2\/product_tag?post=1529"}],"curies":[{"name":"wp","href":"https:\/\/api.w.org\/{rel}","templated":true}]}}