{"id":1503,"date":"2021-11-17T07:44:25","date_gmt":"2021-11-17T06:44:25","guid":{"rendered":"https:\/\/www.onetimenexttime.sk\/arduino\/?post_type=product&#038;p=1503"},"modified":"2021-11-17T08:30:11","modified_gmt":"2021-11-17T07:30:11","slug":"pir-hc-sr501-human-infrared-sensor-module-containing-the-lens","status":"publish","type":"product","link":"https:\/\/www.onetimenexttime.sk\/arduino\/index.php\/produkt\/pir-hc-sr501-human-infrared-sensor-module-containing-the-lens\/","title":{"rendered":"PIR HC-SR501 human infrared sensor module containing the lens"},"content":{"rendered":"<h2>PIR HC-SR501 modul \u013eudsk\u00e9ho infra\u010derven\u00e9ho sn\u00edma\u010da obsahuj\u00faci \u0161o\u0161ovku<\/h2>\n<p>&nbsp;<\/p>\n<p><strong>Vlastnosti:<\/strong><\/p>\n<p>1. Automatick\u00e1 indukcia: Ke\u010f niekto vst\u00fapi do svojho induk\u010dn\u00e9ho rozsahu, zadajte vysok\u00fa \u00farove\u0148, \u013eudia opustia rozsah sn\u00edma\u010da automaticky oneskorene. N\u00edzky v\u00fdkon.<br \/>\n2. fotosenzit\u00edvne ovl\u00e1danie (volite\u013en\u00e9): modul vyhraden\u00fd pre umiestnenie, mo\u017eno nastavi\u0165 na fotosenzit\u00edvne ovl\u00e1danie, siln\u00e9 svetlo po\u010das d\u0148a alebo nie indukciu. Fotosenzit\u00edvne ovl\u00e1danie je volite\u013en\u00e9, tov\u00e1re\u0148 nenain\u0161talovala fotosenzit\u00edvny rezistor. Ak je to potrebn\u00e9, k\u00fapte si samostatn\u00fd fotosenzit\u00edvny rezistor na in\u0161tal\u00e1ciu.<\/p>\n<p>3. Dva re\u017eimy sp\u00fa\u0161\u0165ania: L nie je opakovate\u013en\u00e9, H je opakovate\u013en\u00e9. Je mo\u017en\u00e9 vybra\u0165 prepojku, predvolen\u00e1 hodnota je H.<br \/>\nA. re\u017eim neopakovate\u013en\u00e9ho sp\u00fa\u0161\u0165ania: induk\u010dn\u00fd v\u00fdstup je vysok\u00fd, doba oneskorenia sa skon\u010d\u00ed, v\u00fdstup sa automaticky zmen\u00ed z vysok\u00e9ho na n\u00edzky.<br \/>\nB. Re\u017eim opakovan\u00e9ho spustenia: to znamen\u00e1, \u017ee po nasn\u00edman\u00ed vysok\u00e9ho v\u00fdstupu v \u010dasovom intervale oneskorenia, ak \u013eudsk\u00e9 telo sn\u00edma rozsah aktiv\u00edt, jeho v\u00fdstup zostane vysok\u00fd a\u017e do oneskorenia, ke\u010f osoba opust\u00ed vysok\u00fa \u00farove\u0148 \u00darove\u0148 sa zmen\u00ed na n\u00edzku \u00farove\u0148 (sn\u00edmac\u00ed modul automaticky oneskor\u00ed \u010das oneskorenia po ka\u017edej aktivite \u013eudsk\u00e9ho tela a berie \u010das poslednej aktivity ako po\u010diato\u010dn\u00fd bod \u010dasu oneskorenia).<br \/>\n4. Doba blokovania indukcie (predvolen\u00e9 nastavenie: 3-4 sekundy): Po ka\u017edom v\u00fdstupe sn\u00edmania (vysok\u00e1 \u00farove\u0148 klesne na n\u00edzku) m\u00f4\u017ee po sn\u00edmacom module nasledova\u0165 doba blokovania, po\u010das ktorej je sn\u00edman\u00fd Pr\u00edstroj neprij\u00edma \u017eiadne sn\u00edmacie sign\u00e1ly . T\u00fato funkciu je mo\u017en\u00e9 pou\u017ei\u0165 na dosiahnutie intervalu medzi \u010dasom v\u00fdstupu sn\u00edmania a \u010dasom blokovania. M\u00f4\u017ee by\u0165 aplikovan\u00fd na produkty intervalovej detekcie. T\u00e1to funkcia z\u00e1rove\u0148 dok\u00e1\u017ee efekt\u00edvne potla\u010di\u0165 v\u0161etky druhy ru\u0161enia v procese sp\u00ednania z\u00e1\u0165a\u017ee.<br \/>\n5. \u0160irok\u00fd rozsah prev\u00e1dzkov\u00e9ho nap\u00e4tia: predvolen\u00e9 prev\u00e1dzkov\u00e9 nap\u00e4tie DC5V a\u017e 20V<br \/>\n6. Mikronap\u00e1janie: Pokojov\u00fd pr\u00fad 65 mikroamp\u00e9rov, najm\u00e4 pre elektrick\u00e9 produkty nap\u00e1jan\u00e9 such\u00fdmi bat\u00e9riami.<br \/>\n7. V\u00fdstupn\u00fd sign\u00e1l vysokej \u00farovne: d\u00e1 sa jednoducho s r\u00f4znymi typmi obvodov dosiahnu\u0165 dokovanie.<\/p>\n<p><strong>In\u0161trukcie na pou\u017e\u00edvanie:<\/strong><br \/>\n1 nap\u00e1janie induk\u010dn\u00e9ho modulu pribli\u017ene jednu min\u00fatu po \u010dase inicializ\u00e1cie, v tomto \u010dase bude modul vyd\u00e1va\u0165 0-3 kr\u00e1t za min\u00fatu, min\u00fatu v pohotovostnom stave.<\/p>\n<p>2. Svetlu a in\u00e9mu ru\u0161eniu je potrebn\u00e9 sa vyhn\u00fa\u0165 Priamo zatvorte povrch modulu \u0161o\u0161oviek, aby nedo\u0161lo k ru\u0161eniu sign\u00e1lu, ktor\u00e9 by sp\u00f4sobilo poruchu; \u010do najviac sa vyhn\u00fa\u0165 vyu\u017e\u00edvaniu \u017eivotn\u00e9ho prostredia<br \/>\nVo\u013en\u00e9 pr\u00fadenie vetra, vietor sp\u00f4sob\u00ed ru\u0161enie sn\u00edma\u010da.<\/p>\n<p>3. Senzorov\u00fd modul so sondou s dvojit\u00fdm prvkom, okno sondy je obd\u013a\u017enikov\u00e9, dvojit\u00fd prvok (A yuan B yuan) v dlh\u0161om smere na oboch koncoch, ke\u010f telo z\u013eava doprava<br \/>\nAlebo sprava do\u013eava cez infra\u010derven\u00e9 spektrum, aby sa dosiahol du\u00e1lny \u010das, rozdiel vzdialenosti, \u010d\u00edm v\u00e4\u010d\u0161\u00ed je rozdiel, t\u00fdm citlivej\u0161ia indukcia, ke\u010f telo spredu k sonde<br \/>\nHlava alebo zhora nadol alebo zdola nahor, du\u00e1lny prvok nedok\u00e1\u017ee rozpozna\u0165 zmeny infra\u010dervenej spektr\u00e1lnej vzdialenosti, \u017eiadny rozdiel, tak\u017ee sn\u00edma\u010d je necitliv\u00fd alebo nefunguje; tak\u017ee sn\u00edma\u010d by mal by\u0165 in\u0161talovan\u00fd tak, aby smer sondy bol dvojit\u00fd a smer \u013eudskej \u010dinnosti \u010do najviac paraleln\u00fd, aby sa zabezpe\u010dilo, \u017ee telo pre\u0161lo<br \/>\nDvojprvkov\u00e1 induk\u010dn\u00e1 sonda. Aby sa zv\u00e4\u010d\u0161il rozsah sn\u00edmacieho uhla, tento modul pou\u017e\u00edva kruhov\u00fa \u0161o\u0161ovku, v\u010faka \u010domu s\u00fa \u0161tyri strany sondy citliv\u00e9, ale \u013eav\u00e1 a prav\u00e1 strana s\u00fa st\u00e1le citliv\u00e9.<br \/>\nAv\u0161ak v porovnan\u00ed s horn\u00fdm a doln\u00fdm smerom dvoch induk\u010dn\u00fdch rozsahov, citlivos\u0165ou, sa in\u0161tal\u00e1cia mus\u00ed st\u00e1le sna\u017ei\u0165 pod\u013ea vy\u0161\u0161ie uveden\u00fdch po\u017eiadaviek.<\/p>\n<p>Pri pou\u017e\u00edvan\u00ed by ste mali venova\u0165 pozornos\u0165 nasleduj\u00facim bodom:<br \/>\n1. jednosmern\u00e9 nap\u00e4tie mus\u00ed sp\u013a\u0148a\u0165 na\u0161e po\u017eiadavky, pr\u00edli\u0161 vysok\u00e9 a pr\u00edli\u0161 n\u00edzke ovplyvn\u00ed v\u00fdkon modulu, ale tie\u017e vy\u017eaduje, aby nap\u00e1jac\u00ed zdroj mal dobr\u00fd filter regul\u00e1tora, ako je nap\u00e1janie USB po\u010d\u00edta\u010da, nap\u00e1janie nab\u00edja\u010dky mobiln\u00e9ho telef\u00f3nu, star\u00e9 9V skladovan\u00e1 bat\u00e9ria Nie s\u00fa schopn\u00e9 splni\u0165 po\u017eiadavky na pr\u00e1cu modulu, odpor\u00fa\u010da sa, aby z\u00e1kazn\u00edci pou\u017e\u00edvali nap\u00e1jac\u00ed transform\u00e1tor a regul\u00e1tor cez trojp\u00f3lov\u00fd regul\u00e1tor nap\u00e4tia a potom cez nap\u00e1jac\u00ed zdroj kondenz\u00e1torov\u00e9ho filtra 220UF a 0,1UF.<\/p>\n<p>2. Hoci \u013eudsk\u00e9 telo nie je pred modulom, ale \u013eudsk\u00e9 telo z modulu je pr\u00edli\u0161 bl\u00edzko modulu m\u00f4\u017ee by\u0165 sp\u00f4soben\u00e9 aj v\u00fdstupom sn\u00edma\u010da, ako aj laden\u00edm \u013eudsk\u00e9ho tela nedot\u00fdkajte sa \u010dasti obvodu bude ovplyv\u0148uj\u00fa aj pr\u00e1cu modulu , Vedeckej\u0161\u00edm pr\u00edstupom je v\u00fdstup LED alebo multimetra, modul prikryt\u00fd novinami, \u013eudia opustia miestnos\u0165, tak\u017ee 2 min\u00faty, aby sa zistilo, \u010di modul bol alebo m\u00e1 v\u00fdstup?<\/p>\n<p>3.modul nepreber\u00e1 z\u00e1\u0165a\u017e, aby spr\u00e1vne fungoval, pripojen\u00fd k z\u00e1\u0165a\u017ei po pr\u00e1ci chaosu, jedn\u00fdm d\u00f4vodom je, \u017ee v\u00fdkonov\u00e1 kapacita je ve\u013emi mal\u00e1 spotreba energie z\u00e1\u0165a\u017ee, z\u00e1\u0165a\u017e sp\u00f4soben\u00e1 kol\u00edsan\u00edm nap\u00e4tia sp\u00f4soben\u00fdm poruchou modulu, druh\u00fdm d\u00f4vodom je za\u0165a\u017eenie Nap\u00e1janie bude ru\u0161i\u0165 pr\u00e1cu, ako s\u00fa rel\u00e9 alebo elektromagnety a in\u00e1 induk\u010dn\u00e1 z\u00e1\u0165a\u017e bude produkova\u0165 reverzn\u00fa elektromotorick\u00fa silu, emisiu 315 M<\/p>\n<p>&nbsp;<\/p>\n<p><img decoding=\"async\" src=\"https:\/\/ae01.alicdn.com\/kf\/HTB1F7FtaaL7gK0jSZFBq6xZZpXaf.jpg\" data-spm-anchor-id=\"a2g0o.detail.1000023.i1.1a366ff8EhE2sB\" \/><\/p>\n<p><img decoding=\"async\" src=\"https:\/\/ae01.alicdn.com\/kf\/HTB1OOVwaeH2gK0jSZJnq6yT1FXaI.jpg\" data-spm-anchor-id=\"a2g0o.detail.1000023.i2.1a366ff8EhE2sB\" \/><\/p>\n<p>&nbsp;<\/p>\n","protected":false},"excerpt":{"rendered":"<p>PIR HC-SR501 modul \u013eudsk\u00e9ho infra\u010derven\u00e9ho sn\u00edma\u010da obsahuj\u00faci \u0161o\u0161ovku &nbsp; Vlastnosti: 1. Automatick\u00e1 indukcia: Ke\u010f niekto vst\u00fapi do svojho induk\u010dn\u00e9ho rozsahu,&hellip;<\/p>\n","protected":false},"featured_media":1504,"template":"","meta":{"_monsterinsights_skip_tracking":false,"_monsterinsights_sitenote_active":false,"_monsterinsights_sitenote_note":"","_monsterinsights_sitenote_category":0},"product_cat":[16,74,69],"product_tag":[],"class_list":{"0":"post-1503","1":"product","2":"type-product","3":"status-publish","4":"has-post-thumbnail","6":"product_cat-ard","7":"product_cat-ir","8":"product_cat-sensors","10":"first","11":"instock","12":"shipping-taxable","13":"purchasable","14":"product-type-simple"},"yoast_head":"<!-- This site is optimized with the Yoast SEO plugin v23.6 - https:\/\/yoast.com\/wordpress\/plugins\/seo\/ -->\n<title>PIR HC-SR501 human infrared sensor module containing the lens - Arduino e-shop<\/title>\n<meta name=\"robots\" content=\"index, follow, max-snippet:-1, max-image-preview:large, max-video-preview:-1\" \/>\n<link rel=\"canonical\" href=\"https:\/\/www.onetimenexttime.sk\/arduino\/index.php\/produkt\/pir-hc-sr501-human-infrared-sensor-module-containing-the-lens\/\" \/>\n<meta property=\"og:locale\" content=\"sk_SK\" \/>\n<meta property=\"og:type\" content=\"article\" \/>\n<meta property=\"og:title\" content=\"PIR HC-SR501 human infrared sensor module containing the lens - Arduino e-shop\" \/>\n<meta property=\"og:description\" content=\"PIR HC-SR501 modul \u013eudsk\u00e9ho infra\u010derven\u00e9ho sn\u00edma\u010da obsahuj\u00faci \u0161o\u0161ovku &nbsp; Vlastnosti: 1. Automatick\u00e1 indukcia: Ke\u010f niekto vst\u00fapi do svojho induk\u010dn\u00e9ho rozsahu,&hellip;\" \/>\n<meta property=\"og:url\" content=\"https:\/\/www.onetimenexttime.sk\/arduino\/index.php\/produkt\/pir-hc-sr501-human-infrared-sensor-module-containing-the-lens\/\" \/>\n<meta property=\"og:site_name\" content=\"Arduino e-shop\" \/>\n<meta property=\"article:modified_time\" content=\"2021-11-17T07:30:11+00:00\" \/>\n<meta property=\"og:image\" content=\"https:\/\/www.onetimenexttime.sk\/arduino\/wp-content\/uploads\/2021\/11\/17931.jpg\" \/>\n\t<meta property=\"og:image:width\" content=\"528\" \/>\n\t<meta property=\"og:image:height\" content=\"530\" \/>\n\t<meta property=\"og:image:type\" content=\"image\/jpeg\" \/>\n<meta name=\"twitter:card\" content=\"summary_large_image\" \/>\n<meta name=\"twitter:label1\" content=\"Predpokladan\u00fd \u010das \u010d\u00edtania\" \/>\n\t<meta name=\"twitter:data1\" content=\"4 min\u00faty\" \/>\n<script type=\"application\/ld+json\" class=\"yoast-schema-graph\">{\"@context\":\"https:\/\/schema.org\",\"@graph\":[{\"@type\":\"WebPage\",\"@id\":\"https:\/\/www.onetimenexttime.sk\/arduino\/index.php\/produkt\/pir-hc-sr501-human-infrared-sensor-module-containing-the-lens\/\",\"url\":\"https:\/\/www.onetimenexttime.sk\/arduino\/index.php\/produkt\/pir-hc-sr501-human-infrared-sensor-module-containing-the-lens\/\",\"name\":\"PIR HC-SR501 human infrared sensor module containing the lens - Arduino e-shop\",\"isPartOf\":{\"@id\":\"https:\/\/www.onetimenexttime.sk\/arduino\/#website\"},\"primaryImageOfPage\":{\"@id\":\"https:\/\/www.onetimenexttime.sk\/arduino\/index.php\/produkt\/pir-hc-sr501-human-infrared-sensor-module-containing-the-lens\/#primaryimage\"},\"image\":{\"@id\":\"https:\/\/www.onetimenexttime.sk\/arduino\/index.php\/produkt\/pir-hc-sr501-human-infrared-sensor-module-containing-the-lens\/#primaryimage\"},\"thumbnailUrl\":\"https:\/\/www.onetimenexttime.sk\/arduino\/wp-content\/uploads\/2021\/11\/17931.jpg\",\"datePublished\":\"2021-11-17T06:44:25+00:00\",\"dateModified\":\"2021-11-17T07:30:11+00:00\",\"breadcrumb\":{\"@id\":\"https:\/\/www.onetimenexttime.sk\/arduino\/index.php\/produkt\/pir-hc-sr501-human-infrared-sensor-module-containing-the-lens\/#breadcrumb\"},\"inLanguage\":\"sk-SK\",\"potentialAction\":[{\"@type\":\"ReadAction\",\"target\":[\"https:\/\/www.onetimenexttime.sk\/arduino\/index.php\/produkt\/pir-hc-sr501-human-infrared-sensor-module-containing-the-lens\/\"]}]},{\"@type\":\"ImageObject\",\"inLanguage\":\"sk-SK\",\"@id\":\"https:\/\/www.onetimenexttime.sk\/arduino\/index.php\/produkt\/pir-hc-sr501-human-infrared-sensor-module-containing-the-lens\/#primaryimage\",\"url\":\"https:\/\/www.onetimenexttime.sk\/arduino\/wp-content\/uploads\/2021\/11\/17931.jpg\",\"contentUrl\":\"https:\/\/www.onetimenexttime.sk\/arduino\/wp-content\/uploads\/2021\/11\/17931.jpg\",\"width\":528,\"height\":530},{\"@type\":\"BreadcrumbList\",\"@id\":\"https:\/\/www.onetimenexttime.sk\/arduino\/index.php\/produkt\/pir-hc-sr501-human-infrared-sensor-module-containing-the-lens\/#breadcrumb\",\"itemListElement\":[{\"@type\":\"ListItem\",\"position\":1,\"name\":\"Domov\",\"item\":\"https:\/\/www.onetimenexttime.sk\/arduino\/\"},{\"@type\":\"ListItem\",\"position\":2,\"name\":\"Obchod\",\"item\":\"https:\/\/www.onetimenexttime.sk\/arduino\/\"},{\"@type\":\"ListItem\",\"position\":3,\"name\":\"PIR HC-SR501 human infrared sensor module containing the lens\"}]},{\"@type\":\"WebSite\",\"@id\":\"https:\/\/www.onetimenexttime.sk\/arduino\/#website\",\"url\":\"https:\/\/www.onetimenexttime.sk\/arduino\/\",\"name\":\"Arduino e-shop\",\"description\":\"Home Assistant\",\"potentialAction\":[{\"@type\":\"SearchAction\",\"target\":{\"@type\":\"EntryPoint\",\"urlTemplate\":\"https:\/\/www.onetimenexttime.sk\/arduino\/?s={search_term_string}\"},\"query-input\":{\"@type\":\"PropertyValueSpecification\",\"valueRequired\":true,\"valueName\":\"search_term_string\"}}],\"inLanguage\":\"sk-SK\"}]}<\/script>\n<!-- \/ Yoast SEO plugin. -->","yoast_head_json":{"title":"PIR HC-SR501 human infrared sensor module containing the lens - Arduino e-shop","robots":{"index":"index","follow":"follow","max-snippet":"max-snippet:-1","max-image-preview":"max-image-preview:large","max-video-preview":"max-video-preview:-1"},"canonical":"https:\/\/www.onetimenexttime.sk\/arduino\/index.php\/produkt\/pir-hc-sr501-human-infrared-sensor-module-containing-the-lens\/","og_locale":"sk_SK","og_type":"article","og_title":"PIR HC-SR501 human infrared sensor module containing the lens - Arduino e-shop","og_description":"PIR HC-SR501 modul \u013eudsk\u00e9ho infra\u010derven\u00e9ho sn\u00edma\u010da obsahuj\u00faci \u0161o\u0161ovku &nbsp; Vlastnosti: 1. Automatick\u00e1 indukcia: Ke\u010f niekto vst\u00fapi do svojho induk\u010dn\u00e9ho rozsahu,&hellip;","og_url":"https:\/\/www.onetimenexttime.sk\/arduino\/index.php\/produkt\/pir-hc-sr501-human-infrared-sensor-module-containing-the-lens\/","og_site_name":"Arduino e-shop","article_modified_time":"2021-11-17T07:30:11+00:00","og_image":[{"width":528,"height":530,"url":"https:\/\/www.onetimenexttime.sk\/arduino\/wp-content\/uploads\/2021\/11\/17931.jpg","type":"image\/jpeg"}],"twitter_card":"summary_large_image","twitter_misc":{"Predpokladan\u00fd \u010das \u010d\u00edtania":"4 min\u00faty"},"schema":{"@context":"https:\/\/schema.org","@graph":[{"@type":"WebPage","@id":"https:\/\/www.onetimenexttime.sk\/arduino\/index.php\/produkt\/pir-hc-sr501-human-infrared-sensor-module-containing-the-lens\/","url":"https:\/\/www.onetimenexttime.sk\/arduino\/index.php\/produkt\/pir-hc-sr501-human-infrared-sensor-module-containing-the-lens\/","name":"PIR HC-SR501 human infrared sensor module containing the lens - Arduino e-shop","isPartOf":{"@id":"https:\/\/www.onetimenexttime.sk\/arduino\/#website"},"primaryImageOfPage":{"@id":"https:\/\/www.onetimenexttime.sk\/arduino\/index.php\/produkt\/pir-hc-sr501-human-infrared-sensor-module-containing-the-lens\/#primaryimage"},"image":{"@id":"https:\/\/www.onetimenexttime.sk\/arduino\/index.php\/produkt\/pir-hc-sr501-human-infrared-sensor-module-containing-the-lens\/#primaryimage"},"thumbnailUrl":"https:\/\/www.onetimenexttime.sk\/arduino\/wp-content\/uploads\/2021\/11\/17931.jpg","datePublished":"2021-11-17T06:44:25+00:00","dateModified":"2021-11-17T07:30:11+00:00","breadcrumb":{"@id":"https:\/\/www.onetimenexttime.sk\/arduino\/index.php\/produkt\/pir-hc-sr501-human-infrared-sensor-module-containing-the-lens\/#breadcrumb"},"inLanguage":"sk-SK","potentialAction":[{"@type":"ReadAction","target":["https:\/\/www.onetimenexttime.sk\/arduino\/index.php\/produkt\/pir-hc-sr501-human-infrared-sensor-module-containing-the-lens\/"]}]},{"@type":"ImageObject","inLanguage":"sk-SK","@id":"https:\/\/www.onetimenexttime.sk\/arduino\/index.php\/produkt\/pir-hc-sr501-human-infrared-sensor-module-containing-the-lens\/#primaryimage","url":"https:\/\/www.onetimenexttime.sk\/arduino\/wp-content\/uploads\/2021\/11\/17931.jpg","contentUrl":"https:\/\/www.onetimenexttime.sk\/arduino\/wp-content\/uploads\/2021\/11\/17931.jpg","width":528,"height":530},{"@type":"BreadcrumbList","@id":"https:\/\/www.onetimenexttime.sk\/arduino\/index.php\/produkt\/pir-hc-sr501-human-infrared-sensor-module-containing-the-lens\/#breadcrumb","itemListElement":[{"@type":"ListItem","position":1,"name":"Domov","item":"https:\/\/www.onetimenexttime.sk\/arduino\/"},{"@type":"ListItem","position":2,"name":"Obchod","item":"https:\/\/www.onetimenexttime.sk\/arduino\/"},{"@type":"ListItem","position":3,"name":"PIR HC-SR501 human infrared sensor module containing the lens"}]},{"@type":"WebSite","@id":"https:\/\/www.onetimenexttime.sk\/arduino\/#website","url":"https:\/\/www.onetimenexttime.sk\/arduino\/","name":"Arduino e-shop","description":"Home Assistant","potentialAction":[{"@type":"SearchAction","target":{"@type":"EntryPoint","urlTemplate":"https:\/\/www.onetimenexttime.sk\/arduino\/?s={search_term_string}"},"query-input":{"@type":"PropertyValueSpecification","valueRequired":true,"valueName":"search_term_string"}}],"inLanguage":"sk-SK"}]}},"_links":{"self":[{"href":"https:\/\/www.onetimenexttime.sk\/arduino\/index.php\/wp-json\/wp\/v2\/product\/1503"}],"collection":[{"href":"https:\/\/www.onetimenexttime.sk\/arduino\/index.php\/wp-json\/wp\/v2\/product"}],"about":[{"href":"https:\/\/www.onetimenexttime.sk\/arduino\/index.php\/wp-json\/wp\/v2\/types\/product"}],"wp:featuredmedia":[{"embeddable":true,"href":"https:\/\/www.onetimenexttime.sk\/arduino\/index.php\/wp-json\/wp\/v2\/media\/1504"}],"wp:attachment":[{"href":"https:\/\/www.onetimenexttime.sk\/arduino\/index.php\/wp-json\/wp\/v2\/media?parent=1503"}],"wp:term":[{"taxonomy":"product_cat","embeddable":true,"href":"https:\/\/www.onetimenexttime.sk\/arduino\/index.php\/wp-json\/wp\/v2\/product_cat?post=1503"},{"taxonomy":"product_tag","embeddable":true,"href":"https:\/\/www.onetimenexttime.sk\/arduino\/index.php\/wp-json\/wp\/v2\/product_tag?post=1503"}],"curies":[{"name":"wp","href":"https:\/\/api.w.org\/{rel}","templated":true}]}}