{"id":1455,"date":"2021-11-16T17:03:26","date_gmt":"2021-11-16T16:03:26","guid":{"rendered":"https:\/\/www.onetimenexttime.sk\/arduino\/?post_type=product&#038;p=1455"},"modified":"2024-02-22T18:03:07","modified_gmt":"2024-02-22T17:03:07","slug":"analog-drum-simulate-piezoelectric-ceramic-vibration-sensor-for-arduino","status":"publish","type":"product","link":"https:\/\/www.onetimenexttime.sk\/arduino\/index.php\/produkt\/analog-drum-simulate-piezoelectric-ceramic-vibration-sensor-for-arduino\/","title":{"rendered":"Analog Drum Simulate Piezoelectric Ceramic Vibration Sensor for Arduino"},"content":{"rendered":"<h2>Analogov\u00fd senzor vibr\u00e1ci\u00ed s keramick\u00fdm piezoelektrick\u00fdm sn\u00edma\u010dom na simul\u00e1ciu buben\u00edckych \u00faderov pre Arduino.<\/h2>\n<h1><\/h1>\n<table>\n<tbody>\n<tr>\n<th>Popis<\/th>\n<td>Piezoelektrick\u00fd keramick\u00fd senzor vibr\u00e1ci\u00ed je senzor, ktor\u00fd dok\u00e1\u017ee detekova\u0165 vibr\u00e1cie alebo n\u00e1razy. Pou\u017e\u00edva sa najm\u00e4 na simul\u00e1ciu bic\u00edch n\u00e1strojov alebo na detekciu vibr\u00e1ci\u00ed v r\u00f4znych aplik\u00e1ci\u00e1ch. Senzor je kompatibiln\u00fd s platformou Arduino.<\/td>\n<\/tr>\n<tr>\n<th>Vlastnosti<\/th>\n<td>\n<ul>\n<li>Piezoelektrick\u00fd senzor na detekciu vibr\u00e1ci\u00ed<\/li>\n<li>Pou\u017e\u00edva sa na simul\u00e1ciu bic\u00edch n\u00e1strojov<\/li>\n<li>Kompatibiln\u00fd s platformou Arduino<\/li>\n<li>Jednoduch\u00e1 integr\u00e1cia a pou\u017eitie<\/li>\n<\/ul>\n<\/td>\n<\/tr>\n<tr>\n<th>\u0160pecifik\u00e1cie<\/th>\n<td>\n<ul>\n<li>Rozsah nap\u00e4tia: 0V &#8211; 5V<\/li>\n<li>Pracovn\u00fd pr\u00fad: &lt; 1mA<\/li>\n<li>Rozmery: 18mm x 14mm<\/li>\n<li>K\u00e1bel d\u013a\u017eka: 15cm<\/li>\n<\/ul>\n<\/td>\n<\/tr>\n<tr>\n<th>Pr\u00edklady pou\u017eitia<\/th>\n<td>Piezoelektrick\u00fd senzor na detekciu vibr\u00e1ci\u00ed sa \u010dasto pou\u017e\u00edva na simul\u00e1ciu bic\u00edch n\u00e1strojov v elektronick\u00fdch hudobn\u00fdch projektoch alebo na detekciu n\u00e1razov v syst\u00e9moch alarmov a monitorovania.<\/td>\n<\/tr>\n<tr>\n<th>Pr\u00edkladov\u00fd k\u00f3d pre Arduino<\/th>\n<td><code><code><br \/>\nconst int sensorPin = A0; \/\/ Pin, na ktorom je pripojen\u00fd senzor<br \/>\nint sensorValue = 0;     \/\/ Premenn\u00e1 pre ulo\u017eenie hodnoty zo senzora<\/code><\/code>void setup() {<br \/>\nSerial.begin(9600); \/\/ Inicializ\u00e1cia s\u00e9riovej komunik\u00e1cie<br \/>\n}<\/p>\n<p><code><code><\/code><\/code>void loop() {<br \/>\nsensorValue = analogRead(sensorPin); \/\/ \u010c\u00edtanie hodnoty zo senzora<br \/>\nSerial.println(sensorValue); \/\/ V\u00fdpis hodnoty na s\u00e9riov\u00fa linku<br \/>\ndelay(1000); \/\/ Pauza 1 sekunda<br \/>\n}<\/td>\n<\/tr>\n<tr>\n<th>Pr\u00edkladov\u00fd k\u00f3d pre ESPHome<\/th>\n<td><code><code><br \/>\nesphome:<br \/>\nname: vibration_sensor<br \/>\nplatform: ESP8266<br \/>\nboard: nodemcuv2<\/code><\/code>wifi:<br \/>\nssid: &#8220;YOUR_WIFI_SSID&#8221;<br \/>\npassword: &#8220;YOUR_WIFI_PASSWORD&#8221;<\/p>\n<p><code><code><\/code><\/code>logger:<\/p>\n<p><code><code><\/code><\/code>ota:<\/p>\n<p><code><code><\/code><\/code>sensor:<br \/>\n&#8211; platform: adc<br \/>\npin: A0<br \/>\nname: &#8220;Vibration Sensor&#8221;<br \/>\nupdate_interval: 1s<\/td>\n<\/tr>\n<\/tbody>\n<\/table>\n<p><button>Kop\u00edrova\u0165 k\u00f3d<\/button><\/p>\n<h2>Anal\u00f3gov\u00fd bubon simuluj\u00faci piezoelektrick\u00fd keramick\u00fd vibra\u010dn\u00fd senzor pre Arduino<\/h2>\n<p>&nbsp;<\/p>\n<p>Anal\u00f3gov\u00fd piezoelektrick\u00fd keramick\u00fd vibra\u010dn\u00fd sn\u00edma\u010d WAVGAT zalo\u017een\u00fd na anal\u00f3govom piezoelektrickom keramickom \u010dipe vyu\u017e\u00edva anti-transforma\u010dn\u00fd proces piezoelektrickej keramiky, v\u010faka \u010domu elektrick\u00e9 sign\u00e1ly vibruj\u00fa. Ke\u010f piezoelektrick\u00fd keramick\u00fd \u010dip vibruje, sign\u00e1lny termin\u00e1l sn\u00edma\u010da bude generova\u0165 elektrick\u00e9 sign\u00e1ly. Sn\u00edma\u010d je mo\u017en\u00e9 pou\u017ei\u0165 so \u0161peci\u00e1lnym \u0161t\u00edtom sn\u00edma\u010da Arduino a anal\u00f3gov\u00fd port Arduino dok\u00e1\u017ee vn\u00edma\u0165 slab\u00e9 vibra\u010dn\u00e9 sign\u00e1ly, tak\u017ee m\u00f4\u017ee pracova\u0165 s interakt\u00edvnymi pr\u00e1cami s\u00favisiacimi s vibr\u00e1ciami, ako je napr\u00edklad interakt\u00edvna pr\u00e1ca s elektronick\u00fdm bubnom. Pripojte anal\u00f3gov\u00fd nap\u00e4\u0165ov\u00fd keramick\u00fd sn\u00edma\u010d vibr\u00e1ci\u00ed k anal\u00f3gov\u00e9mu portu A0 ovl\u00e1da\u010da Arduino UNO v s\u00falade s postupom, potom sledujte v\u00fdstupn\u00fa hodnotu s\u00e9riov\u00e9ho portu, ke\u010f je stupe\u0148 vibr\u00e1ci\u00ed in\u00fd, m\u00f4\u017ee realizova\u0165 interakt\u00edvne pr\u00e1ce s\u00favisiace s vibr\u00e1ciami.<\/p>\n<p>&nbsp;<\/p>\n<p><strong>\u0160pecifik\u00e1cia<\/strong><\/p>\n<p>Nap\u00e1jacie nap\u00e4tie: 3,3V a\u017e 5V<\/p>\n<p>Pracovn\u00fd pr\u00fad: &lt; 1 mA<\/p>\n<p>Rozsah pracovn\u00fdch tepl\u00f4t: -10\u00b0\uff5e\uff0b70\u00b0<\/p>\n<p>V\u00fdstupn\u00fd sign\u00e1l: anal\u00f3gov\u00fd sign\u00e1l<\/p>\n<p><img loading=\"lazy\" decoding=\"async\" src=\"https:\/\/wiki.keyestudio.com\/images\/4\/46\/Ks0272.png\" alt=\"thumb\" width=\"481\" height=\"287\" \/><\/p>\n<p><strong>Sample Code<\/strong><\/p>\n<pre><span style=\"color: #993366;\">void setup()\r\n{\r\nSerial.begin(9600); \/\/Open the serial to set the baud rate for 9600bps\r\n}\r\nvoid loop()\r\n{\r\nint val;\r\nval=analogRead(0); \/\/Connect the analog piezoelectric ceramic vibration sensor to analog interface 0\r\nSerial.print(\"Vibration is \");\r\nSerial.println(val,DEC);\/\/Print the analog value read via serial port\r\ndelay(100);\r\n}<\/span><\/pre>\n<p><strong>V\u00fdsledok<\/strong><\/p>\n<p>Zapojenie pod\u013ea vy\u0161\u0161ie uveden\u00e9ho diagramu a vyp\u00e1lenie k\u00f3du, po zapnut\u00ed otvorte s\u00e9riov\u00fd monitor, potom nastavte prenosov\u00fa r\u00fdchlos\u0165 na 9600 a zavibrujte keramick\u00fd \u010dip, ako je zn\u00e1zornen\u00e9 na grafe ni\u017e\u0161ie.<\/p>\n","protected":false},"excerpt":{"rendered":"<p>Analogov\u00fd senzor vibr\u00e1ci\u00ed s keramick\u00fdm piezoelektrick\u00fdm sn\u00edma\u010dom na simul\u00e1ciu buben\u00edckych \u00faderov pre Arduino. Popis Piezoelektrick\u00fd keramick\u00fd senzor vibr\u00e1ci\u00ed je senzor,&hellip;<\/p>\n","protected":false},"featured_media":1456,"template":"","meta":{"_monsterinsights_skip_tracking":false,"_monsterinsights_sitenote_active":false,"_monsterinsights_sitenote_note":"","_monsterinsights_sitenote_category":0},"product_cat":[16,69,71],"product_tag":[],"class_list":{"0":"post-1455","1":"product","2":"type-product","3":"status-publish","4":"has-post-thumbnail","6":"product_cat-ard","7":"product_cat-sensors","8":"product_cat-vibracie","10":"first","11":"instock","12":"shipping-taxable","13":"purchasable","14":"product-type-simple"},"yoast_head":"<!-- This site is optimized with the Yoast SEO plugin v23.6 - https:\/\/yoast.com\/wordpress\/plugins\/seo\/ -->\n<title>Analog Drum Simulate Piezoelectric Ceramic Vibration Sensor for Arduino - Arduino e-shop<\/title>\n<meta name=\"robots\" content=\"index, follow, max-snippet:-1, max-image-preview:large, max-video-preview:-1\" \/>\n<link rel=\"canonical\" href=\"https:\/\/www.onetimenexttime.sk\/arduino\/index.php\/produkt\/analog-drum-simulate-piezoelectric-ceramic-vibration-sensor-for-arduino\/\" \/>\n<meta property=\"og:locale\" content=\"sk_SK\" \/>\n<meta property=\"og:type\" content=\"article\" \/>\n<meta property=\"og:title\" content=\"Analog Drum Simulate Piezoelectric Ceramic Vibration Sensor for Arduino - Arduino e-shop\" \/>\n<meta property=\"og:description\" content=\"Analogov\u00fd senzor vibr\u00e1ci\u00ed s keramick\u00fdm piezoelektrick\u00fdm sn\u00edma\u010dom na simul\u00e1ciu buben\u00edckych \u00faderov pre Arduino. Popis Piezoelektrick\u00fd keramick\u00fd senzor vibr\u00e1ci\u00ed je senzor,&hellip;\" \/>\n<meta property=\"og:url\" content=\"https:\/\/www.onetimenexttime.sk\/arduino\/index.php\/produkt\/analog-drum-simulate-piezoelectric-ceramic-vibration-sensor-for-arduino\/\" \/>\n<meta property=\"og:site_name\" content=\"Arduino e-shop\" \/>\n<meta property=\"article:modified_time\" content=\"2024-02-22T17:03:07+00:00\" \/>\n<meta property=\"og:image\" content=\"https:\/\/www.onetimenexttime.sk\/arduino\/wp-content\/uploads\/2021\/11\/17945.jpg\" \/>\n\t<meta property=\"og:image:width\" content=\"522\" \/>\n\t<meta property=\"og:image:height\" content=\"523\" \/>\n\t<meta property=\"og:image:type\" content=\"image\/jpeg\" \/>\n<meta name=\"twitter:card\" content=\"summary_large_image\" \/>\n<meta name=\"twitter:label1\" content=\"Predpokladan\u00fd \u010das \u010d\u00edtania\" \/>\n\t<meta name=\"twitter:data1\" content=\"2 min\u00faty\" \/>\n<script type=\"application\/ld+json\" class=\"yoast-schema-graph\">{\"@context\":\"https:\/\/schema.org\",\"@graph\":[{\"@type\":\"WebPage\",\"@id\":\"https:\/\/www.onetimenexttime.sk\/arduino\/index.php\/produkt\/analog-drum-simulate-piezoelectric-ceramic-vibration-sensor-for-arduino\/\",\"url\":\"https:\/\/www.onetimenexttime.sk\/arduino\/index.php\/produkt\/analog-drum-simulate-piezoelectric-ceramic-vibration-sensor-for-arduino\/\",\"name\":\"Analog Drum Simulate Piezoelectric Ceramic Vibration Sensor for Arduino - Arduino e-shop\",\"isPartOf\":{\"@id\":\"https:\/\/www.onetimenexttime.sk\/arduino\/#website\"},\"primaryImageOfPage\":{\"@id\":\"https:\/\/www.onetimenexttime.sk\/arduino\/index.php\/produkt\/analog-drum-simulate-piezoelectric-ceramic-vibration-sensor-for-arduino\/#primaryimage\"},\"image\":{\"@id\":\"https:\/\/www.onetimenexttime.sk\/arduino\/index.php\/produkt\/analog-drum-simulate-piezoelectric-ceramic-vibration-sensor-for-arduino\/#primaryimage\"},\"thumbnailUrl\":\"https:\/\/www.onetimenexttime.sk\/arduino\/wp-content\/uploads\/2021\/11\/17945.jpg\",\"datePublished\":\"2021-11-16T16:03:26+00:00\",\"dateModified\":\"2024-02-22T17:03:07+00:00\",\"breadcrumb\":{\"@id\":\"https:\/\/www.onetimenexttime.sk\/arduino\/index.php\/produkt\/analog-drum-simulate-piezoelectric-ceramic-vibration-sensor-for-arduino\/#breadcrumb\"},\"inLanguage\":\"sk-SK\",\"potentialAction\":[{\"@type\":\"ReadAction\",\"target\":[\"https:\/\/www.onetimenexttime.sk\/arduino\/index.php\/produkt\/analog-drum-simulate-piezoelectric-ceramic-vibration-sensor-for-arduino\/\"]}]},{\"@type\":\"ImageObject\",\"inLanguage\":\"sk-SK\",\"@id\":\"https:\/\/www.onetimenexttime.sk\/arduino\/index.php\/produkt\/analog-drum-simulate-piezoelectric-ceramic-vibration-sensor-for-arduino\/#primaryimage\",\"url\":\"https:\/\/www.onetimenexttime.sk\/arduino\/wp-content\/uploads\/2021\/11\/17945.jpg\",\"contentUrl\":\"https:\/\/www.onetimenexttime.sk\/arduino\/wp-content\/uploads\/2021\/11\/17945.jpg\",\"width\":522,\"height\":523},{\"@type\":\"BreadcrumbList\",\"@id\":\"https:\/\/www.onetimenexttime.sk\/arduino\/index.php\/produkt\/analog-drum-simulate-piezoelectric-ceramic-vibration-sensor-for-arduino\/#breadcrumb\",\"itemListElement\":[{\"@type\":\"ListItem\",\"position\":1,\"name\":\"Domov\",\"item\":\"https:\/\/www.onetimenexttime.sk\/arduino\/\"},{\"@type\":\"ListItem\",\"position\":2,\"name\":\"Obchod\",\"item\":\"https:\/\/www.onetimenexttime.sk\/arduino\/\"},{\"@type\":\"ListItem\",\"position\":3,\"name\":\"Analog Drum Simulate Piezoelectric Ceramic Vibration Sensor for Arduino\"}]},{\"@type\":\"WebSite\",\"@id\":\"https:\/\/www.onetimenexttime.sk\/arduino\/#website\",\"url\":\"https:\/\/www.onetimenexttime.sk\/arduino\/\",\"name\":\"Arduino e-shop\",\"description\":\"Home Assistant\",\"potentialAction\":[{\"@type\":\"SearchAction\",\"target\":{\"@type\":\"EntryPoint\",\"urlTemplate\":\"https:\/\/www.onetimenexttime.sk\/arduino\/?s={search_term_string}\"},\"query-input\":{\"@type\":\"PropertyValueSpecification\",\"valueRequired\":true,\"valueName\":\"search_term_string\"}}],\"inLanguage\":\"sk-SK\"}]}<\/script>\n<!-- \/ Yoast SEO plugin. -->","yoast_head_json":{"title":"Analog Drum Simulate Piezoelectric Ceramic Vibration Sensor for Arduino - Arduino e-shop","robots":{"index":"index","follow":"follow","max-snippet":"max-snippet:-1","max-image-preview":"max-image-preview:large","max-video-preview":"max-video-preview:-1"},"canonical":"https:\/\/www.onetimenexttime.sk\/arduino\/index.php\/produkt\/analog-drum-simulate-piezoelectric-ceramic-vibration-sensor-for-arduino\/","og_locale":"sk_SK","og_type":"article","og_title":"Analog Drum Simulate Piezoelectric Ceramic Vibration Sensor for Arduino - Arduino e-shop","og_description":"Analogov\u00fd senzor vibr\u00e1ci\u00ed s keramick\u00fdm piezoelektrick\u00fdm sn\u00edma\u010dom na simul\u00e1ciu buben\u00edckych \u00faderov pre Arduino. Popis Piezoelektrick\u00fd keramick\u00fd senzor vibr\u00e1ci\u00ed je senzor,&hellip;","og_url":"https:\/\/www.onetimenexttime.sk\/arduino\/index.php\/produkt\/analog-drum-simulate-piezoelectric-ceramic-vibration-sensor-for-arduino\/","og_site_name":"Arduino e-shop","article_modified_time":"2024-02-22T17:03:07+00:00","og_image":[{"width":522,"height":523,"url":"https:\/\/www.onetimenexttime.sk\/arduino\/wp-content\/uploads\/2021\/11\/17945.jpg","type":"image\/jpeg"}],"twitter_card":"summary_large_image","twitter_misc":{"Predpokladan\u00fd \u010das \u010d\u00edtania":"2 min\u00faty"},"schema":{"@context":"https:\/\/schema.org","@graph":[{"@type":"WebPage","@id":"https:\/\/www.onetimenexttime.sk\/arduino\/index.php\/produkt\/analog-drum-simulate-piezoelectric-ceramic-vibration-sensor-for-arduino\/","url":"https:\/\/www.onetimenexttime.sk\/arduino\/index.php\/produkt\/analog-drum-simulate-piezoelectric-ceramic-vibration-sensor-for-arduino\/","name":"Analog Drum Simulate Piezoelectric Ceramic Vibration Sensor for Arduino - Arduino e-shop","isPartOf":{"@id":"https:\/\/www.onetimenexttime.sk\/arduino\/#website"},"primaryImageOfPage":{"@id":"https:\/\/www.onetimenexttime.sk\/arduino\/index.php\/produkt\/analog-drum-simulate-piezoelectric-ceramic-vibration-sensor-for-arduino\/#primaryimage"},"image":{"@id":"https:\/\/www.onetimenexttime.sk\/arduino\/index.php\/produkt\/analog-drum-simulate-piezoelectric-ceramic-vibration-sensor-for-arduino\/#primaryimage"},"thumbnailUrl":"https:\/\/www.onetimenexttime.sk\/arduino\/wp-content\/uploads\/2021\/11\/17945.jpg","datePublished":"2021-11-16T16:03:26+00:00","dateModified":"2024-02-22T17:03:07+00:00","breadcrumb":{"@id":"https:\/\/www.onetimenexttime.sk\/arduino\/index.php\/produkt\/analog-drum-simulate-piezoelectric-ceramic-vibration-sensor-for-arduino\/#breadcrumb"},"inLanguage":"sk-SK","potentialAction":[{"@type":"ReadAction","target":["https:\/\/www.onetimenexttime.sk\/arduino\/index.php\/produkt\/analog-drum-simulate-piezoelectric-ceramic-vibration-sensor-for-arduino\/"]}]},{"@type":"ImageObject","inLanguage":"sk-SK","@id":"https:\/\/www.onetimenexttime.sk\/arduino\/index.php\/produkt\/analog-drum-simulate-piezoelectric-ceramic-vibration-sensor-for-arduino\/#primaryimage","url":"https:\/\/www.onetimenexttime.sk\/arduino\/wp-content\/uploads\/2021\/11\/17945.jpg","contentUrl":"https:\/\/www.onetimenexttime.sk\/arduino\/wp-content\/uploads\/2021\/11\/17945.jpg","width":522,"height":523},{"@type":"BreadcrumbList","@id":"https:\/\/www.onetimenexttime.sk\/arduino\/index.php\/produkt\/analog-drum-simulate-piezoelectric-ceramic-vibration-sensor-for-arduino\/#breadcrumb","itemListElement":[{"@type":"ListItem","position":1,"name":"Domov","item":"https:\/\/www.onetimenexttime.sk\/arduino\/"},{"@type":"ListItem","position":2,"name":"Obchod","item":"https:\/\/www.onetimenexttime.sk\/arduino\/"},{"@type":"ListItem","position":3,"name":"Analog Drum Simulate Piezoelectric Ceramic Vibration Sensor for Arduino"}]},{"@type":"WebSite","@id":"https:\/\/www.onetimenexttime.sk\/arduino\/#website","url":"https:\/\/www.onetimenexttime.sk\/arduino\/","name":"Arduino e-shop","description":"Home Assistant","potentialAction":[{"@type":"SearchAction","target":{"@type":"EntryPoint","urlTemplate":"https:\/\/www.onetimenexttime.sk\/arduino\/?s={search_term_string}"},"query-input":{"@type":"PropertyValueSpecification","valueRequired":true,"valueName":"search_term_string"}}],"inLanguage":"sk-SK"}]}},"_links":{"self":[{"href":"https:\/\/www.onetimenexttime.sk\/arduino\/index.php\/wp-json\/wp\/v2\/product\/1455"}],"collection":[{"href":"https:\/\/www.onetimenexttime.sk\/arduino\/index.php\/wp-json\/wp\/v2\/product"}],"about":[{"href":"https:\/\/www.onetimenexttime.sk\/arduino\/index.php\/wp-json\/wp\/v2\/types\/product"}],"wp:featuredmedia":[{"embeddable":true,"href":"https:\/\/www.onetimenexttime.sk\/arduino\/index.php\/wp-json\/wp\/v2\/media\/1456"}],"wp:attachment":[{"href":"https:\/\/www.onetimenexttime.sk\/arduino\/index.php\/wp-json\/wp\/v2\/media?parent=1455"}],"wp:term":[{"taxonomy":"product_cat","embeddable":true,"href":"https:\/\/www.onetimenexttime.sk\/arduino\/index.php\/wp-json\/wp\/v2\/product_cat?post=1455"},{"taxonomy":"product_tag","embeddable":true,"href":"https:\/\/www.onetimenexttime.sk\/arduino\/index.php\/wp-json\/wp\/v2\/product_tag?post=1455"}],"curies":[{"name":"wp","href":"https:\/\/api.w.org\/{rel}","templated":true}]}}