{"id":1438,"date":"2021-11-16T05:15:25","date_gmt":"2021-11-16T04:15:25","guid":{"rendered":"https:\/\/www.onetimenexttime.sk\/arduino\/?post_type=product&#038;p=1438"},"modified":"2021-11-17T14:51:43","modified_gmt":"2021-11-17T13:51:43","slug":"ky-003-standard-hall-magnetic-sensor-module-for-arduino-avr-smart-cars","status":"publish","type":"product","link":"https:\/\/www.onetimenexttime.sk\/arduino\/index.php\/produkt\/ky-003-standard-hall-magnetic-sensor-module-for-arduino-avr-smart-cars\/","title":{"rendered":"KY-003 Standard Hall Magnetic Sensor Module for Arduino AVR Smart Cars"},"content":{"rendered":"<h2>KY-003 \u0160tandardn\u00fd Hallov modul magnetick\u00e9ho senzora pre Arduino AVR Smart Cars<\/h2>\n<p><strong>Popis:<\/strong><br \/>\nModel: KY-003<br \/>\nMagnetick\u00e1, r\u00fdchlostn\u00e1, medzerov\u00e1 indukcia<br \/>\nVhodn\u00e9 pre DIY projekt<br \/>\nPracovn\u00e9 nap\u00e4tie: DC 5V<br \/>\nMateri\u00e1l: PCB<br \/>\nFunkcia:<br \/>\nMal\u00e1 ve\u013ekos\u0165 a vysok\u00e1 citlivos\u0165. R\u00fdchla odozva teploty a dobr\u00fd v\u00fdkon. Presnos\u0165 a vysok\u00e1 spo\u013eahlivos\u0165<br \/>\nHallov princ\u00edp Hallovho princ\u00edpu IC sp\u00edna\u010da s Hallov\u00fdm efektom vyu\u017e\u00edvaj\u00faci technol\u00f3giu na v\u00fdrobu magnetick\u00e9ho polovodi\u010dov\u00e9ho integrovan\u00e9ho obvodu, ktor\u00fd je ur\u010den\u00fd regul\u00e1torom nap\u00e4tia, Hallov\u00fdm gener\u00e1torom nap\u00e4tia, diferenci\u00e1lnym zosil\u0148ova\u010dom, Schmidtov\u00fdm sp\u00fa\u0161\u0165a\u010dom, obvodom teplotnej kompenz\u00e1cie a v\u00fdstupn\u00fdm stup\u0148om s otvoren\u00fdm obvodom kolektorovej elektr\u00f3dy, ktor\u00fd pozost\u00e1va z magnetick\u00fd sn\u00edmac\u00ed obvod, vstup pre hustotu magnetick\u00e9ho toku, v\u00fdstup je digit\u00e1lny nap\u00e4\u0165ov\u00fd sign\u00e1l.<br \/>\nTieto \u00fasekov\u00e9 r\u00farkov\u00e9 nohy s \u010disto c\u00ednovou v\u00fdrobou, kompletn\u00fd model je 3144EUA-S alebo 3144LUA-S.<br \/>\n<strong>Typick\u00e1 aplik\u00e1cia:<\/strong><br \/>\nBezdotykov\u00fd sp\u00edna\u010d<br \/>\nZapa\u013eovanie auta<br \/>\nBrzdov\u00fd okruh<br \/>\nDetekcia polohy, r\u00fdchlosti a kontrola<br \/>\nBezpe\u010dnostn\u00e9 popla\u0161n\u00e9 zariadenie<br \/>\nTextiln\u00fd riadiaci syst\u00e9m<\/p>\n<h2>Hallov magnetick\u00fd senzorov\u00fd modul KY-003<\/h2>\n<p>&nbsp;<\/p>\n<p><strong>Vlastnosti produktu<\/strong><br \/>\nIntegrovan\u00fd obvod Hallovho sp\u00edna\u010da vyu\u017e\u00edvaj\u00faci princ\u00edp Hallovho efektu<br \/>\nPOU\u017d\u00cdVA Polovodi\u010dov\u00fa integrovan\u00fa technol\u00f3giu na v\u00fdrobu magnetickej susceptibility obvodu<br \/>\nJeho vstup Pre intenzitu magnetickej indukcie je v\u00fdstupom digit\u00e1lny nap\u00e4\u0165ov\u00fd sign\u00e1l<br \/>\n1. Bezkontaktn\u00fd sp\u00edna\u010d<br \/>\n2. Integrovan\u00fd obvod Hallovho sp\u00edna\u010da vyu\u017e\u00edvaj\u00faci princ\u00edp Hallovho efektu,<br \/>\n3. POU\u017d\u00cdVA Polovodi\u010dov\u00fa integrovan\u00fa technol\u00f3giu na v\u00fdrobu magnetickej susceptibility obvodu,<br \/>\n4. Ide o regul\u00e1tor nap\u00e4tia, Hallov gener\u00e1tor nap\u00e4tia, diferenci\u00e1lny zosil\u0148ova\u010d, Schmidtove sp\u00fa\u0161\u0165a\u010de, teplotn\u00fa kompenz\u00e1ciu a obvod v\u00fdstupn\u00e9ho stup\u0148a s otvoren\u00fdm kolektorom zlo\u017een\u00fd z obvodu citliv\u00e9ho na magnetick\u00fd senzor<br \/>\n5. Jeho vstup Pre intenzitu magnetickej indukcie je v\u00fdstupom digit\u00e1lny nap\u00e4\u0165ov\u00fd sign\u00e1l<\/p>\n<p><strong>Popis:<\/strong><\/p>\n<p>Pracovn\u00e9 nap\u00e4tie: 4,5V-24V<\/p>\n<p>S\u00e9ria 3144, integrovan\u00fd obvod Hallovho sp\u00edna\u010da vyu\u017e\u00edvaj\u00faci princ\u00edp Hallovho efektu, POU\u017d\u00cdVA polovodi\u010dov\u00fa integrovan\u00fa technol\u00f3giu v\u00fdroby magnetickej susceptibility obvodu, je to regul\u00e1tor nap\u00e4tia, gener\u00e1tor Hallovho nap\u00e4tia, diferenci\u00e1lny zosil\u0148ova\u010d, schmidtov\u00e9 sp\u00fa\u0161\u0165a\u010de, teplotn\u00e1 kompenz\u00e1cia a obvod koncov\u00e9ho stup\u0148a s otvoren\u00fdm kolektorom zlo\u017een\u00fd z magnetick\u00e9ho citliv\u00e9ho senzorov\u00e9ho obvodu, jeho vstup pre intenzitu magnetickej indukcie, v\u00fdstup je digit\u00e1lny nap\u00e4\u0165ov\u00fd sign\u00e1l.<\/p>\n<p>Modul Hallovho magnetick\u00e9ho senzora a digit\u00e1lne rozhranie 13 s LED vytv\u00e1raj\u00fa jednoduch\u00fd obvod na v\u00fdrobu magnetick\u00e9ho blika\u010da. Pou\u017eite digit\u00e1lne rozhranie 13 s LED, Hallov magnetick\u00fd senzor pripojen\u00fd k silov\u00e9mu \u0161t\u00edtku \u010d\u00edslo 3 pre rozhranie ARDUINO. Ke\u010f Hallov magnetick\u00fd senzor na sign\u00e1l magnetick\u00e9ho po\u013ea, LED sa rozsvieti a naopak zhasne.<\/p>\n<p><strong>Referen\u010dn\u00fd program:<\/strong><\/p>\n<p><span style=\"color: #800080;\">int Led=13;\/\/ Definition LED Interface<\/span><br \/>\n<span style=\"color: #800080;\">int SENSOR=3;\/\/ Define the Hall magnetic sensor interface<\/span><br \/>\n<span style=\"color: #800080;\">int val;\/\/ Defines a numeric variable val<\/span><br \/>\n<span style=\"color: #800080;\">void setup()<\/span><br \/>\n<span style=\"color: #800080;\">{<\/span><br \/>\n<span style=\"color: #800080;\">pinMode(Led,OUTPUT);\/\/ Definition LED as output interface<\/span><br \/>\n<span style=\"color: #800080;\">pinMode SENSOR,INPUT);\/\/ Defined the Hall magnetic sensor as output interface<\/span><br \/>\n<span style=\"color: #800080;\">}<\/span><br \/>\n<span style=\"color: #800080;\">void loop()<\/span><br \/>\n<span style=\"color: #800080;\">{<\/span><br \/>\n<span style=\"color: #800080;\">val=digitalRead(SENSOR);\/\/ The digital interface is assigned a value of 3 to read val<\/span><br \/>\n<span style=\"color: #800080;\">if(val==HIGH)\/\/ When the shock sensor detects a signal , LED\u00a0 flashes\u00a0<\/span><br \/>\n<span style=\"color: #800080;\">{<\/span><br \/>\n<span style=\"color: #800080;\">digitalWrite(Led, HIGH);<\/span><br \/>\n<span style=\"color: #800080;\">}<\/span><br \/>\n<span style=\"color: #800080;\">Else<\/span><br \/>\n<span style=\"color: #800080;\">{<\/span><br \/>\n<span style=\"color: #800080;\">digitalWrite(Led, LOW);<\/span><br \/>\n<span style=\"color: #800080;\">}<\/span><br \/>\n<span style=\"color: #800080;\">}<\/span><\/p>\n<p>&nbsp;<\/p>\n<p>&nbsp;<\/p>\n","protected":false},"excerpt":{"rendered":"<p>KY-003 \u0160tandardn\u00fd Hallov modul magnetick\u00e9ho senzora pre Arduino AVR Smart Cars Popis: Model: KY-003 Magnetick\u00e1, r\u00fdchlostn\u00e1, medzerov\u00e1 indukcia Vhodn\u00e9 pre&hellip;<\/p>\n","protected":false},"featured_media":1439,"template":"","meta":{"_monsterinsights_skip_tracking":false,"_monsterinsights_sitenote_active":false,"_monsterinsights_sitenote_note":"","_monsterinsights_sitenote_category":0},"product_cat":[16,78,69],"product_tag":[],"class_list":{"0":"post-1438","1":"product","2":"type-product","3":"status-publish","4":"has-post-thumbnail","6":"product_cat-ard","7":"product_cat-magnet","8":"product_cat-sensors","10":"first","11":"instock","12":"shipping-taxable","13":"purchasable","14":"product-type-simple"},"yoast_head":"<!-- This site is optimized with the Yoast SEO plugin v23.6 - https:\/\/yoast.com\/wordpress\/plugins\/seo\/ -->\n<title>KY-003 Standard Hall Magnetic Sensor Module for Arduino AVR Smart Cars - Arduino e-shop<\/title>\n<meta name=\"robots\" content=\"index, follow, max-snippet:-1, max-image-preview:large, max-video-preview:-1\" \/>\n<link rel=\"canonical\" href=\"https:\/\/www.onetimenexttime.sk\/arduino\/index.php\/produkt\/ky-003-standard-hall-magnetic-sensor-module-for-arduino-avr-smart-cars\/\" \/>\n<meta property=\"og:locale\" content=\"sk_SK\" \/>\n<meta property=\"og:type\" content=\"article\" \/>\n<meta property=\"og:title\" content=\"KY-003 Standard Hall Magnetic Sensor Module for Arduino AVR Smart Cars - Arduino e-shop\" \/>\n<meta property=\"og:description\" content=\"KY-003 \u0160tandardn\u00fd Hallov modul magnetick\u00e9ho senzora pre Arduino AVR Smart Cars Popis: Model: KY-003 Magnetick\u00e1, r\u00fdchlostn\u00e1, medzerov\u00e1 indukcia Vhodn\u00e9 pre&hellip;\" \/>\n<meta property=\"og:url\" content=\"https:\/\/www.onetimenexttime.sk\/arduino\/index.php\/produkt\/ky-003-standard-hall-magnetic-sensor-module-for-arduino-avr-smart-cars\/\" \/>\n<meta property=\"og:site_name\" content=\"Arduino e-shop\" \/>\n<meta property=\"article:modified_time\" content=\"2021-11-17T13:51:43+00:00\" \/>\n<meta property=\"og:image\" content=\"https:\/\/www.onetimenexttime.sk\/arduino\/wp-content\/uploads\/2021\/11\/1703.jpg\" \/>\n\t<meta property=\"og:image:width\" content=\"539\" \/>\n\t<meta property=\"og:image:height\" content=\"534\" \/>\n\t<meta property=\"og:image:type\" content=\"image\/jpeg\" \/>\n<meta name=\"twitter:card\" content=\"summary_large_image\" \/>\n<meta name=\"twitter:label1\" content=\"Predpokladan\u00fd \u010das \u010d\u00edtania\" \/>\n\t<meta name=\"twitter:data1\" content=\"1 min\u00fata\" \/>\n<script type=\"application\/ld+json\" class=\"yoast-schema-graph\">{\"@context\":\"https:\/\/schema.org\",\"@graph\":[{\"@type\":\"WebPage\",\"@id\":\"https:\/\/www.onetimenexttime.sk\/arduino\/index.php\/produkt\/ky-003-standard-hall-magnetic-sensor-module-for-arduino-avr-smart-cars\/\",\"url\":\"https:\/\/www.onetimenexttime.sk\/arduino\/index.php\/produkt\/ky-003-standard-hall-magnetic-sensor-module-for-arduino-avr-smart-cars\/\",\"name\":\"KY-003 Standard Hall Magnetic Sensor Module for Arduino AVR Smart Cars - Arduino e-shop\",\"isPartOf\":{\"@id\":\"https:\/\/www.onetimenexttime.sk\/arduino\/#website\"},\"primaryImageOfPage\":{\"@id\":\"https:\/\/www.onetimenexttime.sk\/arduino\/index.php\/produkt\/ky-003-standard-hall-magnetic-sensor-module-for-arduino-avr-smart-cars\/#primaryimage\"},\"image\":{\"@id\":\"https:\/\/www.onetimenexttime.sk\/arduino\/index.php\/produkt\/ky-003-standard-hall-magnetic-sensor-module-for-arduino-avr-smart-cars\/#primaryimage\"},\"thumbnailUrl\":\"https:\/\/www.onetimenexttime.sk\/arduino\/wp-content\/uploads\/2021\/11\/1703.jpg\",\"datePublished\":\"2021-11-16T04:15:25+00:00\",\"dateModified\":\"2021-11-17T13:51:43+00:00\",\"breadcrumb\":{\"@id\":\"https:\/\/www.onetimenexttime.sk\/arduino\/index.php\/produkt\/ky-003-standard-hall-magnetic-sensor-module-for-arduino-avr-smart-cars\/#breadcrumb\"},\"inLanguage\":\"sk-SK\",\"potentialAction\":[{\"@type\":\"ReadAction\",\"target\":[\"https:\/\/www.onetimenexttime.sk\/arduino\/index.php\/produkt\/ky-003-standard-hall-magnetic-sensor-module-for-arduino-avr-smart-cars\/\"]}]},{\"@type\":\"ImageObject\",\"inLanguage\":\"sk-SK\",\"@id\":\"https:\/\/www.onetimenexttime.sk\/arduino\/index.php\/produkt\/ky-003-standard-hall-magnetic-sensor-module-for-arduino-avr-smart-cars\/#primaryimage\",\"url\":\"https:\/\/www.onetimenexttime.sk\/arduino\/wp-content\/uploads\/2021\/11\/1703.jpg\",\"contentUrl\":\"https:\/\/www.onetimenexttime.sk\/arduino\/wp-content\/uploads\/2021\/11\/1703.jpg\",\"width\":539,\"height\":534},{\"@type\":\"BreadcrumbList\",\"@id\":\"https:\/\/www.onetimenexttime.sk\/arduino\/index.php\/produkt\/ky-003-standard-hall-magnetic-sensor-module-for-arduino-avr-smart-cars\/#breadcrumb\",\"itemListElement\":[{\"@type\":\"ListItem\",\"position\":1,\"name\":\"Domov\",\"item\":\"https:\/\/www.onetimenexttime.sk\/arduino\/\"},{\"@type\":\"ListItem\",\"position\":2,\"name\":\"Obchod\",\"item\":\"https:\/\/www.onetimenexttime.sk\/arduino\/\"},{\"@type\":\"ListItem\",\"position\":3,\"name\":\"KY-003 Standard Hall Magnetic Sensor Module for Arduino AVR Smart Cars\"}]},{\"@type\":\"WebSite\",\"@id\":\"https:\/\/www.onetimenexttime.sk\/arduino\/#website\",\"url\":\"https:\/\/www.onetimenexttime.sk\/arduino\/\",\"name\":\"Arduino e-shop\",\"description\":\"Home Assistant\",\"potentialAction\":[{\"@type\":\"SearchAction\",\"target\":{\"@type\":\"EntryPoint\",\"urlTemplate\":\"https:\/\/www.onetimenexttime.sk\/arduino\/?s={search_term_string}\"},\"query-input\":{\"@type\":\"PropertyValueSpecification\",\"valueRequired\":true,\"valueName\":\"search_term_string\"}}],\"inLanguage\":\"sk-SK\"}]}<\/script>\n<!-- \/ Yoast SEO plugin. -->","yoast_head_json":{"title":"KY-003 Standard Hall Magnetic Sensor Module for Arduino AVR Smart Cars - Arduino e-shop","robots":{"index":"index","follow":"follow","max-snippet":"max-snippet:-1","max-image-preview":"max-image-preview:large","max-video-preview":"max-video-preview:-1"},"canonical":"https:\/\/www.onetimenexttime.sk\/arduino\/index.php\/produkt\/ky-003-standard-hall-magnetic-sensor-module-for-arduino-avr-smart-cars\/","og_locale":"sk_SK","og_type":"article","og_title":"KY-003 Standard Hall Magnetic Sensor Module for Arduino AVR Smart Cars - Arduino e-shop","og_description":"KY-003 \u0160tandardn\u00fd Hallov modul magnetick\u00e9ho senzora pre Arduino AVR Smart Cars Popis: Model: KY-003 Magnetick\u00e1, r\u00fdchlostn\u00e1, medzerov\u00e1 indukcia Vhodn\u00e9 pre&hellip;","og_url":"https:\/\/www.onetimenexttime.sk\/arduino\/index.php\/produkt\/ky-003-standard-hall-magnetic-sensor-module-for-arduino-avr-smart-cars\/","og_site_name":"Arduino e-shop","article_modified_time":"2021-11-17T13:51:43+00:00","og_image":[{"width":539,"height":534,"url":"https:\/\/www.onetimenexttime.sk\/arduino\/wp-content\/uploads\/2021\/11\/1703.jpg","type":"image\/jpeg"}],"twitter_card":"summary_large_image","twitter_misc":{"Predpokladan\u00fd \u010das \u010d\u00edtania":"1 min\u00fata"},"schema":{"@context":"https:\/\/schema.org","@graph":[{"@type":"WebPage","@id":"https:\/\/www.onetimenexttime.sk\/arduino\/index.php\/produkt\/ky-003-standard-hall-magnetic-sensor-module-for-arduino-avr-smart-cars\/","url":"https:\/\/www.onetimenexttime.sk\/arduino\/index.php\/produkt\/ky-003-standard-hall-magnetic-sensor-module-for-arduino-avr-smart-cars\/","name":"KY-003 Standard Hall Magnetic Sensor Module for Arduino AVR Smart Cars - Arduino e-shop","isPartOf":{"@id":"https:\/\/www.onetimenexttime.sk\/arduino\/#website"},"primaryImageOfPage":{"@id":"https:\/\/www.onetimenexttime.sk\/arduino\/index.php\/produkt\/ky-003-standard-hall-magnetic-sensor-module-for-arduino-avr-smart-cars\/#primaryimage"},"image":{"@id":"https:\/\/www.onetimenexttime.sk\/arduino\/index.php\/produkt\/ky-003-standard-hall-magnetic-sensor-module-for-arduino-avr-smart-cars\/#primaryimage"},"thumbnailUrl":"https:\/\/www.onetimenexttime.sk\/arduino\/wp-content\/uploads\/2021\/11\/1703.jpg","datePublished":"2021-11-16T04:15:25+00:00","dateModified":"2021-11-17T13:51:43+00:00","breadcrumb":{"@id":"https:\/\/www.onetimenexttime.sk\/arduino\/index.php\/produkt\/ky-003-standard-hall-magnetic-sensor-module-for-arduino-avr-smart-cars\/#breadcrumb"},"inLanguage":"sk-SK","potentialAction":[{"@type":"ReadAction","target":["https:\/\/www.onetimenexttime.sk\/arduino\/index.php\/produkt\/ky-003-standard-hall-magnetic-sensor-module-for-arduino-avr-smart-cars\/"]}]},{"@type":"ImageObject","inLanguage":"sk-SK","@id":"https:\/\/www.onetimenexttime.sk\/arduino\/index.php\/produkt\/ky-003-standard-hall-magnetic-sensor-module-for-arduino-avr-smart-cars\/#primaryimage","url":"https:\/\/www.onetimenexttime.sk\/arduino\/wp-content\/uploads\/2021\/11\/1703.jpg","contentUrl":"https:\/\/www.onetimenexttime.sk\/arduino\/wp-content\/uploads\/2021\/11\/1703.jpg","width":539,"height":534},{"@type":"BreadcrumbList","@id":"https:\/\/www.onetimenexttime.sk\/arduino\/index.php\/produkt\/ky-003-standard-hall-magnetic-sensor-module-for-arduino-avr-smart-cars\/#breadcrumb","itemListElement":[{"@type":"ListItem","position":1,"name":"Domov","item":"https:\/\/www.onetimenexttime.sk\/arduino\/"},{"@type":"ListItem","position":2,"name":"Obchod","item":"https:\/\/www.onetimenexttime.sk\/arduino\/"},{"@type":"ListItem","position":3,"name":"KY-003 Standard Hall Magnetic Sensor Module for Arduino AVR Smart Cars"}]},{"@type":"WebSite","@id":"https:\/\/www.onetimenexttime.sk\/arduino\/#website","url":"https:\/\/www.onetimenexttime.sk\/arduino\/","name":"Arduino e-shop","description":"Home Assistant","potentialAction":[{"@type":"SearchAction","target":{"@type":"EntryPoint","urlTemplate":"https:\/\/www.onetimenexttime.sk\/arduino\/?s={search_term_string}"},"query-input":{"@type":"PropertyValueSpecification","valueRequired":true,"valueName":"search_term_string"}}],"inLanguage":"sk-SK"}]}},"_links":{"self":[{"href":"https:\/\/www.onetimenexttime.sk\/arduino\/index.php\/wp-json\/wp\/v2\/product\/1438"}],"collection":[{"href":"https:\/\/www.onetimenexttime.sk\/arduino\/index.php\/wp-json\/wp\/v2\/product"}],"about":[{"href":"https:\/\/www.onetimenexttime.sk\/arduino\/index.php\/wp-json\/wp\/v2\/types\/product"}],"wp:featuredmedia":[{"embeddable":true,"href":"https:\/\/www.onetimenexttime.sk\/arduino\/index.php\/wp-json\/wp\/v2\/media\/1439"}],"wp:attachment":[{"href":"https:\/\/www.onetimenexttime.sk\/arduino\/index.php\/wp-json\/wp\/v2\/media?parent=1438"}],"wp:term":[{"taxonomy":"product_cat","embeddable":true,"href":"https:\/\/www.onetimenexttime.sk\/arduino\/index.php\/wp-json\/wp\/v2\/product_cat?post=1438"},{"taxonomy":"product_tag","embeddable":true,"href":"https:\/\/www.onetimenexttime.sk\/arduino\/index.php\/wp-json\/wp\/v2\/product_tag?post=1438"}],"curies":[{"name":"wp","href":"https:\/\/api.w.org\/{rel}","templated":true}]}}