{"id":1413,"date":"2021-11-15T16:29:37","date_gmt":"2021-11-15T15:29:37","guid":{"rendered":"https:\/\/www.onetimenexttime.sk\/arduino\/?post_type=product&#038;p=1413"},"modified":"2021-11-16T06:11:01","modified_gmt":"2021-11-16T05:11:01","slug":"digital-infrared-temperature-sensor-for-arduino-mlx90615-gy-90615-module-for-beauty-tool","status":"publish","type":"product","link":"https:\/\/www.onetimenexttime.sk\/arduino\/index.php\/produkt\/digital-infrared-temperature-sensor-for-arduino-mlx90615-gy-90615-module-for-beauty-tool\/","title":{"rendered":"Digital Infrared Temperature Sensor for Arduino MLX90615 GY-90615 Module For Beauty Tool"},"content":{"rendered":"<h2>Digit\u00e1lny infra\u010derven\u00fd sn\u00edma\u010d teploty pre modul Arduino MLX90615 GY-90615 pre kozmetick\u00fd n\u00e1stroj<\/h2>\n<p>&nbsp;<\/p>\n<p>\u0160irok\u00fd rozsah detekcie teploty<br \/>\n-40 a\u017e +85 C pre teplotu sn\u00edma\u010da<br \/>\n-40 a\u017e +115 C pre teplotu objektu<br \/>\nVysok\u00e1 presnos\u0165 nad 1 C<br \/>\n\u0160irok\u00fd teplotn\u00fd rozsah<br \/>\nRozl\u00ed\u0161enie merania 0,02 C<br \/>\nZabudovan\u00e1 kompenz\u00e1cia emisivity<br \/>\nRe\u017eim \u00faspory energie<br \/>\nNap\u00e1janie 3V~5V<br \/>\nRozmery: 10,5 mm x 13 mm x 9,6 mm<\/p>\n<p>&nbsp;<\/p>\n","protected":false},"excerpt":{"rendered":"<p>Digit\u00e1lny infra\u010derven\u00fd sn\u00edma\u010d teploty pre modul Arduino MLX90615 GY-90615 pre kozmetick\u00fd n\u00e1stroj &nbsp; \u0160irok\u00fd rozsah detekcie teploty -40 a\u017e +85&hellip;<\/p>\n","protected":false},"featured_media":1414,"template":"","meta":{"_monsterinsights_skip_tracking":false,"_monsterinsights_sitenote_active":false,"_monsterinsights_sitenote_note":"","_monsterinsights_sitenote_category":0},"product_cat":[16,17,69,67],"product_tag":[],"class_list":{"0":"post-1413","1":"product","2":"type-product","3":"status-publish","4":"has-post-thumbnail","6":"product_cat-ard","7":"product_cat-modul","8":"product_cat-sensors","9":"product_cat-temperature","11":"first","12":"instock","13":"sale","14":"shipping-taxable","15":"purchasable","16":"product-type-simple"},"yoast_head":"<!-- This site is optimized with the Yoast SEO plugin v23.6 - https:\/\/yoast.com\/wordpress\/plugins\/seo\/ -->\n<title>Digital Infrared Temperature Sensor for Arduino MLX90615 GY-90615 Module For Beauty Tool - Arduino e-shop<\/title>\n<meta name=\"robots\" content=\"index, follow, max-snippet:-1, max-image-preview:large, max-video-preview:-1\" \/>\n<link rel=\"canonical\" href=\"https:\/\/www.onetimenexttime.sk\/arduino\/index.php\/produkt\/digital-infrared-temperature-sensor-for-arduino-mlx90615-gy-90615-module-for-beauty-tool\/\" \/>\n<meta property=\"og:locale\" content=\"sk_SK\" \/>\n<meta property=\"og:type\" content=\"article\" \/>\n<meta property=\"og:title\" content=\"Digital Infrared Temperature Sensor for Arduino MLX90615 GY-90615 Module For Beauty Tool - Arduino e-shop\" \/>\n<meta property=\"og:description\" content=\"Digit\u00e1lny infra\u010derven\u00fd sn\u00edma\u010d teploty pre modul Arduino MLX90615 GY-90615 pre kozmetick\u00fd n\u00e1stroj &nbsp; \u0160irok\u00fd rozsah detekcie teploty -40 a\u017e +85&hellip;\" \/>\n<meta property=\"og:url\" content=\"https:\/\/www.onetimenexttime.sk\/arduino\/index.php\/produkt\/digital-infrared-temperature-sensor-for-arduino-mlx90615-gy-90615-module-for-beauty-tool\/\" \/>\n<meta property=\"og:site_name\" content=\"Arduino e-shop\" \/>\n<meta property=\"article:modified_time\" content=\"2021-11-16T05:11:01+00:00\" \/>\n<meta property=\"og:image\" content=\"https:\/\/www.onetimenexttime.sk\/arduino\/wp-content\/uploads\/2021\/11\/1728.jpg\" \/>\n\t<meta property=\"og:image:width\" content=\"496\" \/>\n\t<meta property=\"og:image:height\" content=\"497\" \/>\n\t<meta property=\"og:image:type\" content=\"image\/jpeg\" \/>\n<meta name=\"twitter:card\" content=\"summary_large_image\" \/>\n<meta name=\"twitter:label1\" content=\"Predpokladan\u00fd \u010das \u010d\u00edtania\" \/>\n\t<meta name=\"twitter:data1\" content=\"1 min\u00fata\" \/>\n<script type=\"application\/ld+json\" class=\"yoast-schema-graph\">{\"@context\":\"https:\/\/schema.org\",\"@graph\":[{\"@type\":\"WebPage\",\"@id\":\"https:\/\/www.onetimenexttime.sk\/arduino\/index.php\/produkt\/digital-infrared-temperature-sensor-for-arduino-mlx90615-gy-90615-module-for-beauty-tool\/\",\"url\":\"https:\/\/www.onetimenexttime.sk\/arduino\/index.php\/produkt\/digital-infrared-temperature-sensor-for-arduino-mlx90615-gy-90615-module-for-beauty-tool\/\",\"name\":\"Digital Infrared Temperature Sensor for Arduino MLX90615 GY-90615 Module For Beauty Tool - Arduino e-shop\",\"isPartOf\":{\"@id\":\"https:\/\/www.onetimenexttime.sk\/arduino\/#website\"},\"primaryImageOfPage\":{\"@id\":\"https:\/\/www.onetimenexttime.sk\/arduino\/index.php\/produkt\/digital-infrared-temperature-sensor-for-arduino-mlx90615-gy-90615-module-for-beauty-tool\/#primaryimage\"},\"image\":{\"@id\":\"https:\/\/www.onetimenexttime.sk\/arduino\/index.php\/produkt\/digital-infrared-temperature-sensor-for-arduino-mlx90615-gy-90615-module-for-beauty-tool\/#primaryimage\"},\"thumbnailUrl\":\"https:\/\/www.onetimenexttime.sk\/arduino\/wp-content\/uploads\/2021\/11\/1728.jpg\",\"datePublished\":\"2021-11-15T15:29:37+00:00\",\"dateModified\":\"2021-11-16T05:11:01+00:00\",\"breadcrumb\":{\"@id\":\"https:\/\/www.onetimenexttime.sk\/arduino\/index.php\/produkt\/digital-infrared-temperature-sensor-for-arduino-mlx90615-gy-90615-module-for-beauty-tool\/#breadcrumb\"},\"inLanguage\":\"sk-SK\",\"potentialAction\":[{\"@type\":\"ReadAction\",\"target\":[\"https:\/\/www.onetimenexttime.sk\/arduino\/index.php\/produkt\/digital-infrared-temperature-sensor-for-arduino-mlx90615-gy-90615-module-for-beauty-tool\/\"]}]},{\"@type\":\"ImageObject\",\"inLanguage\":\"sk-SK\",\"@id\":\"https:\/\/www.onetimenexttime.sk\/arduino\/index.php\/produkt\/digital-infrared-temperature-sensor-for-arduino-mlx90615-gy-90615-module-for-beauty-tool\/#primaryimage\",\"url\":\"https:\/\/www.onetimenexttime.sk\/arduino\/wp-content\/uploads\/2021\/11\/1728.jpg\",\"contentUrl\":\"https:\/\/www.onetimenexttime.sk\/arduino\/wp-content\/uploads\/2021\/11\/1728.jpg\",\"width\":496,\"height\":497},{\"@type\":\"BreadcrumbList\",\"@id\":\"https:\/\/www.onetimenexttime.sk\/arduino\/index.php\/produkt\/digital-infrared-temperature-sensor-for-arduino-mlx90615-gy-90615-module-for-beauty-tool\/#breadcrumb\",\"itemListElement\":[{\"@type\":\"ListItem\",\"position\":1,\"name\":\"Domov\",\"item\":\"https:\/\/www.onetimenexttime.sk\/arduino\/\"},{\"@type\":\"ListItem\",\"position\":2,\"name\":\"Obchod\",\"item\":\"https:\/\/www.onetimenexttime.sk\/arduino\/\"},{\"@type\":\"ListItem\",\"position\":3,\"name\":\"Digital Infrared Temperature Sensor for Arduino MLX90615 GY-90615 Module For Beauty Tool\"}]},{\"@type\":\"WebSite\",\"@id\":\"https:\/\/www.onetimenexttime.sk\/arduino\/#website\",\"url\":\"https:\/\/www.onetimenexttime.sk\/arduino\/\",\"name\":\"Arduino e-shop\",\"description\":\"Home Assistant\",\"potentialAction\":[{\"@type\":\"SearchAction\",\"target\":{\"@type\":\"EntryPoint\",\"urlTemplate\":\"https:\/\/www.onetimenexttime.sk\/arduino\/?s={search_term_string}\"},\"query-input\":{\"@type\":\"PropertyValueSpecification\",\"valueRequired\":true,\"valueName\":\"search_term_string\"}}],\"inLanguage\":\"sk-SK\"}]}<\/script>\n<!-- \/ Yoast SEO plugin. -->","yoast_head_json":{"title":"Digital Infrared Temperature Sensor for Arduino MLX90615 GY-90615 Module For Beauty Tool - Arduino e-shop","robots":{"index":"index","follow":"follow","max-snippet":"max-snippet:-1","max-image-preview":"max-image-preview:large","max-video-preview":"max-video-preview:-1"},"canonical":"https:\/\/www.onetimenexttime.sk\/arduino\/index.php\/produkt\/digital-infrared-temperature-sensor-for-arduino-mlx90615-gy-90615-module-for-beauty-tool\/","og_locale":"sk_SK","og_type":"article","og_title":"Digital Infrared Temperature Sensor for Arduino MLX90615 GY-90615 Module For Beauty Tool - Arduino e-shop","og_description":"Digit\u00e1lny infra\u010derven\u00fd sn\u00edma\u010d teploty pre modul Arduino MLX90615 GY-90615 pre kozmetick\u00fd n\u00e1stroj &nbsp; \u0160irok\u00fd rozsah detekcie teploty -40 a\u017e +85&hellip;","og_url":"https:\/\/www.onetimenexttime.sk\/arduino\/index.php\/produkt\/digital-infrared-temperature-sensor-for-arduino-mlx90615-gy-90615-module-for-beauty-tool\/","og_site_name":"Arduino e-shop","article_modified_time":"2021-11-16T05:11:01+00:00","og_image":[{"width":496,"height":497,"url":"https:\/\/www.onetimenexttime.sk\/arduino\/wp-content\/uploads\/2021\/11\/1728.jpg","type":"image\/jpeg"}],"twitter_card":"summary_large_image","twitter_misc":{"Predpokladan\u00fd \u010das \u010d\u00edtania":"1 min\u00fata"},"schema":{"@context":"https:\/\/schema.org","@graph":[{"@type":"WebPage","@id":"https:\/\/www.onetimenexttime.sk\/arduino\/index.php\/produkt\/digital-infrared-temperature-sensor-for-arduino-mlx90615-gy-90615-module-for-beauty-tool\/","url":"https:\/\/www.onetimenexttime.sk\/arduino\/index.php\/produkt\/digital-infrared-temperature-sensor-for-arduino-mlx90615-gy-90615-module-for-beauty-tool\/","name":"Digital Infrared Temperature Sensor for Arduino MLX90615 GY-90615 Module For Beauty Tool - Arduino e-shop","isPartOf":{"@id":"https:\/\/www.onetimenexttime.sk\/arduino\/#website"},"primaryImageOfPage":{"@id":"https:\/\/www.onetimenexttime.sk\/arduino\/index.php\/produkt\/digital-infrared-temperature-sensor-for-arduino-mlx90615-gy-90615-module-for-beauty-tool\/#primaryimage"},"image":{"@id":"https:\/\/www.onetimenexttime.sk\/arduino\/index.php\/produkt\/digital-infrared-temperature-sensor-for-arduino-mlx90615-gy-90615-module-for-beauty-tool\/#primaryimage"},"thumbnailUrl":"https:\/\/www.onetimenexttime.sk\/arduino\/wp-content\/uploads\/2021\/11\/1728.jpg","datePublished":"2021-11-15T15:29:37+00:00","dateModified":"2021-11-16T05:11:01+00:00","breadcrumb":{"@id":"https:\/\/www.onetimenexttime.sk\/arduino\/index.php\/produkt\/digital-infrared-temperature-sensor-for-arduino-mlx90615-gy-90615-module-for-beauty-tool\/#breadcrumb"},"inLanguage":"sk-SK","potentialAction":[{"@type":"ReadAction","target":["https:\/\/www.onetimenexttime.sk\/arduino\/index.php\/produkt\/digital-infrared-temperature-sensor-for-arduino-mlx90615-gy-90615-module-for-beauty-tool\/"]}]},{"@type":"ImageObject","inLanguage":"sk-SK","@id":"https:\/\/www.onetimenexttime.sk\/arduino\/index.php\/produkt\/digital-infrared-temperature-sensor-for-arduino-mlx90615-gy-90615-module-for-beauty-tool\/#primaryimage","url":"https:\/\/www.onetimenexttime.sk\/arduino\/wp-content\/uploads\/2021\/11\/1728.jpg","contentUrl":"https:\/\/www.onetimenexttime.sk\/arduino\/wp-content\/uploads\/2021\/11\/1728.jpg","width":496,"height":497},{"@type":"BreadcrumbList","@id":"https:\/\/www.onetimenexttime.sk\/arduino\/index.php\/produkt\/digital-infrared-temperature-sensor-for-arduino-mlx90615-gy-90615-module-for-beauty-tool\/#breadcrumb","itemListElement":[{"@type":"ListItem","position":1,"name":"Domov","item":"https:\/\/www.onetimenexttime.sk\/arduino\/"},{"@type":"ListItem","position":2,"name":"Obchod","item":"https:\/\/www.onetimenexttime.sk\/arduino\/"},{"@type":"ListItem","position":3,"name":"Digital Infrared Temperature Sensor for Arduino MLX90615 GY-90615 Module For Beauty Tool"}]},{"@type":"WebSite","@id":"https:\/\/www.onetimenexttime.sk\/arduino\/#website","url":"https:\/\/www.onetimenexttime.sk\/arduino\/","name":"Arduino e-shop","description":"Home Assistant","potentialAction":[{"@type":"SearchAction","target":{"@type":"EntryPoint","urlTemplate":"https:\/\/www.onetimenexttime.sk\/arduino\/?s={search_term_string}"},"query-input":{"@type":"PropertyValueSpecification","valueRequired":true,"valueName":"search_term_string"}}],"inLanguage":"sk-SK"}]}},"_links":{"self":[{"href":"https:\/\/www.onetimenexttime.sk\/arduino\/index.php\/wp-json\/wp\/v2\/product\/1413"}],"collection":[{"href":"https:\/\/www.onetimenexttime.sk\/arduino\/index.php\/wp-json\/wp\/v2\/product"}],"about":[{"href":"https:\/\/www.onetimenexttime.sk\/arduino\/index.php\/wp-json\/wp\/v2\/types\/product"}],"wp:featuredmedia":[{"embeddable":true,"href":"https:\/\/www.onetimenexttime.sk\/arduino\/index.php\/wp-json\/wp\/v2\/media\/1414"}],"wp:attachment":[{"href":"https:\/\/www.onetimenexttime.sk\/arduino\/index.php\/wp-json\/wp\/v2\/media?parent=1413"}],"wp:term":[{"taxonomy":"product_cat","embeddable":true,"href":"https:\/\/www.onetimenexttime.sk\/arduino\/index.php\/wp-json\/wp\/v2\/product_cat?post=1413"},{"taxonomy":"product_tag","embeddable":true,"href":"https:\/\/www.onetimenexttime.sk\/arduino\/index.php\/wp-json\/wp\/v2\/product_tag?post=1413"}],"curies":[{"name":"wp","href":"https:\/\/api.w.org\/{rel}","templated":true}]}}