{"id":1362,"date":"2021-11-15T12:24:06","date_gmt":"2021-11-15T11:24:06","guid":{"rendered":"https:\/\/www.onetimenexttime.sk\/arduino\/?post_type=product&#038;p=1362"},"modified":"2021-11-15T12:27:34","modified_gmt":"2021-11-15T11:27:34","slug":"j027-300-gear-motor-suit-gear-reducer-fit-with-solar-energy-power-supply","status":"publish","type":"product","link":"https:\/\/www.onetimenexttime.sk\/arduino\/index.php\/produkt\/j027-300-gear-motor-suit-gear-reducer-fit-with-solar-energy-power-supply\/","title":{"rendered":"J027 300 Gear Motor Suit Gear Reducer fit with Solar Energy Power Supply"},"content":{"rendered":"<h2>J027 300 S\u00faprava prevodov\u00e9ho motora Reduktor je vhodn\u00fd so sol\u00e1rnym zdrojom energie<\/h2>\n<p>&nbsp;<\/p>\n<p>Balenie obsahuje: 1 oblekov\u00fd motor s 300 prevodov\u00fdmi stup\u0148ami<\/p>\n<p>Pomer redukcie: 1:12,1<\/p>\n<p>Nap\u00e4tie motora: 3V<\/p>\n<p>V\u00fdstupn\u00fd priemer hriade\u013ea: 2 mm\/celkov\u00e1 d\u013a\u017eka hriade\u013ea: 60 mm<\/p>\n<p>Ve\u013ekos\u0165: 40*40mm, hr\u00fabka: 15mm<\/p>\n<p>Pevn\u00e9: oblig\u00e1tne 2 pevn\u00e9 otvory: priemer otvoru 2 mm, rozte\u010d-n\u00edzky 20 mm, namontova\u0165 skrutku M2<\/p>\n<p><img decoding=\"async\" src=\"https:\/\/ae01.alicdn.com\/kf\/HTB1Nk65NpXXXXbgXXXXq6xXFXXX4\/J027-300-Gear-Motor-Suit-Gear-Reducer-fit-with-Solar-Energy-Power-Supply-DIY-Free-Shipping.jpg_q50.jpg\" alt=\"\" data-spm-anchor-id=\"2114.12057483.detail.i9.274966b14x8ZG5\" \/><\/p>\n","protected":false},"excerpt":{"rendered":"<p>J027 300 S\u00faprava prevodov\u00e9ho motora Reduktor je vhodn\u00fd so sol\u00e1rnym zdrojom energie &nbsp; Balenie obsahuje: 1 oblekov\u00fd motor s 300&hellip;<\/p>\n","protected":false},"featured_media":1363,"template":"","meta":{"_monsterinsights_skip_tracking":false,"_monsterinsights_sitenote_active":false,"_monsterinsights_sitenote_note":"","_monsterinsights_sitenote_category":0},"product_cat":[61,17,46,52],"product_tag":[],"class_list":{"0":"post-1362","1":"product","2":"type-product","3":"status-publish","4":"has-post-thumbnail","6":"product_cat-gift","7":"product_cat-modul","8":"product_cat-motor","9":"product_cat-motor-modul","11":"first","12":"instock","13":"sale","14":"shipping-taxable","15":"purchasable","16":"product-type-simple"},"yoast_head":"<!-- This site is optimized with the Yoast SEO plugin v23.6 - https:\/\/yoast.com\/wordpress\/plugins\/seo\/ -->\n<title>J027 300 Gear Motor Suit Gear Reducer fit with Solar Energy Power Supply - Arduino e-shop<\/title>\n<meta name=\"robots\" content=\"index, follow, max-snippet:-1, max-image-preview:large, max-video-preview:-1\" \/>\n<link rel=\"canonical\" href=\"https:\/\/www.onetimenexttime.sk\/arduino\/index.php\/produkt\/j027-300-gear-motor-suit-gear-reducer-fit-with-solar-energy-power-supply\/\" \/>\n<meta property=\"og:locale\" content=\"sk_SK\" \/>\n<meta property=\"og:type\" content=\"article\" \/>\n<meta property=\"og:title\" content=\"J027 300 Gear Motor Suit Gear Reducer fit with Solar Energy Power Supply - Arduino e-shop\" \/>\n<meta property=\"og:description\" content=\"J027 300 S\u00faprava prevodov\u00e9ho motora Reduktor je vhodn\u00fd so sol\u00e1rnym zdrojom energie &nbsp; Balenie obsahuje: 1 oblekov\u00fd motor s 300&hellip;\" \/>\n<meta property=\"og:url\" content=\"https:\/\/www.onetimenexttime.sk\/arduino\/index.php\/produkt\/j027-300-gear-motor-suit-gear-reducer-fit-with-solar-energy-power-supply\/\" \/>\n<meta property=\"og:site_name\" content=\"Arduino e-shop\" \/>\n<meta property=\"article:modified_time\" content=\"2021-11-15T11:27:34+00:00\" \/>\n<meta property=\"og:image\" content=\"https:\/\/www.onetimenexttime.sk\/arduino\/wp-content\/uploads\/2021\/11\/1041.jpg\" \/>\n\t<meta property=\"og:image:width\" content=\"529\" \/>\n\t<meta property=\"og:image:height\" content=\"525\" \/>\n\t<meta property=\"og:image:type\" content=\"image\/jpeg\" \/>\n<meta name=\"twitter:card\" content=\"summary_large_image\" \/>\n<meta name=\"twitter:label1\" content=\"Predpokladan\u00fd \u010das \u010d\u00edtania\" \/>\n\t<meta name=\"twitter:data1\" content=\"1 min\u00fata\" \/>\n<script type=\"application\/ld+json\" class=\"yoast-schema-graph\">{\"@context\":\"https:\/\/schema.org\",\"@graph\":[{\"@type\":\"WebPage\",\"@id\":\"https:\/\/www.onetimenexttime.sk\/arduino\/index.php\/produkt\/j027-300-gear-motor-suit-gear-reducer-fit-with-solar-energy-power-supply\/\",\"url\":\"https:\/\/www.onetimenexttime.sk\/arduino\/index.php\/produkt\/j027-300-gear-motor-suit-gear-reducer-fit-with-solar-energy-power-supply\/\",\"name\":\"J027 300 Gear Motor Suit Gear Reducer fit with Solar Energy Power Supply - Arduino e-shop\",\"isPartOf\":{\"@id\":\"https:\/\/www.onetimenexttime.sk\/arduino\/#website\"},\"primaryImageOfPage\":{\"@id\":\"https:\/\/www.onetimenexttime.sk\/arduino\/index.php\/produkt\/j027-300-gear-motor-suit-gear-reducer-fit-with-solar-energy-power-supply\/#primaryimage\"},\"image\":{\"@id\":\"https:\/\/www.onetimenexttime.sk\/arduino\/index.php\/produkt\/j027-300-gear-motor-suit-gear-reducer-fit-with-solar-energy-power-supply\/#primaryimage\"},\"thumbnailUrl\":\"https:\/\/www.onetimenexttime.sk\/arduino\/wp-content\/uploads\/2021\/11\/1041.jpg\",\"datePublished\":\"2021-11-15T11:24:06+00:00\",\"dateModified\":\"2021-11-15T11:27:34+00:00\",\"breadcrumb\":{\"@id\":\"https:\/\/www.onetimenexttime.sk\/arduino\/index.php\/produkt\/j027-300-gear-motor-suit-gear-reducer-fit-with-solar-energy-power-supply\/#breadcrumb\"},\"inLanguage\":\"sk-SK\",\"potentialAction\":[{\"@type\":\"ReadAction\",\"target\":[\"https:\/\/www.onetimenexttime.sk\/arduino\/index.php\/produkt\/j027-300-gear-motor-suit-gear-reducer-fit-with-solar-energy-power-supply\/\"]}]},{\"@type\":\"ImageObject\",\"inLanguage\":\"sk-SK\",\"@id\":\"https:\/\/www.onetimenexttime.sk\/arduino\/index.php\/produkt\/j027-300-gear-motor-suit-gear-reducer-fit-with-solar-energy-power-supply\/#primaryimage\",\"url\":\"https:\/\/www.onetimenexttime.sk\/arduino\/wp-content\/uploads\/2021\/11\/1041.jpg\",\"contentUrl\":\"https:\/\/www.onetimenexttime.sk\/arduino\/wp-content\/uploads\/2021\/11\/1041.jpg\",\"width\":529,\"height\":525},{\"@type\":\"BreadcrumbList\",\"@id\":\"https:\/\/www.onetimenexttime.sk\/arduino\/index.php\/produkt\/j027-300-gear-motor-suit-gear-reducer-fit-with-solar-energy-power-supply\/#breadcrumb\",\"itemListElement\":[{\"@type\":\"ListItem\",\"position\":1,\"name\":\"Domov\",\"item\":\"https:\/\/www.onetimenexttime.sk\/arduino\/\"},{\"@type\":\"ListItem\",\"position\":2,\"name\":\"Obchod\",\"item\":\"https:\/\/www.onetimenexttime.sk\/arduino\/\"},{\"@type\":\"ListItem\",\"position\":3,\"name\":\"J027 300 Gear Motor Suit Gear Reducer fit with Solar Energy Power Supply\"}]},{\"@type\":\"WebSite\",\"@id\":\"https:\/\/www.onetimenexttime.sk\/arduino\/#website\",\"url\":\"https:\/\/www.onetimenexttime.sk\/arduino\/\",\"name\":\"Arduino e-shop\",\"description\":\"Home Assistant\",\"potentialAction\":[{\"@type\":\"SearchAction\",\"target\":{\"@type\":\"EntryPoint\",\"urlTemplate\":\"https:\/\/www.onetimenexttime.sk\/arduino\/?s={search_term_string}\"},\"query-input\":{\"@type\":\"PropertyValueSpecification\",\"valueRequired\":true,\"valueName\":\"search_term_string\"}}],\"inLanguage\":\"sk-SK\"}]}<\/script>\n<!-- \/ Yoast SEO plugin. -->","yoast_head_json":{"title":"J027 300 Gear Motor Suit Gear Reducer fit with Solar Energy Power Supply - Arduino e-shop","robots":{"index":"index","follow":"follow","max-snippet":"max-snippet:-1","max-image-preview":"max-image-preview:large","max-video-preview":"max-video-preview:-1"},"canonical":"https:\/\/www.onetimenexttime.sk\/arduino\/index.php\/produkt\/j027-300-gear-motor-suit-gear-reducer-fit-with-solar-energy-power-supply\/","og_locale":"sk_SK","og_type":"article","og_title":"J027 300 Gear Motor Suit Gear Reducer fit with Solar Energy Power Supply - Arduino e-shop","og_description":"J027 300 S\u00faprava prevodov\u00e9ho motora Reduktor je vhodn\u00fd so sol\u00e1rnym zdrojom energie &nbsp; Balenie obsahuje: 1 oblekov\u00fd motor s 300&hellip;","og_url":"https:\/\/www.onetimenexttime.sk\/arduino\/index.php\/produkt\/j027-300-gear-motor-suit-gear-reducer-fit-with-solar-energy-power-supply\/","og_site_name":"Arduino e-shop","article_modified_time":"2021-11-15T11:27:34+00:00","og_image":[{"width":529,"height":525,"url":"https:\/\/www.onetimenexttime.sk\/arduino\/wp-content\/uploads\/2021\/11\/1041.jpg","type":"image\/jpeg"}],"twitter_card":"summary_large_image","twitter_misc":{"Predpokladan\u00fd \u010das \u010d\u00edtania":"1 min\u00fata"},"schema":{"@context":"https:\/\/schema.org","@graph":[{"@type":"WebPage","@id":"https:\/\/www.onetimenexttime.sk\/arduino\/index.php\/produkt\/j027-300-gear-motor-suit-gear-reducer-fit-with-solar-energy-power-supply\/","url":"https:\/\/www.onetimenexttime.sk\/arduino\/index.php\/produkt\/j027-300-gear-motor-suit-gear-reducer-fit-with-solar-energy-power-supply\/","name":"J027 300 Gear Motor Suit Gear Reducer fit with Solar Energy Power Supply - Arduino e-shop","isPartOf":{"@id":"https:\/\/www.onetimenexttime.sk\/arduino\/#website"},"primaryImageOfPage":{"@id":"https:\/\/www.onetimenexttime.sk\/arduino\/index.php\/produkt\/j027-300-gear-motor-suit-gear-reducer-fit-with-solar-energy-power-supply\/#primaryimage"},"image":{"@id":"https:\/\/www.onetimenexttime.sk\/arduino\/index.php\/produkt\/j027-300-gear-motor-suit-gear-reducer-fit-with-solar-energy-power-supply\/#primaryimage"},"thumbnailUrl":"https:\/\/www.onetimenexttime.sk\/arduino\/wp-content\/uploads\/2021\/11\/1041.jpg","datePublished":"2021-11-15T11:24:06+00:00","dateModified":"2021-11-15T11:27:34+00:00","breadcrumb":{"@id":"https:\/\/www.onetimenexttime.sk\/arduino\/index.php\/produkt\/j027-300-gear-motor-suit-gear-reducer-fit-with-solar-energy-power-supply\/#breadcrumb"},"inLanguage":"sk-SK","potentialAction":[{"@type":"ReadAction","target":["https:\/\/www.onetimenexttime.sk\/arduino\/index.php\/produkt\/j027-300-gear-motor-suit-gear-reducer-fit-with-solar-energy-power-supply\/"]}]},{"@type":"ImageObject","inLanguage":"sk-SK","@id":"https:\/\/www.onetimenexttime.sk\/arduino\/index.php\/produkt\/j027-300-gear-motor-suit-gear-reducer-fit-with-solar-energy-power-supply\/#primaryimage","url":"https:\/\/www.onetimenexttime.sk\/arduino\/wp-content\/uploads\/2021\/11\/1041.jpg","contentUrl":"https:\/\/www.onetimenexttime.sk\/arduino\/wp-content\/uploads\/2021\/11\/1041.jpg","width":529,"height":525},{"@type":"BreadcrumbList","@id":"https:\/\/www.onetimenexttime.sk\/arduino\/index.php\/produkt\/j027-300-gear-motor-suit-gear-reducer-fit-with-solar-energy-power-supply\/#breadcrumb","itemListElement":[{"@type":"ListItem","position":1,"name":"Domov","item":"https:\/\/www.onetimenexttime.sk\/arduino\/"},{"@type":"ListItem","position":2,"name":"Obchod","item":"https:\/\/www.onetimenexttime.sk\/arduino\/"},{"@type":"ListItem","position":3,"name":"J027 300 Gear Motor Suit Gear Reducer fit with Solar Energy Power Supply"}]},{"@type":"WebSite","@id":"https:\/\/www.onetimenexttime.sk\/arduino\/#website","url":"https:\/\/www.onetimenexttime.sk\/arduino\/","name":"Arduino e-shop","description":"Home Assistant","potentialAction":[{"@type":"SearchAction","target":{"@type":"EntryPoint","urlTemplate":"https:\/\/www.onetimenexttime.sk\/arduino\/?s={search_term_string}"},"query-input":{"@type":"PropertyValueSpecification","valueRequired":true,"valueName":"search_term_string"}}],"inLanguage":"sk-SK"}]}},"_links":{"self":[{"href":"https:\/\/www.onetimenexttime.sk\/arduino\/index.php\/wp-json\/wp\/v2\/product\/1362"}],"collection":[{"href":"https:\/\/www.onetimenexttime.sk\/arduino\/index.php\/wp-json\/wp\/v2\/product"}],"about":[{"href":"https:\/\/www.onetimenexttime.sk\/arduino\/index.php\/wp-json\/wp\/v2\/types\/product"}],"wp:featuredmedia":[{"embeddable":true,"href":"https:\/\/www.onetimenexttime.sk\/arduino\/index.php\/wp-json\/wp\/v2\/media\/1363"}],"wp:attachment":[{"href":"https:\/\/www.onetimenexttime.sk\/arduino\/index.php\/wp-json\/wp\/v2\/media?parent=1362"}],"wp:term":[{"taxonomy":"product_cat","embeddable":true,"href":"https:\/\/www.onetimenexttime.sk\/arduino\/index.php\/wp-json\/wp\/v2\/product_cat?post=1362"},{"taxonomy":"product_tag","embeddable":true,"href":"https:\/\/www.onetimenexttime.sk\/arduino\/index.php\/wp-json\/wp\/v2\/product_tag?post=1362"}],"curies":[{"name":"wp","href":"https:\/\/api.w.org\/{rel}","templated":true}]}}