{"id":1302,"date":"2021-11-10T16:12:22","date_gmt":"2021-11-10T15:12:22","guid":{"rendered":"https:\/\/www.onetimenexttime.sk\/arduino\/?post_type=product&#038;p=1302"},"modified":"2021-11-11T06:41:57","modified_gmt":"2021-11-11T05:41:57","slug":"universal-portable-silver-grey-car-multifunctional-steering-wheel-card-laptop-tables-grooved-surface-auto-supplies","status":"publish","type":"product","link":"https:\/\/www.onetimenexttime.sk\/arduino\/index.php\/produkt\/universal-portable-silver-grey-car-multifunctional-steering-wheel-card-laptop-tables-grooved-surface-auto-supplies\/","title":{"rendered":"Universal Portable Silver Grey Car Multifunctional Steering Wheel Card Laptop Tables Grooved Surface Auto Supplies"},"content":{"rendered":"<h2>Univerz\u00e1lny prenosn\u00fd strieborno-\u0161ed\u00fd multifunk\u010dn\u00fd volant Karta pre notebook Stol\u00edky do auta s dr\u00e1\u017ekovan\u00fdm povrchom<\/h2>\n<p>&nbsp;<\/p>\n<p>Vlastnosti:<br \/>\n\u013dahko sa montuje na v\u00e4\u010d\u0161inu volantov automobilov, \u010d\u00edm poskytuje praktick\u00fa platformu pre laptopy a in\u00e9 tablety.<br \/>\nDr\u00e1\u017ekovan\u00fd povrch sl\u00fa\u017ei na dr\u017eanie tabletu<br \/>\nZ\u00e1sobn\u00edk je vyroben\u00fd z ekologick\u00e9ho ABS, je \u013eahk\u00fd a kompaktn\u00fd pre jednoduch\u00e9 skladovanie.<br \/>\nV\u0161etka pr\u00e1zdna \u0161trukt\u00fara, spodn\u00e1 \u010das\u0165 pracovnej plochy bez podpory, vo\u013enej\u0161ie pohyby n\u00f4h.<br \/>\nPersonalizovan\u00fa a pohodln\u00fa kartu mo\u017eno pou\u017ei\u0165 na volante<\/p>\n<p>Pokyny na in\u0161tal\u00e1ciu:<br \/>\n1. Dr\u017ete podnos zvislo proti volantu a namontujte ho na volant z otvoru na podnose.<br \/>\n2. Zatla\u010dte povrch z\u00e1sobn\u00edka nadol, k\u00fdm sa bezpe\u010dne nepripevn\u00ed k volantu.<\/p>\n<p>\u0161pecifik\u00e1cia:<br \/>\nMateri\u00e1l: ABS<br \/>\nModel: BN-F01-1C<br \/>\nFarba: \u010dierna, strieborno \u0161ed\u00e1<br \/>\nVe\u013ekos\u0165: 300*175*12mm<\/p>\n<p>Balenie obsahuje:<br \/>\n1 x Stol\u00edk na notebook s volantom<\/p>\n<p>&nbsp;<\/p>\n<p><img loading=\"lazy\" decoding=\"async\" class=\"\" src=\"https:\/\/ae01.alicdn.com\/kf\/HTB18Ot1SVXXXXXMXVXXq6xXFXXXj.jpg\" alt=\"aeProduct.getSubject()\" width=\"322\" height=\"322\" data-spm-anchor-id=\"a2g0s.12269583.0.i5.46a779edBXO2OW\" \/><img loading=\"lazy\" decoding=\"async\" class=\"\" src=\"https:\/\/ae01.alicdn.com\/kf\/HTB1guxYSVXXXXaUXVXXq6xXFXXXo.jpg\" alt=\"aeProduct.getSubject()\" width=\"250\" height=\"251\" data-spm-anchor-id=\"a2g0s.12269583.0.i6.46a779edBXO2OW\" \/><\/p>\n","protected":false},"excerpt":{"rendered":"<p>Univerz\u00e1lny prenosn\u00fd strieborno-\u0161ed\u00fd multifunk\u010dn\u00fd volant Karta pre notebook Stol\u00edky do auta s dr\u00e1\u017ekovan\u00fdm povrchom &nbsp; Vlastnosti: \u013dahko sa montuje na&hellip;<\/p>\n","protected":false},"featured_media":1303,"template":"","meta":{"_monsterinsights_skip_tracking":false,"_monsterinsights_sitenote_active":false,"_monsterinsights_sitenote_note":"","_monsterinsights_sitenote_category":0},"product_cat":[38,61],"product_tag":[],"class_list":{"0":"post-1302","1":"product","2":"type-product","3":"status-publish","4":"has-post-thumbnail","6":"product_cat-auto","7":"product_cat-gift","9":"first","10":"instock","11":"shipping-taxable","12":"purchasable","13":"product-type-simple"},"yoast_head":"<!-- This site is optimized with the Yoast SEO plugin v23.6 - https:\/\/yoast.com\/wordpress\/plugins\/seo\/ -->\n<title>Universal Portable Silver Grey Car Multifunctional Steering Wheel Card Laptop Tables Grooved Surface Auto Supplies - Arduino e-shop<\/title>\n<meta name=\"robots\" content=\"index, follow, max-snippet:-1, max-image-preview:large, max-video-preview:-1\" \/>\n<link rel=\"canonical\" href=\"https:\/\/www.onetimenexttime.sk\/arduino\/index.php\/produkt\/universal-portable-silver-grey-car-multifunctional-steering-wheel-card-laptop-tables-grooved-surface-auto-supplies\/\" \/>\n<meta property=\"og:locale\" content=\"sk_SK\" \/>\n<meta property=\"og:type\" content=\"article\" \/>\n<meta property=\"og:title\" content=\"Universal Portable Silver Grey Car Multifunctional Steering Wheel Card Laptop Tables Grooved Surface Auto Supplies - Arduino e-shop\" \/>\n<meta property=\"og:description\" content=\"Univerz\u00e1lny prenosn\u00fd strieborno-\u0161ed\u00fd multifunk\u010dn\u00fd volant Karta pre notebook Stol\u00edky do auta s dr\u00e1\u017ekovan\u00fdm povrchom &nbsp; Vlastnosti: \u013dahko sa montuje na&hellip;\" \/>\n<meta property=\"og:url\" content=\"https:\/\/www.onetimenexttime.sk\/arduino\/index.php\/produkt\/universal-portable-silver-grey-car-multifunctional-steering-wheel-card-laptop-tables-grooved-surface-auto-supplies\/\" \/>\n<meta property=\"og:site_name\" content=\"Arduino e-shop\" \/>\n<meta property=\"article:modified_time\" content=\"2021-11-11T05:41:57+00:00\" \/>\n<meta property=\"og:image\" content=\"https:\/\/www.onetimenexttime.sk\/arduino\/wp-content\/uploads\/2021\/11\/395.jpg\" \/>\n\t<meta property=\"og:image:width\" content=\"523\" \/>\n\t<meta property=\"og:image:height\" content=\"524\" \/>\n\t<meta property=\"og:image:type\" content=\"image\/jpeg\" \/>\n<meta name=\"twitter:card\" content=\"summary_large_image\" \/>\n<meta name=\"twitter:label1\" content=\"Predpokladan\u00fd \u010das \u010d\u00edtania\" \/>\n\t<meta name=\"twitter:data1\" content=\"1 min\u00fata\" \/>\n<script type=\"application\/ld+json\" class=\"yoast-schema-graph\">{\"@context\":\"https:\/\/schema.org\",\"@graph\":[{\"@type\":\"WebPage\",\"@id\":\"https:\/\/www.onetimenexttime.sk\/arduino\/index.php\/produkt\/universal-portable-silver-grey-car-multifunctional-steering-wheel-card-laptop-tables-grooved-surface-auto-supplies\/\",\"url\":\"https:\/\/www.onetimenexttime.sk\/arduino\/index.php\/produkt\/universal-portable-silver-grey-car-multifunctional-steering-wheel-card-laptop-tables-grooved-surface-auto-supplies\/\",\"name\":\"Universal Portable Silver Grey Car Multifunctional Steering Wheel Card Laptop Tables Grooved Surface Auto Supplies - Arduino e-shop\",\"isPartOf\":{\"@id\":\"https:\/\/www.onetimenexttime.sk\/arduino\/#website\"},\"primaryImageOfPage\":{\"@id\":\"https:\/\/www.onetimenexttime.sk\/arduino\/index.php\/produkt\/universal-portable-silver-grey-car-multifunctional-steering-wheel-card-laptop-tables-grooved-surface-auto-supplies\/#primaryimage\"},\"image\":{\"@id\":\"https:\/\/www.onetimenexttime.sk\/arduino\/index.php\/produkt\/universal-portable-silver-grey-car-multifunctional-steering-wheel-card-laptop-tables-grooved-surface-auto-supplies\/#primaryimage\"},\"thumbnailUrl\":\"https:\/\/www.onetimenexttime.sk\/arduino\/wp-content\/uploads\/2021\/11\/395.jpg\",\"datePublished\":\"2021-11-10T15:12:22+00:00\",\"dateModified\":\"2021-11-11T05:41:57+00:00\",\"breadcrumb\":{\"@id\":\"https:\/\/www.onetimenexttime.sk\/arduino\/index.php\/produkt\/universal-portable-silver-grey-car-multifunctional-steering-wheel-card-laptop-tables-grooved-surface-auto-supplies\/#breadcrumb\"},\"inLanguage\":\"sk-SK\",\"potentialAction\":[{\"@type\":\"ReadAction\",\"target\":[\"https:\/\/www.onetimenexttime.sk\/arduino\/index.php\/produkt\/universal-portable-silver-grey-car-multifunctional-steering-wheel-card-laptop-tables-grooved-surface-auto-supplies\/\"]}]},{\"@type\":\"ImageObject\",\"inLanguage\":\"sk-SK\",\"@id\":\"https:\/\/www.onetimenexttime.sk\/arduino\/index.php\/produkt\/universal-portable-silver-grey-car-multifunctional-steering-wheel-card-laptop-tables-grooved-surface-auto-supplies\/#primaryimage\",\"url\":\"https:\/\/www.onetimenexttime.sk\/arduino\/wp-content\/uploads\/2021\/11\/395.jpg\",\"contentUrl\":\"https:\/\/www.onetimenexttime.sk\/arduino\/wp-content\/uploads\/2021\/11\/395.jpg\",\"width\":523,\"height\":524},{\"@type\":\"BreadcrumbList\",\"@id\":\"https:\/\/www.onetimenexttime.sk\/arduino\/index.php\/produkt\/universal-portable-silver-grey-car-multifunctional-steering-wheel-card-laptop-tables-grooved-surface-auto-supplies\/#breadcrumb\",\"itemListElement\":[{\"@type\":\"ListItem\",\"position\":1,\"name\":\"Domov\",\"item\":\"https:\/\/www.onetimenexttime.sk\/arduino\/\"},{\"@type\":\"ListItem\",\"position\":2,\"name\":\"Obchod\",\"item\":\"https:\/\/www.onetimenexttime.sk\/arduino\/\"},{\"@type\":\"ListItem\",\"position\":3,\"name\":\"Universal Portable Silver Grey Car Multifunctional Steering Wheel Card Laptop Tables Grooved Surface Auto Supplies\"}]},{\"@type\":\"WebSite\",\"@id\":\"https:\/\/www.onetimenexttime.sk\/arduino\/#website\",\"url\":\"https:\/\/www.onetimenexttime.sk\/arduino\/\",\"name\":\"Arduino e-shop\",\"description\":\"Home Assistant\",\"potentialAction\":[{\"@type\":\"SearchAction\",\"target\":{\"@type\":\"EntryPoint\",\"urlTemplate\":\"https:\/\/www.onetimenexttime.sk\/arduino\/?s={search_term_string}\"},\"query-input\":{\"@type\":\"PropertyValueSpecification\",\"valueRequired\":true,\"valueName\":\"search_term_string\"}}],\"inLanguage\":\"sk-SK\"}]}<\/script>\n<!-- \/ Yoast SEO plugin. -->","yoast_head_json":{"title":"Universal Portable Silver Grey Car Multifunctional Steering Wheel Card Laptop Tables Grooved Surface Auto Supplies - Arduino e-shop","robots":{"index":"index","follow":"follow","max-snippet":"max-snippet:-1","max-image-preview":"max-image-preview:large","max-video-preview":"max-video-preview:-1"},"canonical":"https:\/\/www.onetimenexttime.sk\/arduino\/index.php\/produkt\/universal-portable-silver-grey-car-multifunctional-steering-wheel-card-laptop-tables-grooved-surface-auto-supplies\/","og_locale":"sk_SK","og_type":"article","og_title":"Universal Portable Silver Grey Car Multifunctional Steering Wheel Card Laptop Tables Grooved Surface Auto Supplies - Arduino e-shop","og_description":"Univerz\u00e1lny prenosn\u00fd strieborno-\u0161ed\u00fd multifunk\u010dn\u00fd volant Karta pre notebook Stol\u00edky do auta s dr\u00e1\u017ekovan\u00fdm povrchom &nbsp; Vlastnosti: \u013dahko sa montuje na&hellip;","og_url":"https:\/\/www.onetimenexttime.sk\/arduino\/index.php\/produkt\/universal-portable-silver-grey-car-multifunctional-steering-wheel-card-laptop-tables-grooved-surface-auto-supplies\/","og_site_name":"Arduino e-shop","article_modified_time":"2021-11-11T05:41:57+00:00","og_image":[{"width":523,"height":524,"url":"https:\/\/www.onetimenexttime.sk\/arduino\/wp-content\/uploads\/2021\/11\/395.jpg","type":"image\/jpeg"}],"twitter_card":"summary_large_image","twitter_misc":{"Predpokladan\u00fd \u010das \u010d\u00edtania":"1 min\u00fata"},"schema":{"@context":"https:\/\/schema.org","@graph":[{"@type":"WebPage","@id":"https:\/\/www.onetimenexttime.sk\/arduino\/index.php\/produkt\/universal-portable-silver-grey-car-multifunctional-steering-wheel-card-laptop-tables-grooved-surface-auto-supplies\/","url":"https:\/\/www.onetimenexttime.sk\/arduino\/index.php\/produkt\/universal-portable-silver-grey-car-multifunctional-steering-wheel-card-laptop-tables-grooved-surface-auto-supplies\/","name":"Universal Portable Silver Grey Car Multifunctional Steering Wheel Card Laptop Tables Grooved Surface Auto Supplies - Arduino e-shop","isPartOf":{"@id":"https:\/\/www.onetimenexttime.sk\/arduino\/#website"},"primaryImageOfPage":{"@id":"https:\/\/www.onetimenexttime.sk\/arduino\/index.php\/produkt\/universal-portable-silver-grey-car-multifunctional-steering-wheel-card-laptop-tables-grooved-surface-auto-supplies\/#primaryimage"},"image":{"@id":"https:\/\/www.onetimenexttime.sk\/arduino\/index.php\/produkt\/universal-portable-silver-grey-car-multifunctional-steering-wheel-card-laptop-tables-grooved-surface-auto-supplies\/#primaryimage"},"thumbnailUrl":"https:\/\/www.onetimenexttime.sk\/arduino\/wp-content\/uploads\/2021\/11\/395.jpg","datePublished":"2021-11-10T15:12:22+00:00","dateModified":"2021-11-11T05:41:57+00:00","breadcrumb":{"@id":"https:\/\/www.onetimenexttime.sk\/arduino\/index.php\/produkt\/universal-portable-silver-grey-car-multifunctional-steering-wheel-card-laptop-tables-grooved-surface-auto-supplies\/#breadcrumb"},"inLanguage":"sk-SK","potentialAction":[{"@type":"ReadAction","target":["https:\/\/www.onetimenexttime.sk\/arduino\/index.php\/produkt\/universal-portable-silver-grey-car-multifunctional-steering-wheel-card-laptop-tables-grooved-surface-auto-supplies\/"]}]},{"@type":"ImageObject","inLanguage":"sk-SK","@id":"https:\/\/www.onetimenexttime.sk\/arduino\/index.php\/produkt\/universal-portable-silver-grey-car-multifunctional-steering-wheel-card-laptop-tables-grooved-surface-auto-supplies\/#primaryimage","url":"https:\/\/www.onetimenexttime.sk\/arduino\/wp-content\/uploads\/2021\/11\/395.jpg","contentUrl":"https:\/\/www.onetimenexttime.sk\/arduino\/wp-content\/uploads\/2021\/11\/395.jpg","width":523,"height":524},{"@type":"BreadcrumbList","@id":"https:\/\/www.onetimenexttime.sk\/arduino\/index.php\/produkt\/universal-portable-silver-grey-car-multifunctional-steering-wheel-card-laptop-tables-grooved-surface-auto-supplies\/#breadcrumb","itemListElement":[{"@type":"ListItem","position":1,"name":"Domov","item":"https:\/\/www.onetimenexttime.sk\/arduino\/"},{"@type":"ListItem","position":2,"name":"Obchod","item":"https:\/\/www.onetimenexttime.sk\/arduino\/"},{"@type":"ListItem","position":3,"name":"Universal Portable Silver Grey Car Multifunctional Steering Wheel Card Laptop Tables Grooved Surface Auto Supplies"}]},{"@type":"WebSite","@id":"https:\/\/www.onetimenexttime.sk\/arduino\/#website","url":"https:\/\/www.onetimenexttime.sk\/arduino\/","name":"Arduino e-shop","description":"Home Assistant","potentialAction":[{"@type":"SearchAction","target":{"@type":"EntryPoint","urlTemplate":"https:\/\/www.onetimenexttime.sk\/arduino\/?s={search_term_string}"},"query-input":{"@type":"PropertyValueSpecification","valueRequired":true,"valueName":"search_term_string"}}],"inLanguage":"sk-SK"}]}},"_links":{"self":[{"href":"https:\/\/www.onetimenexttime.sk\/arduino\/index.php\/wp-json\/wp\/v2\/product\/1302"}],"collection":[{"href":"https:\/\/www.onetimenexttime.sk\/arduino\/index.php\/wp-json\/wp\/v2\/product"}],"about":[{"href":"https:\/\/www.onetimenexttime.sk\/arduino\/index.php\/wp-json\/wp\/v2\/types\/product"}],"wp:featuredmedia":[{"embeddable":true,"href":"https:\/\/www.onetimenexttime.sk\/arduino\/index.php\/wp-json\/wp\/v2\/media\/1303"}],"wp:attachment":[{"href":"https:\/\/www.onetimenexttime.sk\/arduino\/index.php\/wp-json\/wp\/v2\/media?parent=1302"}],"wp:term":[{"taxonomy":"product_cat","embeddable":true,"href":"https:\/\/www.onetimenexttime.sk\/arduino\/index.php\/wp-json\/wp\/v2\/product_cat?post=1302"},{"taxonomy":"product_tag","embeddable":true,"href":"https:\/\/www.onetimenexttime.sk\/arduino\/index.php\/wp-json\/wp\/v2\/product_tag?post=1302"}],"curies":[{"name":"wp","href":"https:\/\/api.w.org\/{rel}","templated":true}]}}