{"id":1268,"date":"2021-11-10T11:47:00","date_gmt":"2021-11-10T10:47:00","guid":{"rendered":"https:\/\/www.onetimenexttime.sk\/arduino\/?post_type=product&#038;p=1268"},"modified":"2021-11-10T11:50:23","modified_gmt":"2021-11-10T10:50:23","slug":"accurate-oil-quality-check-pen-universal-brake-fluid-tester-car-brake-liquid-digital-tester-vehicle-auto-automotive-testing-tool","status":"publish","type":"product","link":"https:\/\/www.onetimenexttime.sk\/arduino\/index.php\/produkt\/accurate-oil-quality-check-pen-universal-brake-fluid-tester-car-brake-liquid-digital-tester-vehicle-auto-automotive-testing-tool\/","title":{"rendered":"Accurate Oil Quality Check Pen Universal Brake Fluid Tester Car Brake Liquid Digital Tester Vehicle Auto Automotive Testing Tool"},"content":{"rendered":"<h2>Pero na presn\u00fa kontrolu kvality oleja Univerz\u00e1lny tester brzdov\u00fdch kvapal\u00edn Digit\u00e1lny tester brzdov\u00fdch kvapal\u00edn v automobiloch N\u00e1stroj na testovanie automobilov\u00fdch automobilov<\/h2>\n<p><strong>Vlastnosti:<\/strong><br \/>\nUr\u010den\u00e9 na jednoduch\u00fa kontrolu kvality brzdovej kvapaliny.<br \/>\n5 LED di\u00f3d indikuje percento vody v brzdovej kvapaline.<br \/>\nAutomatick\u00e9 vypnutie.<br \/>\nMal\u00fd a \u013eahk\u00fd na pren\u00e1\u0161anie pre v\u00e4\u010d\u0161ie pohodlie.<br \/>\nSkvel\u00fd pomocn\u00edk na va\u0161e cesty.<\/p>\n<p><strong>\u0161pecifik\u00e1cia:<\/strong><br \/>\nTyp: Tester brzdovej kvapaliny<br \/>\nMateri\u00e1l: Sveteln\u00e1 di\u00f3da<br \/>\nMno\u017estvo: 1ks<br \/>\nFarba polo\u017eky: \u010cierna<br \/>\nKompatibiln\u00e9 s: v\u0161etk\u00fdmi vozidlami<br \/>\nBat\u00e9ria: 1 * LR03 AAA 1,5 V bat\u00e9ria (nie je s\u00fa\u010das\u0165ou balenia)<br \/>\nVe\u013ekos\u0165; 15,5 * 2,5 cm \/ 6,1 * 1 &#8220;(V * H)<br \/>\n\u010cist\u00e1 hmotnos\u0165: 0,04 kg \/ 1,4 oz<\/p>\n<p><img decoding=\"async\" src=\"https:\/\/ae01.alicdn.com\/kf\/HTB1G91vAL5TBuNjSspcq6znGFXaV.jpg\" data-spm-anchor-id=\"a2g0o.detail.1000023.i2.128fe5e4VlBjAv\" \/><\/p>\n<p><img decoding=\"async\" src=\"https:\/\/ae01.alicdn.com\/kf\/HTB1IRO4AKSSBuNjy0Flq6zBpVXai.jpg\" data-spm-anchor-id=\"a2g0o.detail.1000023.i3.128fe5e4VlBjAv\" \/><\/p>\n<p>&nbsp;<\/p>\n","protected":false},"excerpt":{"rendered":"<p>Pero na presn\u00fa kontrolu kvality oleja Univerz\u00e1lny tester brzdov\u00fdch kvapal\u00edn Digit\u00e1lny tester brzdov\u00fdch kvapal\u00edn v automobiloch N\u00e1stroj na testovanie automobilov\u00fdch&hellip;<\/p>\n","protected":false},"featured_media":1269,"template":"","meta":{"_monsterinsights_skip_tracking":false,"_monsterinsights_sitenote_active":false,"_monsterinsights_sitenote_note":"","_monsterinsights_sitenote_category":0},"product_cat":[38,58],"product_tag":[],"class_list":{"0":"post-1268","1":"product","2":"type-product","3":"status-publish","4":"has-post-thumbnail","6":"product_cat-auto","7":"product_cat-tester","9":"first","10":"instock","11":"sale","12":"shipping-taxable","13":"purchasable","14":"product-type-simple"},"yoast_head":"<!-- This site is optimized with the Yoast SEO plugin v23.6 - https:\/\/yoast.com\/wordpress\/plugins\/seo\/ -->\n<title>Accurate Oil Quality Check Pen Universal Brake Fluid Tester Car Brake Liquid Digital Tester Vehicle Auto Automotive Testing Tool - Arduino e-shop<\/title>\n<meta name=\"robots\" content=\"index, follow, max-snippet:-1, max-image-preview:large, max-video-preview:-1\" \/>\n<link rel=\"canonical\" href=\"https:\/\/www.onetimenexttime.sk\/arduino\/index.php\/produkt\/accurate-oil-quality-check-pen-universal-brake-fluid-tester-car-brake-liquid-digital-tester-vehicle-auto-automotive-testing-tool\/\" \/>\n<meta property=\"og:locale\" content=\"sk_SK\" \/>\n<meta property=\"og:type\" content=\"article\" \/>\n<meta property=\"og:title\" content=\"Accurate Oil Quality Check Pen Universal Brake Fluid Tester Car Brake Liquid Digital Tester Vehicle Auto Automotive Testing Tool - Arduino e-shop\" \/>\n<meta property=\"og:description\" content=\"Pero na presn\u00fa kontrolu kvality oleja Univerz\u00e1lny tester brzdov\u00fdch kvapal\u00edn Digit\u00e1lny tester brzdov\u00fdch kvapal\u00edn v automobiloch N\u00e1stroj na testovanie automobilov\u00fdch&hellip;\" \/>\n<meta property=\"og:url\" content=\"https:\/\/www.onetimenexttime.sk\/arduino\/index.php\/produkt\/accurate-oil-quality-check-pen-universal-brake-fluid-tester-car-brake-liquid-digital-tester-vehicle-auto-automotive-testing-tool\/\" \/>\n<meta property=\"og:site_name\" content=\"Arduino e-shop\" \/>\n<meta property=\"article:modified_time\" content=\"2021-11-10T10:50:23+00:00\" \/>\n<meta property=\"og:image\" content=\"https:\/\/www.onetimenexttime.sk\/arduino\/wp-content\/uploads\/2021\/11\/379.webp\" \/>\n\t<meta property=\"og:image:width\" content=\"800\" \/>\n\t<meta property=\"og:image:height\" content=\"800\" \/>\n\t<meta property=\"og:image:type\" content=\"image\/webp\" \/>\n<meta name=\"twitter:card\" content=\"summary_large_image\" \/>\n<meta name=\"twitter:label1\" content=\"Predpokladan\u00fd \u010das \u010d\u00edtania\" \/>\n\t<meta name=\"twitter:data1\" content=\"1 min\u00fata\" \/>\n<script type=\"application\/ld+json\" class=\"yoast-schema-graph\">{\"@context\":\"https:\/\/schema.org\",\"@graph\":[{\"@type\":\"WebPage\",\"@id\":\"https:\/\/www.onetimenexttime.sk\/arduino\/index.php\/produkt\/accurate-oil-quality-check-pen-universal-brake-fluid-tester-car-brake-liquid-digital-tester-vehicle-auto-automotive-testing-tool\/\",\"url\":\"https:\/\/www.onetimenexttime.sk\/arduino\/index.php\/produkt\/accurate-oil-quality-check-pen-universal-brake-fluid-tester-car-brake-liquid-digital-tester-vehicle-auto-automotive-testing-tool\/\",\"name\":\"Accurate Oil Quality Check Pen Universal Brake Fluid Tester Car Brake Liquid Digital Tester Vehicle Auto Automotive Testing Tool - Arduino e-shop\",\"isPartOf\":{\"@id\":\"https:\/\/www.onetimenexttime.sk\/arduino\/#website\"},\"primaryImageOfPage\":{\"@id\":\"https:\/\/www.onetimenexttime.sk\/arduino\/index.php\/produkt\/accurate-oil-quality-check-pen-universal-brake-fluid-tester-car-brake-liquid-digital-tester-vehicle-auto-automotive-testing-tool\/#primaryimage\"},\"image\":{\"@id\":\"https:\/\/www.onetimenexttime.sk\/arduino\/index.php\/produkt\/accurate-oil-quality-check-pen-universal-brake-fluid-tester-car-brake-liquid-digital-tester-vehicle-auto-automotive-testing-tool\/#primaryimage\"},\"thumbnailUrl\":\"https:\/\/www.onetimenexttime.sk\/arduino\/wp-content\/uploads\/2021\/11\/379.webp\",\"datePublished\":\"2021-11-10T10:47:00+00:00\",\"dateModified\":\"2021-11-10T10:50:23+00:00\",\"breadcrumb\":{\"@id\":\"https:\/\/www.onetimenexttime.sk\/arduino\/index.php\/produkt\/accurate-oil-quality-check-pen-universal-brake-fluid-tester-car-brake-liquid-digital-tester-vehicle-auto-automotive-testing-tool\/#breadcrumb\"},\"inLanguage\":\"sk-SK\",\"potentialAction\":[{\"@type\":\"ReadAction\",\"target\":[\"https:\/\/www.onetimenexttime.sk\/arduino\/index.php\/produkt\/accurate-oil-quality-check-pen-universal-brake-fluid-tester-car-brake-liquid-digital-tester-vehicle-auto-automotive-testing-tool\/\"]}]},{\"@type\":\"ImageObject\",\"inLanguage\":\"sk-SK\",\"@id\":\"https:\/\/www.onetimenexttime.sk\/arduino\/index.php\/produkt\/accurate-oil-quality-check-pen-universal-brake-fluid-tester-car-brake-liquid-digital-tester-vehicle-auto-automotive-testing-tool\/#primaryimage\",\"url\":\"https:\/\/www.onetimenexttime.sk\/arduino\/wp-content\/uploads\/2021\/11\/379.webp\",\"contentUrl\":\"https:\/\/www.onetimenexttime.sk\/arduino\/wp-content\/uploads\/2021\/11\/379.webp\",\"width\":800,\"height\":800},{\"@type\":\"BreadcrumbList\",\"@id\":\"https:\/\/www.onetimenexttime.sk\/arduino\/index.php\/produkt\/accurate-oil-quality-check-pen-universal-brake-fluid-tester-car-brake-liquid-digital-tester-vehicle-auto-automotive-testing-tool\/#breadcrumb\",\"itemListElement\":[{\"@type\":\"ListItem\",\"position\":1,\"name\":\"Domov\",\"item\":\"https:\/\/www.onetimenexttime.sk\/arduino\/\"},{\"@type\":\"ListItem\",\"position\":2,\"name\":\"Obchod\",\"item\":\"https:\/\/www.onetimenexttime.sk\/arduino\/\"},{\"@type\":\"ListItem\",\"position\":3,\"name\":\"Accurate Oil Quality Check Pen Universal Brake Fluid Tester Car Brake Liquid Digital Tester Vehicle Auto Automotive Testing Tool\"}]},{\"@type\":\"WebSite\",\"@id\":\"https:\/\/www.onetimenexttime.sk\/arduino\/#website\",\"url\":\"https:\/\/www.onetimenexttime.sk\/arduino\/\",\"name\":\"Arduino e-shop\",\"description\":\"Home Assistant\",\"potentialAction\":[{\"@type\":\"SearchAction\",\"target\":{\"@type\":\"EntryPoint\",\"urlTemplate\":\"https:\/\/www.onetimenexttime.sk\/arduino\/?s={search_term_string}\"},\"query-input\":{\"@type\":\"PropertyValueSpecification\",\"valueRequired\":true,\"valueName\":\"search_term_string\"}}],\"inLanguage\":\"sk-SK\"}]}<\/script>\n<!-- \/ Yoast SEO plugin. -->","yoast_head_json":{"title":"Accurate Oil Quality Check Pen Universal Brake Fluid Tester Car Brake Liquid Digital Tester Vehicle Auto Automotive Testing Tool - Arduino e-shop","robots":{"index":"index","follow":"follow","max-snippet":"max-snippet:-1","max-image-preview":"max-image-preview:large","max-video-preview":"max-video-preview:-1"},"canonical":"https:\/\/www.onetimenexttime.sk\/arduino\/index.php\/produkt\/accurate-oil-quality-check-pen-universal-brake-fluid-tester-car-brake-liquid-digital-tester-vehicle-auto-automotive-testing-tool\/","og_locale":"sk_SK","og_type":"article","og_title":"Accurate Oil Quality Check Pen Universal Brake Fluid Tester Car Brake Liquid Digital Tester Vehicle Auto Automotive Testing Tool - Arduino e-shop","og_description":"Pero na presn\u00fa kontrolu kvality oleja Univerz\u00e1lny tester brzdov\u00fdch kvapal\u00edn Digit\u00e1lny tester brzdov\u00fdch kvapal\u00edn v automobiloch N\u00e1stroj na testovanie automobilov\u00fdch&hellip;","og_url":"https:\/\/www.onetimenexttime.sk\/arduino\/index.php\/produkt\/accurate-oil-quality-check-pen-universal-brake-fluid-tester-car-brake-liquid-digital-tester-vehicle-auto-automotive-testing-tool\/","og_site_name":"Arduino e-shop","article_modified_time":"2021-11-10T10:50:23+00:00","og_image":[{"width":800,"height":800,"url":"https:\/\/www.onetimenexttime.sk\/arduino\/wp-content\/uploads\/2021\/11\/379.webp","type":"image\/webp"}],"twitter_card":"summary_large_image","twitter_misc":{"Predpokladan\u00fd \u010das \u010d\u00edtania":"1 min\u00fata"},"schema":{"@context":"https:\/\/schema.org","@graph":[{"@type":"WebPage","@id":"https:\/\/www.onetimenexttime.sk\/arduino\/index.php\/produkt\/accurate-oil-quality-check-pen-universal-brake-fluid-tester-car-brake-liquid-digital-tester-vehicle-auto-automotive-testing-tool\/","url":"https:\/\/www.onetimenexttime.sk\/arduino\/index.php\/produkt\/accurate-oil-quality-check-pen-universal-brake-fluid-tester-car-brake-liquid-digital-tester-vehicle-auto-automotive-testing-tool\/","name":"Accurate Oil Quality Check Pen Universal Brake Fluid Tester Car Brake Liquid Digital Tester Vehicle Auto Automotive Testing Tool - Arduino e-shop","isPartOf":{"@id":"https:\/\/www.onetimenexttime.sk\/arduino\/#website"},"primaryImageOfPage":{"@id":"https:\/\/www.onetimenexttime.sk\/arduino\/index.php\/produkt\/accurate-oil-quality-check-pen-universal-brake-fluid-tester-car-brake-liquid-digital-tester-vehicle-auto-automotive-testing-tool\/#primaryimage"},"image":{"@id":"https:\/\/www.onetimenexttime.sk\/arduino\/index.php\/produkt\/accurate-oil-quality-check-pen-universal-brake-fluid-tester-car-brake-liquid-digital-tester-vehicle-auto-automotive-testing-tool\/#primaryimage"},"thumbnailUrl":"https:\/\/www.onetimenexttime.sk\/arduino\/wp-content\/uploads\/2021\/11\/379.webp","datePublished":"2021-11-10T10:47:00+00:00","dateModified":"2021-11-10T10:50:23+00:00","breadcrumb":{"@id":"https:\/\/www.onetimenexttime.sk\/arduino\/index.php\/produkt\/accurate-oil-quality-check-pen-universal-brake-fluid-tester-car-brake-liquid-digital-tester-vehicle-auto-automotive-testing-tool\/#breadcrumb"},"inLanguage":"sk-SK","potentialAction":[{"@type":"ReadAction","target":["https:\/\/www.onetimenexttime.sk\/arduino\/index.php\/produkt\/accurate-oil-quality-check-pen-universal-brake-fluid-tester-car-brake-liquid-digital-tester-vehicle-auto-automotive-testing-tool\/"]}]},{"@type":"ImageObject","inLanguage":"sk-SK","@id":"https:\/\/www.onetimenexttime.sk\/arduino\/index.php\/produkt\/accurate-oil-quality-check-pen-universal-brake-fluid-tester-car-brake-liquid-digital-tester-vehicle-auto-automotive-testing-tool\/#primaryimage","url":"https:\/\/www.onetimenexttime.sk\/arduino\/wp-content\/uploads\/2021\/11\/379.webp","contentUrl":"https:\/\/www.onetimenexttime.sk\/arduino\/wp-content\/uploads\/2021\/11\/379.webp","width":800,"height":800},{"@type":"BreadcrumbList","@id":"https:\/\/www.onetimenexttime.sk\/arduino\/index.php\/produkt\/accurate-oil-quality-check-pen-universal-brake-fluid-tester-car-brake-liquid-digital-tester-vehicle-auto-automotive-testing-tool\/#breadcrumb","itemListElement":[{"@type":"ListItem","position":1,"name":"Domov","item":"https:\/\/www.onetimenexttime.sk\/arduino\/"},{"@type":"ListItem","position":2,"name":"Obchod","item":"https:\/\/www.onetimenexttime.sk\/arduino\/"},{"@type":"ListItem","position":3,"name":"Accurate Oil Quality Check Pen Universal Brake Fluid Tester Car Brake Liquid Digital Tester Vehicle Auto Automotive Testing Tool"}]},{"@type":"WebSite","@id":"https:\/\/www.onetimenexttime.sk\/arduino\/#website","url":"https:\/\/www.onetimenexttime.sk\/arduino\/","name":"Arduino e-shop","description":"Home Assistant","potentialAction":[{"@type":"SearchAction","target":{"@type":"EntryPoint","urlTemplate":"https:\/\/www.onetimenexttime.sk\/arduino\/?s={search_term_string}"},"query-input":{"@type":"PropertyValueSpecification","valueRequired":true,"valueName":"search_term_string"}}],"inLanguage":"sk-SK"}]}},"_links":{"self":[{"href":"https:\/\/www.onetimenexttime.sk\/arduino\/index.php\/wp-json\/wp\/v2\/product\/1268"}],"collection":[{"href":"https:\/\/www.onetimenexttime.sk\/arduino\/index.php\/wp-json\/wp\/v2\/product"}],"about":[{"href":"https:\/\/www.onetimenexttime.sk\/arduino\/index.php\/wp-json\/wp\/v2\/types\/product"}],"wp:featuredmedia":[{"embeddable":true,"href":"https:\/\/www.onetimenexttime.sk\/arduino\/index.php\/wp-json\/wp\/v2\/media\/1269"}],"wp:attachment":[{"href":"https:\/\/www.onetimenexttime.sk\/arduino\/index.php\/wp-json\/wp\/v2\/media?parent=1268"}],"wp:term":[{"taxonomy":"product_cat","embeddable":true,"href":"https:\/\/www.onetimenexttime.sk\/arduino\/index.php\/wp-json\/wp\/v2\/product_cat?post=1268"},{"taxonomy":"product_tag","embeddable":true,"href":"https:\/\/www.onetimenexttime.sk\/arduino\/index.php\/wp-json\/wp\/v2\/product_tag?post=1268"}],"curies":[{"name":"wp","href":"https:\/\/api.w.org\/{rel}","templated":true}]}}