{"id":1264,"date":"2021-11-10T11:34:34","date_gmt":"2021-11-10T10:34:34","guid":{"rendered":"https:\/\/www.onetimenexttime.sk\/arduino\/?post_type=product&#038;p=1264"},"modified":"2021-11-10T11:37:56","modified_gmt":"2021-11-10T10:37:56","slug":"universal-2in1-car-laptop-holder-cup-holder-car-steering-wheel-notebook-stand-desk-tray-table-food-drink-holder-car-accessories","status":"publish","type":"product","link":"https:\/\/www.onetimenexttime.sk\/arduino\/index.php\/produkt\/universal-2in1-car-laptop-holder-cup-holder-car-steering-wheel-notebook-stand-desk-tray-table-food-drink-holder-car-accessories\/","title":{"rendered":"Universal 2in1 Car Laptop Holder Cup Holder Car Steering Wheel Notebook Stand Desk Tray Table Food drink Holder Car Accessories"},"content":{"rendered":"<h2>Univerz\u00e1lny dr\u017eiak na notebook 2v1 do auta Dr\u017eiak na poh\u00e1re do auta Volant Stojan na notebook Stojan na notebook Stojan na st\u00f4l Stojan na jedlo Dr\u017eiak na n\u00e1poje Pr\u00edslu\u0161enstvo do auta<\/h2>\n<p>&nbsp;<\/p>\n<p>Ve\u013ekos\u0165: 42X28CM;<\/p>\n<p>Navrhnut\u00e9 na pou\u017eitie vo volante vozidla, mo\u017eno oto\u010di\u0165 hore nohami, ergonomick\u00e9 rie\u0161enie pre notebook, tablety, p\u00edsanie;<\/p>\n<p>Jednoduch\u00e1 in\u0161tal\u00e1cia, jednoduch\u00e9 pou\u017eitie;<\/p>\n<p>Ur\u010den\u00e9 na mont\u00e1\u017e na volant v priebehu nieko\u013ek\u00fdch sek\u00fand;<\/p>\n<p>Vyvinut\u00e9 pre mobiln\u00fdch pracovn\u00edkov na cest\u00e1ch, ktor\u00ed potrebuj\u00fa podporu pre svoj tablet alebo skvel\u00e9 miesto na p\u00edsanie.<\/p>\n<p>&nbsp;<\/p>\n<p><img decoding=\"async\" src=\"https:\/\/ae01.alicdn.com\/kf\/HTB1KADSRXXXXXcKaXXXq6xXFXXXu.jpg?size=98508&amp;height=600&amp;width=600&amp;hash=ab2b5b6eb2eb12ad0e7fc3c4beded037\" alt=\"TC-QCFXPEYKZ (2)\" data-spm-anchor-id=\"a2g0o.detail.1000023.i4.3b2842f7U5zK4A\" \/><\/p>\n<p>&nbsp;<\/p>\n","protected":false},"excerpt":{"rendered":"<p>Univerz\u00e1lny dr\u017eiak na notebook 2v1 do auta Dr\u017eiak na poh\u00e1re do auta Volant Stojan na notebook Stojan na notebook Stojan&hellip;<\/p>\n","protected":false},"featured_media":1265,"template":"","meta":{"_monsterinsights_skip_tracking":false,"_monsterinsights_sitenote_active":false,"_monsterinsights_sitenote_note":"","_monsterinsights_sitenote_category":0},"product_cat":[38,61],"product_tag":[],"class_list":{"0":"post-1264","1":"product","2":"type-product","3":"status-publish","4":"has-post-thumbnail","6":"product_cat-auto","7":"product_cat-gift","9":"first","10":"instock","11":"sale","12":"shipping-taxable","13":"purchasable","14":"product-type-simple"},"yoast_head":"<!-- This site is optimized with the Yoast SEO plugin v23.6 - https:\/\/yoast.com\/wordpress\/plugins\/seo\/ -->\n<title>Universal 2in1 Car Laptop Holder Cup Holder Car Steering Wheel Notebook Stand Desk Tray Table Food drink Holder Car Accessories - Arduino e-shop<\/title>\n<meta name=\"robots\" content=\"index, follow, max-snippet:-1, max-image-preview:large, max-video-preview:-1\" \/>\n<link rel=\"canonical\" href=\"https:\/\/www.onetimenexttime.sk\/arduino\/index.php\/produkt\/universal-2in1-car-laptop-holder-cup-holder-car-steering-wheel-notebook-stand-desk-tray-table-food-drink-holder-car-accessories\/\" \/>\n<meta property=\"og:locale\" content=\"sk_SK\" \/>\n<meta property=\"og:type\" content=\"article\" \/>\n<meta property=\"og:title\" content=\"Universal 2in1 Car Laptop Holder Cup Holder Car Steering Wheel Notebook Stand Desk Tray Table Food drink Holder Car Accessories - Arduino e-shop\" \/>\n<meta property=\"og:description\" content=\"Univerz\u00e1lny dr\u017eiak na notebook 2v1 do auta Dr\u017eiak na poh\u00e1re do auta Volant Stojan na notebook Stojan na notebook Stojan&hellip;\" \/>\n<meta property=\"og:url\" content=\"https:\/\/www.onetimenexttime.sk\/arduino\/index.php\/produkt\/universal-2in1-car-laptop-holder-cup-holder-car-steering-wheel-notebook-stand-desk-tray-table-food-drink-holder-car-accessories\/\" \/>\n<meta property=\"og:site_name\" content=\"Arduino e-shop\" \/>\n<meta property=\"article:modified_time\" content=\"2021-11-10T10:37:56+00:00\" \/>\n<meta property=\"og:image\" content=\"https:\/\/www.onetimenexttime.sk\/arduino\/wp-content\/uploads\/2021\/11\/33777.jpg\" \/>\n\t<meta property=\"og:image:width\" content=\"1170\" \/>\n\t<meta property=\"og:image:height\" content=\"1045\" \/>\n\t<meta property=\"og:image:type\" content=\"image\/jpeg\" \/>\n<meta name=\"twitter:card\" content=\"summary_large_image\" \/>\n<meta name=\"twitter:label1\" content=\"Predpokladan\u00fd \u010das \u010d\u00edtania\" \/>\n\t<meta name=\"twitter:data1\" content=\"1 min\u00fata\" \/>\n<script type=\"application\/ld+json\" class=\"yoast-schema-graph\">{\"@context\":\"https:\/\/schema.org\",\"@graph\":[{\"@type\":\"WebPage\",\"@id\":\"https:\/\/www.onetimenexttime.sk\/arduino\/index.php\/produkt\/universal-2in1-car-laptop-holder-cup-holder-car-steering-wheel-notebook-stand-desk-tray-table-food-drink-holder-car-accessories\/\",\"url\":\"https:\/\/www.onetimenexttime.sk\/arduino\/index.php\/produkt\/universal-2in1-car-laptop-holder-cup-holder-car-steering-wheel-notebook-stand-desk-tray-table-food-drink-holder-car-accessories\/\",\"name\":\"Universal 2in1 Car Laptop Holder Cup Holder Car Steering Wheel Notebook Stand Desk Tray Table Food drink Holder Car Accessories - Arduino e-shop\",\"isPartOf\":{\"@id\":\"https:\/\/www.onetimenexttime.sk\/arduino\/#website\"},\"primaryImageOfPage\":{\"@id\":\"https:\/\/www.onetimenexttime.sk\/arduino\/index.php\/produkt\/universal-2in1-car-laptop-holder-cup-holder-car-steering-wheel-notebook-stand-desk-tray-table-food-drink-holder-car-accessories\/#primaryimage\"},\"image\":{\"@id\":\"https:\/\/www.onetimenexttime.sk\/arduino\/index.php\/produkt\/universal-2in1-car-laptop-holder-cup-holder-car-steering-wheel-notebook-stand-desk-tray-table-food-drink-holder-car-accessories\/#primaryimage\"},\"thumbnailUrl\":\"https:\/\/www.onetimenexttime.sk\/arduino\/wp-content\/uploads\/2021\/11\/33777.jpg\",\"datePublished\":\"2021-11-10T10:34:34+00:00\",\"dateModified\":\"2021-11-10T10:37:56+00:00\",\"breadcrumb\":{\"@id\":\"https:\/\/www.onetimenexttime.sk\/arduino\/index.php\/produkt\/universal-2in1-car-laptop-holder-cup-holder-car-steering-wheel-notebook-stand-desk-tray-table-food-drink-holder-car-accessories\/#breadcrumb\"},\"inLanguage\":\"sk-SK\",\"potentialAction\":[{\"@type\":\"ReadAction\",\"target\":[\"https:\/\/www.onetimenexttime.sk\/arduino\/index.php\/produkt\/universal-2in1-car-laptop-holder-cup-holder-car-steering-wheel-notebook-stand-desk-tray-table-food-drink-holder-car-accessories\/\"]}]},{\"@type\":\"ImageObject\",\"inLanguage\":\"sk-SK\",\"@id\":\"https:\/\/www.onetimenexttime.sk\/arduino\/index.php\/produkt\/universal-2in1-car-laptop-holder-cup-holder-car-steering-wheel-notebook-stand-desk-tray-table-food-drink-holder-car-accessories\/#primaryimage\",\"url\":\"https:\/\/www.onetimenexttime.sk\/arduino\/wp-content\/uploads\/2021\/11\/33777.jpg\",\"contentUrl\":\"https:\/\/www.onetimenexttime.sk\/arduino\/wp-content\/uploads\/2021\/11\/33777.jpg\",\"width\":1170,\"height\":1045},{\"@type\":\"BreadcrumbList\",\"@id\":\"https:\/\/www.onetimenexttime.sk\/arduino\/index.php\/produkt\/universal-2in1-car-laptop-holder-cup-holder-car-steering-wheel-notebook-stand-desk-tray-table-food-drink-holder-car-accessories\/#breadcrumb\",\"itemListElement\":[{\"@type\":\"ListItem\",\"position\":1,\"name\":\"Domov\",\"item\":\"https:\/\/www.onetimenexttime.sk\/arduino\/\"},{\"@type\":\"ListItem\",\"position\":2,\"name\":\"Obchod\",\"item\":\"https:\/\/www.onetimenexttime.sk\/arduino\/\"},{\"@type\":\"ListItem\",\"position\":3,\"name\":\"Universal 2in1 Car Laptop Holder Cup Holder Car Steering Wheel Notebook Stand Desk Tray Table Food drink Holder Car Accessories\"}]},{\"@type\":\"WebSite\",\"@id\":\"https:\/\/www.onetimenexttime.sk\/arduino\/#website\",\"url\":\"https:\/\/www.onetimenexttime.sk\/arduino\/\",\"name\":\"Arduino e-shop\",\"description\":\"Home Assistant\",\"potentialAction\":[{\"@type\":\"SearchAction\",\"target\":{\"@type\":\"EntryPoint\",\"urlTemplate\":\"https:\/\/www.onetimenexttime.sk\/arduino\/?s={search_term_string}\"},\"query-input\":{\"@type\":\"PropertyValueSpecification\",\"valueRequired\":true,\"valueName\":\"search_term_string\"}}],\"inLanguage\":\"sk-SK\"}]}<\/script>\n<!-- \/ Yoast SEO plugin. -->","yoast_head_json":{"title":"Universal 2in1 Car Laptop Holder Cup Holder Car Steering Wheel Notebook Stand Desk Tray Table Food drink Holder Car Accessories - Arduino e-shop","robots":{"index":"index","follow":"follow","max-snippet":"max-snippet:-1","max-image-preview":"max-image-preview:large","max-video-preview":"max-video-preview:-1"},"canonical":"https:\/\/www.onetimenexttime.sk\/arduino\/index.php\/produkt\/universal-2in1-car-laptop-holder-cup-holder-car-steering-wheel-notebook-stand-desk-tray-table-food-drink-holder-car-accessories\/","og_locale":"sk_SK","og_type":"article","og_title":"Universal 2in1 Car Laptop Holder Cup Holder Car Steering Wheel Notebook Stand Desk Tray Table Food drink Holder Car Accessories - Arduino e-shop","og_description":"Univerz\u00e1lny dr\u017eiak na notebook 2v1 do auta Dr\u017eiak na poh\u00e1re do auta Volant Stojan na notebook Stojan na notebook Stojan&hellip;","og_url":"https:\/\/www.onetimenexttime.sk\/arduino\/index.php\/produkt\/universal-2in1-car-laptop-holder-cup-holder-car-steering-wheel-notebook-stand-desk-tray-table-food-drink-holder-car-accessories\/","og_site_name":"Arduino e-shop","article_modified_time":"2021-11-10T10:37:56+00:00","og_image":[{"width":1170,"height":1045,"url":"https:\/\/www.onetimenexttime.sk\/arduino\/wp-content\/uploads\/2021\/11\/33777.jpg","type":"image\/jpeg"}],"twitter_card":"summary_large_image","twitter_misc":{"Predpokladan\u00fd \u010das \u010d\u00edtania":"1 min\u00fata"},"schema":{"@context":"https:\/\/schema.org","@graph":[{"@type":"WebPage","@id":"https:\/\/www.onetimenexttime.sk\/arduino\/index.php\/produkt\/universal-2in1-car-laptop-holder-cup-holder-car-steering-wheel-notebook-stand-desk-tray-table-food-drink-holder-car-accessories\/","url":"https:\/\/www.onetimenexttime.sk\/arduino\/index.php\/produkt\/universal-2in1-car-laptop-holder-cup-holder-car-steering-wheel-notebook-stand-desk-tray-table-food-drink-holder-car-accessories\/","name":"Universal 2in1 Car Laptop Holder Cup Holder Car Steering Wheel Notebook Stand Desk Tray Table Food drink Holder Car Accessories - Arduino e-shop","isPartOf":{"@id":"https:\/\/www.onetimenexttime.sk\/arduino\/#website"},"primaryImageOfPage":{"@id":"https:\/\/www.onetimenexttime.sk\/arduino\/index.php\/produkt\/universal-2in1-car-laptop-holder-cup-holder-car-steering-wheel-notebook-stand-desk-tray-table-food-drink-holder-car-accessories\/#primaryimage"},"image":{"@id":"https:\/\/www.onetimenexttime.sk\/arduino\/index.php\/produkt\/universal-2in1-car-laptop-holder-cup-holder-car-steering-wheel-notebook-stand-desk-tray-table-food-drink-holder-car-accessories\/#primaryimage"},"thumbnailUrl":"https:\/\/www.onetimenexttime.sk\/arduino\/wp-content\/uploads\/2021\/11\/33777.jpg","datePublished":"2021-11-10T10:34:34+00:00","dateModified":"2021-11-10T10:37:56+00:00","breadcrumb":{"@id":"https:\/\/www.onetimenexttime.sk\/arduino\/index.php\/produkt\/universal-2in1-car-laptop-holder-cup-holder-car-steering-wheel-notebook-stand-desk-tray-table-food-drink-holder-car-accessories\/#breadcrumb"},"inLanguage":"sk-SK","potentialAction":[{"@type":"ReadAction","target":["https:\/\/www.onetimenexttime.sk\/arduino\/index.php\/produkt\/universal-2in1-car-laptop-holder-cup-holder-car-steering-wheel-notebook-stand-desk-tray-table-food-drink-holder-car-accessories\/"]}]},{"@type":"ImageObject","inLanguage":"sk-SK","@id":"https:\/\/www.onetimenexttime.sk\/arduino\/index.php\/produkt\/universal-2in1-car-laptop-holder-cup-holder-car-steering-wheel-notebook-stand-desk-tray-table-food-drink-holder-car-accessories\/#primaryimage","url":"https:\/\/www.onetimenexttime.sk\/arduino\/wp-content\/uploads\/2021\/11\/33777.jpg","contentUrl":"https:\/\/www.onetimenexttime.sk\/arduino\/wp-content\/uploads\/2021\/11\/33777.jpg","width":1170,"height":1045},{"@type":"BreadcrumbList","@id":"https:\/\/www.onetimenexttime.sk\/arduino\/index.php\/produkt\/universal-2in1-car-laptop-holder-cup-holder-car-steering-wheel-notebook-stand-desk-tray-table-food-drink-holder-car-accessories\/#breadcrumb","itemListElement":[{"@type":"ListItem","position":1,"name":"Domov","item":"https:\/\/www.onetimenexttime.sk\/arduino\/"},{"@type":"ListItem","position":2,"name":"Obchod","item":"https:\/\/www.onetimenexttime.sk\/arduino\/"},{"@type":"ListItem","position":3,"name":"Universal 2in1 Car Laptop Holder Cup Holder Car Steering Wheel Notebook Stand Desk Tray Table Food drink Holder Car Accessories"}]},{"@type":"WebSite","@id":"https:\/\/www.onetimenexttime.sk\/arduino\/#website","url":"https:\/\/www.onetimenexttime.sk\/arduino\/","name":"Arduino e-shop","description":"Home Assistant","potentialAction":[{"@type":"SearchAction","target":{"@type":"EntryPoint","urlTemplate":"https:\/\/www.onetimenexttime.sk\/arduino\/?s={search_term_string}"},"query-input":{"@type":"PropertyValueSpecification","valueRequired":true,"valueName":"search_term_string"}}],"inLanguage":"sk-SK"}]}},"_links":{"self":[{"href":"https:\/\/www.onetimenexttime.sk\/arduino\/index.php\/wp-json\/wp\/v2\/product\/1264"}],"collection":[{"href":"https:\/\/www.onetimenexttime.sk\/arduino\/index.php\/wp-json\/wp\/v2\/product"}],"about":[{"href":"https:\/\/www.onetimenexttime.sk\/arduino\/index.php\/wp-json\/wp\/v2\/types\/product"}],"wp:featuredmedia":[{"embeddable":true,"href":"https:\/\/www.onetimenexttime.sk\/arduino\/index.php\/wp-json\/wp\/v2\/media\/1265"}],"wp:attachment":[{"href":"https:\/\/www.onetimenexttime.sk\/arduino\/index.php\/wp-json\/wp\/v2\/media?parent=1264"}],"wp:term":[{"taxonomy":"product_cat","embeddable":true,"href":"https:\/\/www.onetimenexttime.sk\/arduino\/index.php\/wp-json\/wp\/v2\/product_cat?post=1264"},{"taxonomy":"product_tag","embeddable":true,"href":"https:\/\/www.onetimenexttime.sk\/arduino\/index.php\/wp-json\/wp\/v2\/product_tag?post=1264"}],"curies":[{"name":"wp","href":"https:\/\/api.w.org\/{rel}","templated":true}]}}