{"id":1238,"date":"2021-11-10T09:34:04","date_gmt":"2021-11-10T08:34:04","guid":{"rendered":"https:\/\/www.onetimenexttime.sk\/arduino\/?post_type=product&#038;p=1238"},"modified":"2021-11-10T09:38:08","modified_gmt":"2021-11-10T08:38:08","slug":"vgate-icar-2-elm327-wifi-obd2-diagnostic-tool-for-ios-iphone-android-code-reader","status":"publish","type":"product","link":"https:\/\/www.onetimenexttime.sk\/arduino\/index.php\/produkt\/vgate-icar-2-elm327-wifi-obd2-diagnostic-tool-for-ios-iphone-android-code-reader\/","title":{"rendered":"Vgate iCar 2 ELM327 Wifi  OBD2 Diagnostic Tool for IOS iPhone\/Android Code Reader"},"content":{"rendered":"<h2>Diagnostick\u00fd n\u00e1stroj Vgate iCar 2 ELM327 Wifi OBD2 pre IOS iPhone\/Android Code Reader<\/h2>\n<p>&nbsp;<\/p>\n<p>Vgate ICAR2 WIFI\/BT OBD2 Auto Diagnostick\u00fd n\u00e1stroj 2 Druh verzia pre v\u00fdber<\/p>\n<p>1. Tento odkaz vr\u00e1tane 2 verzie, jedna je icar2 wifi<\/p>\n<p>2. Syst\u00e9m podpory:<br \/>\nVerzia iCar2 Wifi: podporuje IOS\/android telef\u00f3n\/PC &#8212;&#8211;pripojenie cez wifi<\/p>\n<p>3. Prep\u00edna\u010d je funkcia resetovania, nie pre vyp\u00edna\u010d, pros\u00edm, vedzte to<br \/>\n4. Bude fungova\u0165 s 12 V dieselov\u00fdmi\/benz\u00ednov\u00fdmi vozidlami Nie s n\u00e1kladn\u00fdmi automobilmi<br \/>\n\u2022 Ak chcete skontrolova\u0165, \u010di je vozidlo v s\u00falade s OBD II &#8212;- Odklopte kapotu a vyh\u013eadajte n\u00e1lepku s n\u00e1zvom \u201eINFORM\u00c1CIE O REGULOVAN\u00cd EMISI\u00cd VOZIDLA\u201c.<\/p>\n<p>5. Vgate ICAR 2 je skuto\u010dn\u00e1 verzia V2.1:<\/p>\n<p>Vlastnosti a funkcie ICAR2:<\/p>\n<p>1. Pre\u010d\u00edtajte si diagnostick\u00e9 chybov\u00e9 k\u00f3dy, v\u0161eobecn\u00e9 aj \u0161pecifick\u00e9 pre v\u00fdrobcu, a zobrazte ich v\u00fdznam (viac ako 3000 defin\u00edci\u00ed v\u0161eobecn\u00fdch k\u00f3dov v datab\u00e1ze).<br \/>\n2. Vyma\u017ete chybov\u00e9 k\u00f3dy a vypnite kontrolku MIL (kontrolka \u201eCheck Engine\u201c)<br \/>\n3.Zobrazte aktu\u00e1lne \u00fadaje sn\u00edma\u010da, vr\u00e1tane:<br \/>\n4. Ot\u00e1\u010dky motora<br \/>\n5. Vypo\u010d\u00edtan\u00e1 hodnota za\u0165a\u017eenia<br \/>\n6. Teplota chladiacej kvapaliny<br \/>\n7. Stav palivov\u00e9ho syst\u00e9mu<br \/>\n8. R\u00fdchlos\u0165 vozidla<br \/>\n9. Kr\u00e1tkodob\u00e1 \u00faprava paliva<br \/>\n10. Dlhodob\u00e1 \u00faprava paliva<br \/>\n11. Tlak v sacom potrub\u00ed<br \/>\n12. Predstih na\u010dasovania<br \/>\n13. Teplota nas\u00e1van\u00e9ho vzduchu<br \/>\n14. R\u00fdchlos\u0165 prietoku vzduchu<br \/>\n15. Absol\u00fatna poloha plynu<br \/>\n16.Nap\u00e4tie sn\u00edma\u010da kysl\u00edka\/s\u00favisiace kr\u00e1tkodob\u00e9 \u00fapravy paliva<br \/>\n17. Stav palivov\u00e9ho syst\u00e9mu<br \/>\n18. Tlak paliva<\/p>\n<p>ICAR2 podporuje model auta a rok vydania<\/p>\n","protected":false},"excerpt":{"rendered":"<p>Diagnostick\u00fd n\u00e1stroj Vgate iCar 2 ELM327 Wifi OBD2 pre IOS iPhone\/Android Code Reader &nbsp; Vgate ICAR2 WIFI\/BT OBD2 Auto Diagnostick\u00fd&hellip;<\/p>\n","protected":false},"featured_media":1239,"template":"","meta":{"_monsterinsights_skip_tracking":false,"_monsterinsights_sitenote_active":false,"_monsterinsights_sitenote_note":"","_monsterinsights_sitenote_category":0},"product_cat":[38,39],"product_tag":[],"class_list":{"0":"post-1238","1":"product","2":"type-product","3":"status-publish","4":"has-post-thumbnail","6":"product_cat-auto","7":"product_cat-mobil-gsm","9":"first","10":"instock","11":"shipping-taxable","12":"purchasable","13":"product-type-simple"},"yoast_head":"<!-- This site is optimized with the Yoast SEO plugin v23.6 - https:\/\/yoast.com\/wordpress\/plugins\/seo\/ -->\n<title>Vgate iCar 2 ELM327 Wifi OBD2 Diagnostic Tool for IOS iPhone\/Android Code Reader - Arduino e-shop<\/title>\n<meta name=\"robots\" content=\"index, follow, max-snippet:-1, max-image-preview:large, max-video-preview:-1\" \/>\n<link rel=\"canonical\" href=\"https:\/\/www.onetimenexttime.sk\/arduino\/index.php\/produkt\/vgate-icar-2-elm327-wifi-obd2-diagnostic-tool-for-ios-iphone-android-code-reader\/\" \/>\n<meta property=\"og:locale\" content=\"sk_SK\" \/>\n<meta property=\"og:type\" content=\"article\" \/>\n<meta property=\"og:title\" content=\"Vgate iCar 2 ELM327 Wifi OBD2 Diagnostic Tool for IOS iPhone\/Android Code Reader - Arduino e-shop\" \/>\n<meta property=\"og:description\" content=\"Diagnostick\u00fd n\u00e1stroj Vgate iCar 2 ELM327 Wifi OBD2 pre IOS iPhone\/Android Code Reader &nbsp; Vgate ICAR2 WIFI\/BT OBD2 Auto Diagnostick\u00fd&hellip;\" \/>\n<meta property=\"og:url\" content=\"https:\/\/www.onetimenexttime.sk\/arduino\/index.php\/produkt\/vgate-icar-2-elm327-wifi-obd2-diagnostic-tool-for-ios-iphone-android-code-reader\/\" \/>\n<meta property=\"og:site_name\" content=\"Arduino e-shop\" \/>\n<meta property=\"article:modified_time\" content=\"2021-11-10T08:38:08+00:00\" \/>\n<meta property=\"og:image\" content=\"https:\/\/www.onetimenexttime.sk\/arduino\/wp-content\/uploads\/2021\/11\/362.jpg\" \/>\n\t<meta property=\"og:image:width\" content=\"640\" \/>\n\t<meta property=\"og:image:height\" content=\"640\" \/>\n\t<meta property=\"og:image:type\" content=\"image\/jpeg\" \/>\n<meta name=\"twitter:card\" content=\"summary_large_image\" \/>\n<meta name=\"twitter:label1\" content=\"Predpokladan\u00fd \u010das \u010d\u00edtania\" \/>\n\t<meta name=\"twitter:data1\" content=\"1 min\u00fata\" \/>\n<script type=\"application\/ld+json\" class=\"yoast-schema-graph\">{\"@context\":\"https:\/\/schema.org\",\"@graph\":[{\"@type\":\"WebPage\",\"@id\":\"https:\/\/www.onetimenexttime.sk\/arduino\/index.php\/produkt\/vgate-icar-2-elm327-wifi-obd2-diagnostic-tool-for-ios-iphone-android-code-reader\/\",\"url\":\"https:\/\/www.onetimenexttime.sk\/arduino\/index.php\/produkt\/vgate-icar-2-elm327-wifi-obd2-diagnostic-tool-for-ios-iphone-android-code-reader\/\",\"name\":\"Vgate iCar 2 ELM327 Wifi OBD2 Diagnostic Tool for IOS iPhone\/Android Code Reader - Arduino e-shop\",\"isPartOf\":{\"@id\":\"https:\/\/www.onetimenexttime.sk\/arduino\/#website\"},\"primaryImageOfPage\":{\"@id\":\"https:\/\/www.onetimenexttime.sk\/arduino\/index.php\/produkt\/vgate-icar-2-elm327-wifi-obd2-diagnostic-tool-for-ios-iphone-android-code-reader\/#primaryimage\"},\"image\":{\"@id\":\"https:\/\/www.onetimenexttime.sk\/arduino\/index.php\/produkt\/vgate-icar-2-elm327-wifi-obd2-diagnostic-tool-for-ios-iphone-android-code-reader\/#primaryimage\"},\"thumbnailUrl\":\"https:\/\/www.onetimenexttime.sk\/arduino\/wp-content\/uploads\/2021\/11\/362.jpg\",\"datePublished\":\"2021-11-10T08:34:04+00:00\",\"dateModified\":\"2021-11-10T08:38:08+00:00\",\"breadcrumb\":{\"@id\":\"https:\/\/www.onetimenexttime.sk\/arduino\/index.php\/produkt\/vgate-icar-2-elm327-wifi-obd2-diagnostic-tool-for-ios-iphone-android-code-reader\/#breadcrumb\"},\"inLanguage\":\"sk-SK\",\"potentialAction\":[{\"@type\":\"ReadAction\",\"target\":[\"https:\/\/www.onetimenexttime.sk\/arduino\/index.php\/produkt\/vgate-icar-2-elm327-wifi-obd2-diagnostic-tool-for-ios-iphone-android-code-reader\/\"]}]},{\"@type\":\"ImageObject\",\"inLanguage\":\"sk-SK\",\"@id\":\"https:\/\/www.onetimenexttime.sk\/arduino\/index.php\/produkt\/vgate-icar-2-elm327-wifi-obd2-diagnostic-tool-for-ios-iphone-android-code-reader\/#primaryimage\",\"url\":\"https:\/\/www.onetimenexttime.sk\/arduino\/wp-content\/uploads\/2021\/11\/362.jpg\",\"contentUrl\":\"https:\/\/www.onetimenexttime.sk\/arduino\/wp-content\/uploads\/2021\/11\/362.jpg\",\"width\":640,\"height\":640},{\"@type\":\"BreadcrumbList\",\"@id\":\"https:\/\/www.onetimenexttime.sk\/arduino\/index.php\/produkt\/vgate-icar-2-elm327-wifi-obd2-diagnostic-tool-for-ios-iphone-android-code-reader\/#breadcrumb\",\"itemListElement\":[{\"@type\":\"ListItem\",\"position\":1,\"name\":\"Domov\",\"item\":\"https:\/\/www.onetimenexttime.sk\/arduino\/\"},{\"@type\":\"ListItem\",\"position\":2,\"name\":\"Obchod\",\"item\":\"https:\/\/www.onetimenexttime.sk\/arduino\/\"},{\"@type\":\"ListItem\",\"position\":3,\"name\":\"Vgate iCar 2 ELM327 Wifi OBD2 Diagnostic Tool for IOS iPhone\/Android Code Reader\"}]},{\"@type\":\"WebSite\",\"@id\":\"https:\/\/www.onetimenexttime.sk\/arduino\/#website\",\"url\":\"https:\/\/www.onetimenexttime.sk\/arduino\/\",\"name\":\"Arduino e-shop\",\"description\":\"Home Assistant\",\"potentialAction\":[{\"@type\":\"SearchAction\",\"target\":{\"@type\":\"EntryPoint\",\"urlTemplate\":\"https:\/\/www.onetimenexttime.sk\/arduino\/?s={search_term_string}\"},\"query-input\":{\"@type\":\"PropertyValueSpecification\",\"valueRequired\":true,\"valueName\":\"search_term_string\"}}],\"inLanguage\":\"sk-SK\"}]}<\/script>\n<!-- \/ Yoast SEO plugin. -->","yoast_head_json":{"title":"Vgate iCar 2 ELM327 Wifi OBD2 Diagnostic Tool for IOS iPhone\/Android Code Reader - Arduino e-shop","robots":{"index":"index","follow":"follow","max-snippet":"max-snippet:-1","max-image-preview":"max-image-preview:large","max-video-preview":"max-video-preview:-1"},"canonical":"https:\/\/www.onetimenexttime.sk\/arduino\/index.php\/produkt\/vgate-icar-2-elm327-wifi-obd2-diagnostic-tool-for-ios-iphone-android-code-reader\/","og_locale":"sk_SK","og_type":"article","og_title":"Vgate iCar 2 ELM327 Wifi OBD2 Diagnostic Tool for IOS iPhone\/Android Code Reader - Arduino e-shop","og_description":"Diagnostick\u00fd n\u00e1stroj Vgate iCar 2 ELM327 Wifi OBD2 pre IOS iPhone\/Android Code Reader &nbsp; Vgate ICAR2 WIFI\/BT OBD2 Auto Diagnostick\u00fd&hellip;","og_url":"https:\/\/www.onetimenexttime.sk\/arduino\/index.php\/produkt\/vgate-icar-2-elm327-wifi-obd2-diagnostic-tool-for-ios-iphone-android-code-reader\/","og_site_name":"Arduino e-shop","article_modified_time":"2021-11-10T08:38:08+00:00","og_image":[{"width":640,"height":640,"url":"https:\/\/www.onetimenexttime.sk\/arduino\/wp-content\/uploads\/2021\/11\/362.jpg","type":"image\/jpeg"}],"twitter_card":"summary_large_image","twitter_misc":{"Predpokladan\u00fd \u010das \u010d\u00edtania":"1 min\u00fata"},"schema":{"@context":"https:\/\/schema.org","@graph":[{"@type":"WebPage","@id":"https:\/\/www.onetimenexttime.sk\/arduino\/index.php\/produkt\/vgate-icar-2-elm327-wifi-obd2-diagnostic-tool-for-ios-iphone-android-code-reader\/","url":"https:\/\/www.onetimenexttime.sk\/arduino\/index.php\/produkt\/vgate-icar-2-elm327-wifi-obd2-diagnostic-tool-for-ios-iphone-android-code-reader\/","name":"Vgate iCar 2 ELM327 Wifi OBD2 Diagnostic Tool for IOS iPhone\/Android Code Reader - Arduino e-shop","isPartOf":{"@id":"https:\/\/www.onetimenexttime.sk\/arduino\/#website"},"primaryImageOfPage":{"@id":"https:\/\/www.onetimenexttime.sk\/arduino\/index.php\/produkt\/vgate-icar-2-elm327-wifi-obd2-diagnostic-tool-for-ios-iphone-android-code-reader\/#primaryimage"},"image":{"@id":"https:\/\/www.onetimenexttime.sk\/arduino\/index.php\/produkt\/vgate-icar-2-elm327-wifi-obd2-diagnostic-tool-for-ios-iphone-android-code-reader\/#primaryimage"},"thumbnailUrl":"https:\/\/www.onetimenexttime.sk\/arduino\/wp-content\/uploads\/2021\/11\/362.jpg","datePublished":"2021-11-10T08:34:04+00:00","dateModified":"2021-11-10T08:38:08+00:00","breadcrumb":{"@id":"https:\/\/www.onetimenexttime.sk\/arduino\/index.php\/produkt\/vgate-icar-2-elm327-wifi-obd2-diagnostic-tool-for-ios-iphone-android-code-reader\/#breadcrumb"},"inLanguage":"sk-SK","potentialAction":[{"@type":"ReadAction","target":["https:\/\/www.onetimenexttime.sk\/arduino\/index.php\/produkt\/vgate-icar-2-elm327-wifi-obd2-diagnostic-tool-for-ios-iphone-android-code-reader\/"]}]},{"@type":"ImageObject","inLanguage":"sk-SK","@id":"https:\/\/www.onetimenexttime.sk\/arduino\/index.php\/produkt\/vgate-icar-2-elm327-wifi-obd2-diagnostic-tool-for-ios-iphone-android-code-reader\/#primaryimage","url":"https:\/\/www.onetimenexttime.sk\/arduino\/wp-content\/uploads\/2021\/11\/362.jpg","contentUrl":"https:\/\/www.onetimenexttime.sk\/arduino\/wp-content\/uploads\/2021\/11\/362.jpg","width":640,"height":640},{"@type":"BreadcrumbList","@id":"https:\/\/www.onetimenexttime.sk\/arduino\/index.php\/produkt\/vgate-icar-2-elm327-wifi-obd2-diagnostic-tool-for-ios-iphone-android-code-reader\/#breadcrumb","itemListElement":[{"@type":"ListItem","position":1,"name":"Domov","item":"https:\/\/www.onetimenexttime.sk\/arduino\/"},{"@type":"ListItem","position":2,"name":"Obchod","item":"https:\/\/www.onetimenexttime.sk\/arduino\/"},{"@type":"ListItem","position":3,"name":"Vgate iCar 2 ELM327 Wifi OBD2 Diagnostic Tool for IOS iPhone\/Android Code Reader"}]},{"@type":"WebSite","@id":"https:\/\/www.onetimenexttime.sk\/arduino\/#website","url":"https:\/\/www.onetimenexttime.sk\/arduino\/","name":"Arduino e-shop","description":"Home Assistant","potentialAction":[{"@type":"SearchAction","target":{"@type":"EntryPoint","urlTemplate":"https:\/\/www.onetimenexttime.sk\/arduino\/?s={search_term_string}"},"query-input":{"@type":"PropertyValueSpecification","valueRequired":true,"valueName":"search_term_string"}}],"inLanguage":"sk-SK"}]}},"_links":{"self":[{"href":"https:\/\/www.onetimenexttime.sk\/arduino\/index.php\/wp-json\/wp\/v2\/product\/1238"}],"collection":[{"href":"https:\/\/www.onetimenexttime.sk\/arduino\/index.php\/wp-json\/wp\/v2\/product"}],"about":[{"href":"https:\/\/www.onetimenexttime.sk\/arduino\/index.php\/wp-json\/wp\/v2\/types\/product"}],"wp:featuredmedia":[{"embeddable":true,"href":"https:\/\/www.onetimenexttime.sk\/arduino\/index.php\/wp-json\/wp\/v2\/media\/1239"}],"wp:attachment":[{"href":"https:\/\/www.onetimenexttime.sk\/arduino\/index.php\/wp-json\/wp\/v2\/media?parent=1238"}],"wp:term":[{"taxonomy":"product_cat","embeddable":true,"href":"https:\/\/www.onetimenexttime.sk\/arduino\/index.php\/wp-json\/wp\/v2\/product_cat?post=1238"},{"taxonomy":"product_tag","embeddable":true,"href":"https:\/\/www.onetimenexttime.sk\/arduino\/index.php\/wp-json\/wp\/v2\/product_tag?post=1238"}],"curies":[{"name":"wp","href":"https:\/\/api.w.org\/{rel}","templated":true}]}}