{"id":1230,"date":"2021-11-10T08:46:05","date_gmt":"2021-11-10T07:46:05","guid":{"rendered":"https:\/\/www.onetimenexttime.sk\/arduino\/?post_type=product&#038;p=1230"},"modified":"2021-11-10T08:48:40","modified_gmt":"2021-11-10T07:48:40","slug":"2-port-sata-splitter-power-cable-2-x-15-pin","status":"publish","type":"product","link":"https:\/\/www.onetimenexttime.sk\/arduino\/index.php\/produkt\/2-port-sata-splitter-power-cable-2-x-15-pin\/","title":{"rendered":"2 Port SATA Splitter Power Cable (2 x 15 Pin)"},"content":{"rendered":"<h2>2portov\u00fd rozde\u013eovac\u00ed nap\u00e1jac\u00ed k\u00e1bel SATA (2 x 15 kol\u00edkov)<\/h2>\n<p>&nbsp;<\/p>\n<p>Konvertuje jeden (4-kol\u00edkov\u00fd) konektor na 2 SATA (15-kol\u00edkov\u00fd)<br \/>\nPou\u017e\u00edva sa na prisp\u00f4sobenie star\u0161\u00edch nap\u00e1jac\u00edch jednotiek na pou\u017eitie s nov\u00fdmi zariadeniami SATA<br \/>\nJednoduch\u00e1 in\u0161tal\u00e1cia<br \/>\nInovuje v\u00e1\u0161 po\u010d\u00edta\u010d o r\u00fdchlej\u0161ie pevn\u00e9 disky\/optick\u00e9 jednotky SATA<br \/>\n* 2-portov\u00fd SATA splitter nap\u00e1jac\u00ed k\u00e1bel (2 x 15-pin)<br \/>\n* SATA je r\u00fdchly nov\u00fd \u0161tandard v technol\u00f3gii po\u010d\u00edta\u010dov\u00fdch zbern\u00edc (zbernica ozna\u010duje \u010dasti syst\u00e9mu, ktor\u00e9 pren\u00e1\u0161aj\u00fa d\u00e1ta).<br \/>\n* Tak\u017ee aj ke\u010f mo\u017eno budete chcie\u0165 pevn\u00fd disk SATA alebo optick\u00fa jednotku, mnoho po\u010d\u00edta\u010dov na trhu m\u00e1 st\u00e1le nap\u00e1jacie zdroje, ktor\u00e9 neobsahuj\u00fa \u017eiadne alebo dostato\u010dn\u00e9 nap\u00e1jacie k\u00e1ble na podporu zariaden\u00ed SATA (pou\u017e\u00edvaj\u00fa in\u00fd typ nap\u00e1jacej z\u00e1str\u010dky ako star\u0161ie zariadenia) .<br \/>\n* Tento k\u00e1blov\u00fd adapt\u00e9r m\u00f4\u017eete jednoducho prida\u0165 k jedn\u00e9mu z konektorov Molex v\u00e1\u0161ho po\u010d\u00edta\u010da a nap\u00e1ja\u0165 a\u017e 2 disky SATA.<\/p>\n","protected":false},"excerpt":{"rendered":"<p>2portov\u00fd rozde\u013eovac\u00ed nap\u00e1jac\u00ed k\u00e1bel SATA (2 x 15 kol\u00edkov) &nbsp; Konvertuje jeden (4-kol\u00edkov\u00fd) konektor na 2 SATA (15-kol\u00edkov\u00fd) Pou\u017e\u00edva sa&hellip;<\/p>\n","protected":false},"featured_media":1231,"template":"","meta":{"_monsterinsights_skip_tracking":false,"_monsterinsights_sitenote_active":false,"_monsterinsights_sitenote_note":"","_monsterinsights_sitenote_category":0},"product_cat":[49,50,63],"product_tag":[],"class_list":{"0":"post-1230","1":"product","2":"type-product","3":"status-publish","4":"has-post-thumbnail","6":"product_cat-cable","7":"product_cat-pc","8":"product_cat-sata","10":"first","11":"instock","12":"shipping-taxable","13":"purchasable","14":"product-type-simple"},"yoast_head":"<!-- This site is optimized with the Yoast SEO plugin v23.6 - https:\/\/yoast.com\/wordpress\/plugins\/seo\/ -->\n<title>2 Port SATA Splitter Power Cable (2 x 15 Pin) - Arduino e-shop<\/title>\n<meta name=\"robots\" content=\"index, follow, max-snippet:-1, max-image-preview:large, max-video-preview:-1\" \/>\n<link rel=\"canonical\" href=\"https:\/\/www.onetimenexttime.sk\/arduino\/index.php\/produkt\/2-port-sata-splitter-power-cable-2-x-15-pin\/\" \/>\n<meta property=\"og:locale\" content=\"sk_SK\" \/>\n<meta property=\"og:type\" content=\"article\" \/>\n<meta property=\"og:title\" content=\"2 Port SATA Splitter Power Cable (2 x 15 Pin) - Arduino e-shop\" \/>\n<meta property=\"og:description\" content=\"2portov\u00fd rozde\u013eovac\u00ed nap\u00e1jac\u00ed k\u00e1bel SATA (2 x 15 kol\u00edkov) &nbsp; Konvertuje jeden (4-kol\u00edkov\u00fd) konektor na 2 SATA (15-kol\u00edkov\u00fd) Pou\u017e\u00edva sa&hellip;\" \/>\n<meta property=\"og:url\" content=\"https:\/\/www.onetimenexttime.sk\/arduino\/index.php\/produkt\/2-port-sata-splitter-power-cable-2-x-15-pin\/\" \/>\n<meta property=\"og:site_name\" content=\"Arduino e-shop\" \/>\n<meta property=\"article:modified_time\" content=\"2021-11-10T07:48:40+00:00\" \/>\n<meta property=\"og:image\" content=\"https:\/\/www.onetimenexttime.sk\/arduino\/wp-content\/uploads\/2021\/11\/359.jpg\" \/>\n\t<meta property=\"og:image:width\" content=\"500\" \/>\n\t<meta property=\"og:image:height\" content=\"500\" \/>\n\t<meta property=\"og:image:type\" content=\"image\/jpeg\" \/>\n<meta name=\"twitter:card\" content=\"summary_large_image\" \/>\n<meta name=\"twitter:label1\" content=\"Predpokladan\u00fd \u010das \u010d\u00edtania\" \/>\n\t<meta name=\"twitter:data1\" content=\"1 min\u00fata\" \/>\n<script type=\"application\/ld+json\" class=\"yoast-schema-graph\">{\"@context\":\"https:\/\/schema.org\",\"@graph\":[{\"@type\":\"WebPage\",\"@id\":\"https:\/\/www.onetimenexttime.sk\/arduino\/index.php\/produkt\/2-port-sata-splitter-power-cable-2-x-15-pin\/\",\"url\":\"https:\/\/www.onetimenexttime.sk\/arduino\/index.php\/produkt\/2-port-sata-splitter-power-cable-2-x-15-pin\/\",\"name\":\"2 Port SATA Splitter Power Cable (2 x 15 Pin) - Arduino e-shop\",\"isPartOf\":{\"@id\":\"https:\/\/www.onetimenexttime.sk\/arduino\/#website\"},\"primaryImageOfPage\":{\"@id\":\"https:\/\/www.onetimenexttime.sk\/arduino\/index.php\/produkt\/2-port-sata-splitter-power-cable-2-x-15-pin\/#primaryimage\"},\"image\":{\"@id\":\"https:\/\/www.onetimenexttime.sk\/arduino\/index.php\/produkt\/2-port-sata-splitter-power-cable-2-x-15-pin\/#primaryimage\"},\"thumbnailUrl\":\"https:\/\/www.onetimenexttime.sk\/arduino\/wp-content\/uploads\/2021\/11\/359.jpg\",\"datePublished\":\"2021-11-10T07:46:05+00:00\",\"dateModified\":\"2021-11-10T07:48:40+00:00\",\"breadcrumb\":{\"@id\":\"https:\/\/www.onetimenexttime.sk\/arduino\/index.php\/produkt\/2-port-sata-splitter-power-cable-2-x-15-pin\/#breadcrumb\"},\"inLanguage\":\"sk-SK\",\"potentialAction\":[{\"@type\":\"ReadAction\",\"target\":[\"https:\/\/www.onetimenexttime.sk\/arduino\/index.php\/produkt\/2-port-sata-splitter-power-cable-2-x-15-pin\/\"]}]},{\"@type\":\"ImageObject\",\"inLanguage\":\"sk-SK\",\"@id\":\"https:\/\/www.onetimenexttime.sk\/arduino\/index.php\/produkt\/2-port-sata-splitter-power-cable-2-x-15-pin\/#primaryimage\",\"url\":\"https:\/\/www.onetimenexttime.sk\/arduino\/wp-content\/uploads\/2021\/11\/359.jpg\",\"contentUrl\":\"https:\/\/www.onetimenexttime.sk\/arduino\/wp-content\/uploads\/2021\/11\/359.jpg\",\"width\":500,\"height\":500},{\"@type\":\"BreadcrumbList\",\"@id\":\"https:\/\/www.onetimenexttime.sk\/arduino\/index.php\/produkt\/2-port-sata-splitter-power-cable-2-x-15-pin\/#breadcrumb\",\"itemListElement\":[{\"@type\":\"ListItem\",\"position\":1,\"name\":\"Domov\",\"item\":\"https:\/\/www.onetimenexttime.sk\/arduino\/\"},{\"@type\":\"ListItem\",\"position\":2,\"name\":\"Obchod\",\"item\":\"https:\/\/www.onetimenexttime.sk\/arduino\/\"},{\"@type\":\"ListItem\",\"position\":3,\"name\":\"2 Port SATA Splitter Power Cable (2 x 15 Pin)\"}]},{\"@type\":\"WebSite\",\"@id\":\"https:\/\/www.onetimenexttime.sk\/arduino\/#website\",\"url\":\"https:\/\/www.onetimenexttime.sk\/arduino\/\",\"name\":\"Arduino e-shop\",\"description\":\"Home Assistant\",\"potentialAction\":[{\"@type\":\"SearchAction\",\"target\":{\"@type\":\"EntryPoint\",\"urlTemplate\":\"https:\/\/www.onetimenexttime.sk\/arduino\/?s={search_term_string}\"},\"query-input\":{\"@type\":\"PropertyValueSpecification\",\"valueRequired\":true,\"valueName\":\"search_term_string\"}}],\"inLanguage\":\"sk-SK\"}]}<\/script>\n<!-- \/ Yoast SEO plugin. -->","yoast_head_json":{"title":"2 Port SATA Splitter Power Cable (2 x 15 Pin) - Arduino e-shop","robots":{"index":"index","follow":"follow","max-snippet":"max-snippet:-1","max-image-preview":"max-image-preview:large","max-video-preview":"max-video-preview:-1"},"canonical":"https:\/\/www.onetimenexttime.sk\/arduino\/index.php\/produkt\/2-port-sata-splitter-power-cable-2-x-15-pin\/","og_locale":"sk_SK","og_type":"article","og_title":"2 Port SATA Splitter Power Cable (2 x 15 Pin) - Arduino e-shop","og_description":"2portov\u00fd rozde\u013eovac\u00ed nap\u00e1jac\u00ed k\u00e1bel SATA (2 x 15 kol\u00edkov) &nbsp; Konvertuje jeden (4-kol\u00edkov\u00fd) konektor na 2 SATA (15-kol\u00edkov\u00fd) Pou\u017e\u00edva sa&hellip;","og_url":"https:\/\/www.onetimenexttime.sk\/arduino\/index.php\/produkt\/2-port-sata-splitter-power-cable-2-x-15-pin\/","og_site_name":"Arduino e-shop","article_modified_time":"2021-11-10T07:48:40+00:00","og_image":[{"width":500,"height":500,"url":"https:\/\/www.onetimenexttime.sk\/arduino\/wp-content\/uploads\/2021\/11\/359.jpg","type":"image\/jpeg"}],"twitter_card":"summary_large_image","twitter_misc":{"Predpokladan\u00fd \u010das \u010d\u00edtania":"1 min\u00fata"},"schema":{"@context":"https:\/\/schema.org","@graph":[{"@type":"WebPage","@id":"https:\/\/www.onetimenexttime.sk\/arduino\/index.php\/produkt\/2-port-sata-splitter-power-cable-2-x-15-pin\/","url":"https:\/\/www.onetimenexttime.sk\/arduino\/index.php\/produkt\/2-port-sata-splitter-power-cable-2-x-15-pin\/","name":"2 Port SATA Splitter Power Cable (2 x 15 Pin) - Arduino e-shop","isPartOf":{"@id":"https:\/\/www.onetimenexttime.sk\/arduino\/#website"},"primaryImageOfPage":{"@id":"https:\/\/www.onetimenexttime.sk\/arduino\/index.php\/produkt\/2-port-sata-splitter-power-cable-2-x-15-pin\/#primaryimage"},"image":{"@id":"https:\/\/www.onetimenexttime.sk\/arduino\/index.php\/produkt\/2-port-sata-splitter-power-cable-2-x-15-pin\/#primaryimage"},"thumbnailUrl":"https:\/\/www.onetimenexttime.sk\/arduino\/wp-content\/uploads\/2021\/11\/359.jpg","datePublished":"2021-11-10T07:46:05+00:00","dateModified":"2021-11-10T07:48:40+00:00","breadcrumb":{"@id":"https:\/\/www.onetimenexttime.sk\/arduino\/index.php\/produkt\/2-port-sata-splitter-power-cable-2-x-15-pin\/#breadcrumb"},"inLanguage":"sk-SK","potentialAction":[{"@type":"ReadAction","target":["https:\/\/www.onetimenexttime.sk\/arduino\/index.php\/produkt\/2-port-sata-splitter-power-cable-2-x-15-pin\/"]}]},{"@type":"ImageObject","inLanguage":"sk-SK","@id":"https:\/\/www.onetimenexttime.sk\/arduino\/index.php\/produkt\/2-port-sata-splitter-power-cable-2-x-15-pin\/#primaryimage","url":"https:\/\/www.onetimenexttime.sk\/arduino\/wp-content\/uploads\/2021\/11\/359.jpg","contentUrl":"https:\/\/www.onetimenexttime.sk\/arduino\/wp-content\/uploads\/2021\/11\/359.jpg","width":500,"height":500},{"@type":"BreadcrumbList","@id":"https:\/\/www.onetimenexttime.sk\/arduino\/index.php\/produkt\/2-port-sata-splitter-power-cable-2-x-15-pin\/#breadcrumb","itemListElement":[{"@type":"ListItem","position":1,"name":"Domov","item":"https:\/\/www.onetimenexttime.sk\/arduino\/"},{"@type":"ListItem","position":2,"name":"Obchod","item":"https:\/\/www.onetimenexttime.sk\/arduino\/"},{"@type":"ListItem","position":3,"name":"2 Port SATA Splitter Power Cable (2 x 15 Pin)"}]},{"@type":"WebSite","@id":"https:\/\/www.onetimenexttime.sk\/arduino\/#website","url":"https:\/\/www.onetimenexttime.sk\/arduino\/","name":"Arduino e-shop","description":"Home Assistant","potentialAction":[{"@type":"SearchAction","target":{"@type":"EntryPoint","urlTemplate":"https:\/\/www.onetimenexttime.sk\/arduino\/?s={search_term_string}"},"query-input":{"@type":"PropertyValueSpecification","valueRequired":true,"valueName":"search_term_string"}}],"inLanguage":"sk-SK"}]}},"_links":{"self":[{"href":"https:\/\/www.onetimenexttime.sk\/arduino\/index.php\/wp-json\/wp\/v2\/product\/1230"}],"collection":[{"href":"https:\/\/www.onetimenexttime.sk\/arduino\/index.php\/wp-json\/wp\/v2\/product"}],"about":[{"href":"https:\/\/www.onetimenexttime.sk\/arduino\/index.php\/wp-json\/wp\/v2\/types\/product"}],"wp:featuredmedia":[{"embeddable":true,"href":"https:\/\/www.onetimenexttime.sk\/arduino\/index.php\/wp-json\/wp\/v2\/media\/1231"}],"wp:attachment":[{"href":"https:\/\/www.onetimenexttime.sk\/arduino\/index.php\/wp-json\/wp\/v2\/media?parent=1230"}],"wp:term":[{"taxonomy":"product_cat","embeddable":true,"href":"https:\/\/www.onetimenexttime.sk\/arduino\/index.php\/wp-json\/wp\/v2\/product_cat?post=1230"},{"taxonomy":"product_tag","embeddable":true,"href":"https:\/\/www.onetimenexttime.sk\/arduino\/index.php\/wp-json\/wp\/v2\/product_tag?post=1230"}],"curies":[{"name":"wp","href":"https:\/\/api.w.org\/{rel}","templated":true}]}}