{"id":1228,"date":"2021-11-10T08:42:32","date_gmt":"2021-11-10T07:42:32","guid":{"rendered":"https:\/\/www.onetimenexttime.sk\/arduino\/?post_type=product&#038;p=1228"},"modified":"2021-11-10T08:45:34","modified_gmt":"2021-11-10T07:45:34","slug":"30cm-internal-pc-sata-serial-s-ata_hd-cable-hard-disk-readers-cord","status":"publish","type":"product","link":"https:\/\/www.onetimenexttime.sk\/arduino\/index.php\/produkt\/30cm-internal-pc-sata-serial-s-ata_hd-cable-hard-disk-readers-cord\/","title":{"rendered":"30cm Internal PC SATA Serial S-ATA_HD Cable Hard Disk Readers Cord"},"content":{"rendered":"<h2>30 cm intern\u00fd po\u010d\u00edta\u010d SATA s\u00e9riov\u00fd k\u00e1bel S-ATA_HD s \u010d\u00edta\u010dkami pevn\u00fdch diskov K\u00e1bel<\/h2>\n<p>&nbsp;<\/p>\n<p><strong>Technick\u00e9 \u00fadaje:<\/strong><br \/>\nVy\u0161\u0161ie prenosov\u00e9 r\u00fdchlosti.<br \/>\nOdoln\u00fd a vysoko kvalitn\u00fd materi\u00e1l.<br \/>\nPrenosn\u00fd dizajn, perfektn\u00e1 n\u00e1hrada.<\/p>\n<p><strong>Typ<\/strong>: SATA k\u00e1bel<br \/>\nMateri\u00e1l \u0161n\u00farky: me\u010f<br \/>\nKonektor: SATA<br \/>\nD\u013a\u017eka: 30 cm \/ 11,81 &#8221; (pribli\u017ene)<\/p>\n","protected":false},"excerpt":{"rendered":"<p>30 cm intern\u00fd po\u010d\u00edta\u010d SATA s\u00e9riov\u00fd k\u00e1bel S-ATA_HD s \u010d\u00edta\u010dkami pevn\u00fdch diskov K\u00e1bel &nbsp; Technick\u00e9 \u00fadaje: Vy\u0161\u0161ie prenosov\u00e9 r\u00fdchlosti. Odoln\u00fd&hellip;<\/p>\n","protected":false},"featured_media":1229,"template":"","meta":{"_monsterinsights_skip_tracking":false,"_monsterinsights_sitenote_active":false,"_monsterinsights_sitenote_note":"","_monsterinsights_sitenote_category":0},"product_cat":[49,50,63],"product_tag":[],"class_list":{"0":"post-1228","1":"product","2":"type-product","3":"status-publish","4":"has-post-thumbnail","6":"product_cat-cable","7":"product_cat-pc","8":"product_cat-sata","10":"first","11":"instock","12":"shipping-taxable","13":"purchasable","14":"product-type-simple"},"yoast_head":"<!-- This site is optimized with the Yoast SEO plugin v23.6 - https:\/\/yoast.com\/wordpress\/plugins\/seo\/ -->\n<title>30cm Internal PC SATA Serial S-ATA_HD Cable Hard Disk Readers Cord - Arduino e-shop<\/title>\n<meta name=\"robots\" content=\"index, follow, max-snippet:-1, max-image-preview:large, max-video-preview:-1\" \/>\n<link rel=\"canonical\" href=\"https:\/\/www.onetimenexttime.sk\/arduino\/index.php\/produkt\/30cm-internal-pc-sata-serial-s-ata_hd-cable-hard-disk-readers-cord\/\" \/>\n<meta property=\"og:locale\" content=\"sk_SK\" \/>\n<meta property=\"og:type\" content=\"article\" \/>\n<meta property=\"og:title\" content=\"30cm Internal PC SATA Serial S-ATA_HD Cable Hard Disk Readers Cord - Arduino e-shop\" \/>\n<meta property=\"og:description\" content=\"30 cm intern\u00fd po\u010d\u00edta\u010d SATA s\u00e9riov\u00fd k\u00e1bel S-ATA_HD s \u010d\u00edta\u010dkami pevn\u00fdch diskov K\u00e1bel &nbsp; Technick\u00e9 \u00fadaje: Vy\u0161\u0161ie prenosov\u00e9 r\u00fdchlosti. Odoln\u00fd&hellip;\" \/>\n<meta property=\"og:url\" content=\"https:\/\/www.onetimenexttime.sk\/arduino\/index.php\/produkt\/30cm-internal-pc-sata-serial-s-ata_hd-cable-hard-disk-readers-cord\/\" \/>\n<meta property=\"og:site_name\" content=\"Arduino e-shop\" \/>\n<meta property=\"article:modified_time\" content=\"2021-11-10T07:45:34+00:00\" \/>\n<meta property=\"og:image\" content=\"https:\/\/www.onetimenexttime.sk\/arduino\/wp-content\/uploads\/2021\/11\/358.webp\" \/>\n\t<meta property=\"og:image:width\" content=\"500\" \/>\n\t<meta property=\"og:image:height\" content=\"500\" \/>\n\t<meta property=\"og:image:type\" content=\"image\/webp\" \/>\n<meta name=\"twitter:card\" content=\"summary_large_image\" \/>\n<meta name=\"twitter:label1\" content=\"Predpokladan\u00fd \u010das \u010d\u00edtania\" \/>\n\t<meta name=\"twitter:data1\" content=\"1 min\u00fata\" \/>\n<script type=\"application\/ld+json\" class=\"yoast-schema-graph\">{\"@context\":\"https:\/\/schema.org\",\"@graph\":[{\"@type\":\"WebPage\",\"@id\":\"https:\/\/www.onetimenexttime.sk\/arduino\/index.php\/produkt\/30cm-internal-pc-sata-serial-s-ata_hd-cable-hard-disk-readers-cord\/\",\"url\":\"https:\/\/www.onetimenexttime.sk\/arduino\/index.php\/produkt\/30cm-internal-pc-sata-serial-s-ata_hd-cable-hard-disk-readers-cord\/\",\"name\":\"30cm Internal PC SATA Serial S-ATA_HD Cable Hard Disk Readers Cord - Arduino e-shop\",\"isPartOf\":{\"@id\":\"https:\/\/www.onetimenexttime.sk\/arduino\/#website\"},\"primaryImageOfPage\":{\"@id\":\"https:\/\/www.onetimenexttime.sk\/arduino\/index.php\/produkt\/30cm-internal-pc-sata-serial-s-ata_hd-cable-hard-disk-readers-cord\/#primaryimage\"},\"image\":{\"@id\":\"https:\/\/www.onetimenexttime.sk\/arduino\/index.php\/produkt\/30cm-internal-pc-sata-serial-s-ata_hd-cable-hard-disk-readers-cord\/#primaryimage\"},\"thumbnailUrl\":\"https:\/\/www.onetimenexttime.sk\/arduino\/wp-content\/uploads\/2021\/11\/358.webp\",\"datePublished\":\"2021-11-10T07:42:32+00:00\",\"dateModified\":\"2021-11-10T07:45:34+00:00\",\"breadcrumb\":{\"@id\":\"https:\/\/www.onetimenexttime.sk\/arduino\/index.php\/produkt\/30cm-internal-pc-sata-serial-s-ata_hd-cable-hard-disk-readers-cord\/#breadcrumb\"},\"inLanguage\":\"sk-SK\",\"potentialAction\":[{\"@type\":\"ReadAction\",\"target\":[\"https:\/\/www.onetimenexttime.sk\/arduino\/index.php\/produkt\/30cm-internal-pc-sata-serial-s-ata_hd-cable-hard-disk-readers-cord\/\"]}]},{\"@type\":\"ImageObject\",\"inLanguage\":\"sk-SK\",\"@id\":\"https:\/\/www.onetimenexttime.sk\/arduino\/index.php\/produkt\/30cm-internal-pc-sata-serial-s-ata_hd-cable-hard-disk-readers-cord\/#primaryimage\",\"url\":\"https:\/\/www.onetimenexttime.sk\/arduino\/wp-content\/uploads\/2021\/11\/358.webp\",\"contentUrl\":\"https:\/\/www.onetimenexttime.sk\/arduino\/wp-content\/uploads\/2021\/11\/358.webp\",\"width\":500,\"height\":500},{\"@type\":\"BreadcrumbList\",\"@id\":\"https:\/\/www.onetimenexttime.sk\/arduino\/index.php\/produkt\/30cm-internal-pc-sata-serial-s-ata_hd-cable-hard-disk-readers-cord\/#breadcrumb\",\"itemListElement\":[{\"@type\":\"ListItem\",\"position\":1,\"name\":\"Domov\",\"item\":\"https:\/\/www.onetimenexttime.sk\/arduino\/\"},{\"@type\":\"ListItem\",\"position\":2,\"name\":\"Obchod\",\"item\":\"https:\/\/www.onetimenexttime.sk\/arduino\/\"},{\"@type\":\"ListItem\",\"position\":3,\"name\":\"30cm Internal PC SATA Serial S-ATA_HD Cable Hard Disk Readers Cord\"}]},{\"@type\":\"WebSite\",\"@id\":\"https:\/\/www.onetimenexttime.sk\/arduino\/#website\",\"url\":\"https:\/\/www.onetimenexttime.sk\/arduino\/\",\"name\":\"Arduino e-shop\",\"description\":\"Home Assistant\",\"potentialAction\":[{\"@type\":\"SearchAction\",\"target\":{\"@type\":\"EntryPoint\",\"urlTemplate\":\"https:\/\/www.onetimenexttime.sk\/arduino\/?s={search_term_string}\"},\"query-input\":{\"@type\":\"PropertyValueSpecification\",\"valueRequired\":true,\"valueName\":\"search_term_string\"}}],\"inLanguage\":\"sk-SK\"}]}<\/script>\n<!-- \/ Yoast SEO plugin. -->","yoast_head_json":{"title":"30cm Internal PC SATA Serial S-ATA_HD Cable Hard Disk Readers Cord - Arduino e-shop","robots":{"index":"index","follow":"follow","max-snippet":"max-snippet:-1","max-image-preview":"max-image-preview:large","max-video-preview":"max-video-preview:-1"},"canonical":"https:\/\/www.onetimenexttime.sk\/arduino\/index.php\/produkt\/30cm-internal-pc-sata-serial-s-ata_hd-cable-hard-disk-readers-cord\/","og_locale":"sk_SK","og_type":"article","og_title":"30cm Internal PC SATA Serial S-ATA_HD Cable Hard Disk Readers Cord - Arduino e-shop","og_description":"30 cm intern\u00fd po\u010d\u00edta\u010d SATA s\u00e9riov\u00fd k\u00e1bel S-ATA_HD s \u010d\u00edta\u010dkami pevn\u00fdch diskov K\u00e1bel &nbsp; Technick\u00e9 \u00fadaje: Vy\u0161\u0161ie prenosov\u00e9 r\u00fdchlosti. Odoln\u00fd&hellip;","og_url":"https:\/\/www.onetimenexttime.sk\/arduino\/index.php\/produkt\/30cm-internal-pc-sata-serial-s-ata_hd-cable-hard-disk-readers-cord\/","og_site_name":"Arduino e-shop","article_modified_time":"2021-11-10T07:45:34+00:00","og_image":[{"width":500,"height":500,"url":"https:\/\/www.onetimenexttime.sk\/arduino\/wp-content\/uploads\/2021\/11\/358.webp","type":"image\/webp"}],"twitter_card":"summary_large_image","twitter_misc":{"Predpokladan\u00fd \u010das \u010d\u00edtania":"1 min\u00fata"},"schema":{"@context":"https:\/\/schema.org","@graph":[{"@type":"WebPage","@id":"https:\/\/www.onetimenexttime.sk\/arduino\/index.php\/produkt\/30cm-internal-pc-sata-serial-s-ata_hd-cable-hard-disk-readers-cord\/","url":"https:\/\/www.onetimenexttime.sk\/arduino\/index.php\/produkt\/30cm-internal-pc-sata-serial-s-ata_hd-cable-hard-disk-readers-cord\/","name":"30cm Internal PC SATA Serial S-ATA_HD Cable Hard Disk Readers Cord - Arduino e-shop","isPartOf":{"@id":"https:\/\/www.onetimenexttime.sk\/arduino\/#website"},"primaryImageOfPage":{"@id":"https:\/\/www.onetimenexttime.sk\/arduino\/index.php\/produkt\/30cm-internal-pc-sata-serial-s-ata_hd-cable-hard-disk-readers-cord\/#primaryimage"},"image":{"@id":"https:\/\/www.onetimenexttime.sk\/arduino\/index.php\/produkt\/30cm-internal-pc-sata-serial-s-ata_hd-cable-hard-disk-readers-cord\/#primaryimage"},"thumbnailUrl":"https:\/\/www.onetimenexttime.sk\/arduino\/wp-content\/uploads\/2021\/11\/358.webp","datePublished":"2021-11-10T07:42:32+00:00","dateModified":"2021-11-10T07:45:34+00:00","breadcrumb":{"@id":"https:\/\/www.onetimenexttime.sk\/arduino\/index.php\/produkt\/30cm-internal-pc-sata-serial-s-ata_hd-cable-hard-disk-readers-cord\/#breadcrumb"},"inLanguage":"sk-SK","potentialAction":[{"@type":"ReadAction","target":["https:\/\/www.onetimenexttime.sk\/arduino\/index.php\/produkt\/30cm-internal-pc-sata-serial-s-ata_hd-cable-hard-disk-readers-cord\/"]}]},{"@type":"ImageObject","inLanguage":"sk-SK","@id":"https:\/\/www.onetimenexttime.sk\/arduino\/index.php\/produkt\/30cm-internal-pc-sata-serial-s-ata_hd-cable-hard-disk-readers-cord\/#primaryimage","url":"https:\/\/www.onetimenexttime.sk\/arduino\/wp-content\/uploads\/2021\/11\/358.webp","contentUrl":"https:\/\/www.onetimenexttime.sk\/arduino\/wp-content\/uploads\/2021\/11\/358.webp","width":500,"height":500},{"@type":"BreadcrumbList","@id":"https:\/\/www.onetimenexttime.sk\/arduino\/index.php\/produkt\/30cm-internal-pc-sata-serial-s-ata_hd-cable-hard-disk-readers-cord\/#breadcrumb","itemListElement":[{"@type":"ListItem","position":1,"name":"Domov","item":"https:\/\/www.onetimenexttime.sk\/arduino\/"},{"@type":"ListItem","position":2,"name":"Obchod","item":"https:\/\/www.onetimenexttime.sk\/arduino\/"},{"@type":"ListItem","position":3,"name":"30cm Internal PC SATA Serial S-ATA_HD Cable Hard Disk Readers Cord"}]},{"@type":"WebSite","@id":"https:\/\/www.onetimenexttime.sk\/arduino\/#website","url":"https:\/\/www.onetimenexttime.sk\/arduino\/","name":"Arduino e-shop","description":"Home Assistant","potentialAction":[{"@type":"SearchAction","target":{"@type":"EntryPoint","urlTemplate":"https:\/\/www.onetimenexttime.sk\/arduino\/?s={search_term_string}"},"query-input":{"@type":"PropertyValueSpecification","valueRequired":true,"valueName":"search_term_string"}}],"inLanguage":"sk-SK"}]}},"_links":{"self":[{"href":"https:\/\/www.onetimenexttime.sk\/arduino\/index.php\/wp-json\/wp\/v2\/product\/1228"}],"collection":[{"href":"https:\/\/www.onetimenexttime.sk\/arduino\/index.php\/wp-json\/wp\/v2\/product"}],"about":[{"href":"https:\/\/www.onetimenexttime.sk\/arduino\/index.php\/wp-json\/wp\/v2\/types\/product"}],"wp:featuredmedia":[{"embeddable":true,"href":"https:\/\/www.onetimenexttime.sk\/arduino\/index.php\/wp-json\/wp\/v2\/media\/1229"}],"wp:attachment":[{"href":"https:\/\/www.onetimenexttime.sk\/arduino\/index.php\/wp-json\/wp\/v2\/media?parent=1228"}],"wp:term":[{"taxonomy":"product_cat","embeddable":true,"href":"https:\/\/www.onetimenexttime.sk\/arduino\/index.php\/wp-json\/wp\/v2\/product_cat?post=1228"},{"taxonomy":"product_tag","embeddable":true,"href":"https:\/\/www.onetimenexttime.sk\/arduino\/index.php\/wp-json\/wp\/v2\/product_tag?post=1228"}],"curies":[{"name":"wp","href":"https:\/\/api.w.org\/{rel}","templated":true}]}}