{"id":1215,"date":"2021-11-10T06:29:59","date_gmt":"2021-11-10T05:29:59","guid":{"rendered":"https:\/\/www.onetimenexttime.sk\/arduino\/?post_type=product&#038;p=1215"},"modified":"2021-11-10T06:57:18","modified_gmt":"2021-11-10T05:57:18","slug":"portable-500x-to-1000x-usb-digital-microscope-camera-magnification-endoscope-otg-stand-free-for-samsung-android-mobile-windows","status":"publish","type":"product","link":"https:\/\/www.onetimenexttime.sk\/arduino\/index.php\/produkt\/portable-500x-to-1000x-usb-digital-microscope-camera-magnification-endoscope-otg-stand-free-for-samsung-android-mobile-windows\/","title":{"rendered":"Portable 500x to 1000x USB Digital Microscope Camera Magnification Endoscope OTG stand free for Samsung Android Mobile Windows"},"content":{"rendered":"<h2>Prenosn\u00fd 500x a\u017e 1000x USB digit\u00e1lny mikroskop Fotoapar\u00e1t Zv\u00e4\u010d\u0161enie Endoskop OTG stojan zadarmo pre Samsung Android Mobile Windows<\/h2>\n<p>M\u00f4\u017eete to pou\u017ei\u0165 na:<br \/>\nPriemyseln\u00e1 in\u0161pekcia, in\u0161pekcia po\u010d\u00edta\u010dov\u00fdch dielov, in\u0161pekcia telekomunika\u010dn\u00e9ho modulu, vedeck\u00fd u\u010debn\u00fd n\u00e1stroj, laborat\u00f3rny v\u00fdskum, lek\u00e1rska anal\u00fdza, \u0161kolsk\u00fd v\u00fdskumn\u00fd n\u00e1stroj, vy\u0161etrenie pitvou hmyzu, vy\u0161etrenie pitvou rastl\u00edn, vy\u0161etrenie ko\u017ee, vy\u0161etrenie poko\u017eky hlavy, kontrola textilu, in\u0161pekcia \u0161perkov, kontrola zbierok \/ minc\u00ed, Kontrola tla\u010de, Pom\u00f4cka na \u010d\u00edtanie, Prida\u0165 u\u010dite\u013ea ako projekt, Prezent\u00e1cia at\u010f.<br \/>\nPozn\u00e1mka:<br \/>\n1.Podporuje iba syst\u00e9m Anroid 4.0 a vy\u0161\u0161\u00ed syst\u00e9m Anroid 4.0, nepodporuje syst\u00e9m IOS;<br \/>\n2. V\u00e1\u0161 telef\u00f3n s Androidom mus\u00ed podporova\u0165 funkciu OTG a extern\u00fa kameru, pred objedn\u00e1vkou ju pros\u00edm d\u00f4kladne potvr\u010fte.<br \/>\n3. Ak ho nem\u00f4\u017eete pou\u017ei\u0165 na svojom telef\u00f3ne (niektor\u00e9 OTG nepodporuj\u00fa tento endoskop), nebojte sa, m\u00f4\u017eete ho pou\u017ei\u0165 na po\u010d\u00edta\u010di. (Windows xp\/7\/8\/10)<\/p>\n<p>\u0161pecifik\u00e1cia:<br \/>\nm\u00e1gov\u00fd CMOS sn\u00edma\u010d<br \/>\nOvl\u00e1da\u010d: High Speed \u200b\u200bDSP<br \/>\nObjekt\u00edv: Objekt\u00edv Micro-Scope<br \/>\nRozsah zaostrenia: Manu\u00e1lne zaostrenie od 3 mm do 40 mm<br \/>\nSn\u00edmka: Softv\u00e9r a hardv\u00e9r<br \/>\nRozl\u00ed\u0161enie sn\u00edmania videa: 1600 x 1200 (2M pixel), 1280 x 960 (1,3M pixel), 800 x 600, 640 x 480,<br \/>\nRozl\u00ed\u0161enie sn\u00edmania statick\u00fdch obr\u00e1zkov: 1600 x 1200 (2M pixel), 1280 x 960 (1,3M pixel), 800 x 600, 640 x 480<br \/>\nSn\u00edmkov\u00e1 frekvencia: Max. 30 f\/s Jas pod 600 Lux<br \/>\nOvl\u00e1danie blikania: Mo\u017enos\u0165 50Hz \/ 60Hz<br \/>\nForm\u00e1t videa: AVI<br \/>\nForm\u00e1t sn\u00edmky: JEPG<br \/>\nSveteln\u00fd zdroj: 8 bielych LED di\u00f3d (s ovl\u00e1da\u010dom na USB k\u00e1bli)<br \/>\nPomer zv\u00e4\u010d\u0161enia: 500x 8000x 1000x<br \/>\nNap\u00e1janie: USB port (5V DC)<br \/>\nSoftv\u00e9r: AMCAP (ovl\u00e1da\u010d)<br \/>\nSyst\u00e9mov\u00e9 po\u017eiadavky: Po\u010d\u00edta\u010d Pentium s frekvenciou 700 MHz a viac, ovl\u00e1da\u010d 20M HD Space CD ROM,<br \/>\n128 MB RAM, Direct X VGA karta<br \/>\nRozhranie PC: USB 2.0 a USB 1.1<br \/>\nOpera\u010dn\u00fd syst\u00e9m: Windows 7 32 bit \/ Vista \/ XP<br \/>\nRozmery: 112 mm (L) X 33 mm (R)<br \/>\nPr\u00edslu\u0161enstvo: A1-Alloy stojan, CD ROM (ovl\u00e1da\u010d), obal, emanda\u010dn\u00e9 pravidlo.<br \/>\nObsah balenia:<br \/>\n1x USB mikroskop s okienkov\u00fdm USB portom a Anroid Micro USB portom<br \/>\n1x Stojan<br \/>\n1x Prav\u00edtko<br \/>\n(Deriv\u00e9r digit\u00e1lneho mikroskopu, anglick\u00fd manu\u00e1l si pros\u00edm stiahnite z tohto odkazu)<br \/>\nOvl\u00e1da\u010d mikroskopu si stiahnite tu:<br \/>\n<a href=\"https:\/\/drive.google.com\/file\/d\/0ByU8SNTfMEFMTlZpcEJOWERQVWc\/view?spm=a2g0o.12057483.product-desc.6.4a08258bChp4mN&amp;usp=sharing&amp;resourcekey=0-8oxr4UYh54aVaZbAsFTbqA\">https:\/\/drive.google.com\/file\/d\/0ByU8SNTfMEFMTlZpcEJOWERQVWc\/view?usp=sharing&amp;resourcekey=0-8oxr4UYh54aVaZbAsFTbqA<\/a><\/p>\n<p><img decoding=\"async\" src=\"https:\/\/ae01.alicdn.com\/kf\/HTB11CAcNpXXXXXvaXXXq6xXFXXXD\/205943369\/HTB11CAcNpXXXXXvaXXXq6xXFXXXD.jpg_.webp?size=157454&amp;height=1000&amp;width=1000&amp;hash=80be40ded6a20a16a50a48a493b24edb\" data-spm-anchor-id=\"a2g0o.12057483.product-desc.i4.4a08258bChp4mN\" \/><\/p>\n<p>&nbsp;<\/p>\n<p><img decoding=\"async\" src=\"https:\/\/ae01.alicdn.com\/kf\/HTB1y4o2NFXXXXa.XpXXq6xXFXXXz\/205943369\/HTB1y4o2NFXXXXa.XpXXq6xXFXXXz.jpg_.webp?size=86314&amp;height=1000&amp;width=1000&amp;hash=df86701a539e1326b52148d718f87670\" data-spm-anchor-id=\"a2g0o.12057483.product-desc.i5.4a08258bChp4mN\" \/><\/p>\n<p><img decoding=\"async\" src=\"https:\/\/ae01.alicdn.com\/kf\/HTB1fkMENFXXXXXiapXXq6xXFXXXN\/205943369\/HTB1fkMENFXXXXXiapXXq6xXFXXXN.jpg_.webp?size=133367&amp;height=1000&amp;width=1000&amp;hash=2274275f4520f9adac8fe523a95e2417\" data-spm-anchor-id=\"a2g0o.12057483.product-desc.i6.4a08258bChp4mN\" \/><\/p>\n<p>&nbsp;<\/p>\n","protected":false},"excerpt":{"rendered":"<p>Prenosn\u00fd 500x a\u017e 1000x USB digit\u00e1lny mikroskop Fotoapar\u00e1t Zv\u00e4\u010d\u0161enie Endoskop OTG stojan zadarmo pre Samsung Android Mobile Windows M\u00f4\u017eete to&hellip;<\/p>\n","protected":false},"featured_media":1216,"template":"","meta":{"_monsterinsights_skip_tracking":false,"_monsterinsights_sitenote_active":false,"_monsterinsights_sitenote_note":"","_monsterinsights_sitenote_category":0},"product_cat":[49,27,39,60,50,58,51],"product_tag":[],"class_list":{"0":"post-1215","1":"product","2":"type-product","3":"status-publish","4":"has-post-thumbnail","6":"product_cat-cable","7":"product_cat-kamera","8":"product_cat-mobil-gsm","9":"product_cat-naradie","10":"product_cat-pc","11":"product_cat-tester","12":"product_cat-usb","14":"first","15":"instock","16":"shipping-taxable","17":"purchasable","18":"product-type-simple"},"yoast_head":"<!-- This site is optimized with the Yoast SEO plugin v23.6 - https:\/\/yoast.com\/wordpress\/plugins\/seo\/ -->\n<title>Portable 500x to 1000x USB Digital Microscope Camera Magnification Endoscope OTG stand free for Samsung Android Mobile Windows - Arduino e-shop<\/title>\n<meta name=\"robots\" content=\"index, follow, max-snippet:-1, max-image-preview:large, max-video-preview:-1\" \/>\n<link rel=\"canonical\" href=\"https:\/\/www.onetimenexttime.sk\/arduino\/index.php\/produkt\/portable-500x-to-1000x-usb-digital-microscope-camera-magnification-endoscope-otg-stand-free-for-samsung-android-mobile-windows\/\" \/>\n<meta property=\"og:locale\" content=\"sk_SK\" \/>\n<meta property=\"og:type\" content=\"article\" \/>\n<meta property=\"og:title\" content=\"Portable 500x to 1000x USB Digital Microscope Camera Magnification Endoscope OTG stand free for Samsung Android Mobile Windows - Arduino e-shop\" \/>\n<meta property=\"og:description\" content=\"Prenosn\u00fd 500x a\u017e 1000x USB digit\u00e1lny mikroskop Fotoapar\u00e1t Zv\u00e4\u010d\u0161enie Endoskop OTG stojan zadarmo pre Samsung Android Mobile Windows M\u00f4\u017eete to&hellip;\" \/>\n<meta property=\"og:url\" content=\"https:\/\/www.onetimenexttime.sk\/arduino\/index.php\/produkt\/portable-500x-to-1000x-usb-digital-microscope-camera-magnification-endoscope-otg-stand-free-for-samsung-android-mobile-windows\/\" \/>\n<meta property=\"og:site_name\" content=\"Arduino e-shop\" \/>\n<meta property=\"article:modified_time\" content=\"2021-11-10T05:57:18+00:00\" \/>\n<meta property=\"og:image\" content=\"https:\/\/www.onetimenexttime.sk\/arduino\/wp-content\/uploads\/2021\/11\/352.jpg\" \/>\n\t<meta property=\"og:image:width\" content=\"679\" \/>\n\t<meta property=\"og:image:height\" content=\"666\" \/>\n\t<meta property=\"og:image:type\" content=\"image\/jpeg\" \/>\n<meta name=\"twitter:card\" content=\"summary_large_image\" \/>\n<meta name=\"twitter:label1\" content=\"Predpokladan\u00fd \u010das \u010d\u00edtania\" \/>\n\t<meta name=\"twitter:data1\" content=\"3 min\u00faty\" \/>\n<script type=\"application\/ld+json\" class=\"yoast-schema-graph\">{\"@context\":\"https:\/\/schema.org\",\"@graph\":[{\"@type\":\"WebPage\",\"@id\":\"https:\/\/www.onetimenexttime.sk\/arduino\/index.php\/produkt\/portable-500x-to-1000x-usb-digital-microscope-camera-magnification-endoscope-otg-stand-free-for-samsung-android-mobile-windows\/\",\"url\":\"https:\/\/www.onetimenexttime.sk\/arduino\/index.php\/produkt\/portable-500x-to-1000x-usb-digital-microscope-camera-magnification-endoscope-otg-stand-free-for-samsung-android-mobile-windows\/\",\"name\":\"Portable 500x to 1000x USB Digital Microscope Camera Magnification Endoscope OTG stand free for Samsung Android Mobile Windows - Arduino e-shop\",\"isPartOf\":{\"@id\":\"https:\/\/www.onetimenexttime.sk\/arduino\/#website\"},\"primaryImageOfPage\":{\"@id\":\"https:\/\/www.onetimenexttime.sk\/arduino\/index.php\/produkt\/portable-500x-to-1000x-usb-digital-microscope-camera-magnification-endoscope-otg-stand-free-for-samsung-android-mobile-windows\/#primaryimage\"},\"image\":{\"@id\":\"https:\/\/www.onetimenexttime.sk\/arduino\/index.php\/produkt\/portable-500x-to-1000x-usb-digital-microscope-camera-magnification-endoscope-otg-stand-free-for-samsung-android-mobile-windows\/#primaryimage\"},\"thumbnailUrl\":\"https:\/\/www.onetimenexttime.sk\/arduino\/wp-content\/uploads\/2021\/11\/352.jpg\",\"datePublished\":\"2021-11-10T05:29:59+00:00\",\"dateModified\":\"2021-11-10T05:57:18+00:00\",\"breadcrumb\":{\"@id\":\"https:\/\/www.onetimenexttime.sk\/arduino\/index.php\/produkt\/portable-500x-to-1000x-usb-digital-microscope-camera-magnification-endoscope-otg-stand-free-for-samsung-android-mobile-windows\/#breadcrumb\"},\"inLanguage\":\"sk-SK\",\"potentialAction\":[{\"@type\":\"ReadAction\",\"target\":[\"https:\/\/www.onetimenexttime.sk\/arduino\/index.php\/produkt\/portable-500x-to-1000x-usb-digital-microscope-camera-magnification-endoscope-otg-stand-free-for-samsung-android-mobile-windows\/\"]}]},{\"@type\":\"ImageObject\",\"inLanguage\":\"sk-SK\",\"@id\":\"https:\/\/www.onetimenexttime.sk\/arduino\/index.php\/produkt\/portable-500x-to-1000x-usb-digital-microscope-camera-magnification-endoscope-otg-stand-free-for-samsung-android-mobile-windows\/#primaryimage\",\"url\":\"https:\/\/www.onetimenexttime.sk\/arduino\/wp-content\/uploads\/2021\/11\/352.jpg\",\"contentUrl\":\"https:\/\/www.onetimenexttime.sk\/arduino\/wp-content\/uploads\/2021\/11\/352.jpg\",\"width\":679,\"height\":666},{\"@type\":\"BreadcrumbList\",\"@id\":\"https:\/\/www.onetimenexttime.sk\/arduino\/index.php\/produkt\/portable-500x-to-1000x-usb-digital-microscope-camera-magnification-endoscope-otg-stand-free-for-samsung-android-mobile-windows\/#breadcrumb\",\"itemListElement\":[{\"@type\":\"ListItem\",\"position\":1,\"name\":\"Domov\",\"item\":\"https:\/\/www.onetimenexttime.sk\/arduino\/\"},{\"@type\":\"ListItem\",\"position\":2,\"name\":\"Obchod\",\"item\":\"https:\/\/www.onetimenexttime.sk\/arduino\/\"},{\"@type\":\"ListItem\",\"position\":3,\"name\":\"Portable 500x to 1000x USB Digital Microscope Camera Magnification Endoscope OTG stand free for Samsung Android Mobile Windows\"}]},{\"@type\":\"WebSite\",\"@id\":\"https:\/\/www.onetimenexttime.sk\/arduino\/#website\",\"url\":\"https:\/\/www.onetimenexttime.sk\/arduino\/\",\"name\":\"Arduino e-shop\",\"description\":\"Home Assistant\",\"potentialAction\":[{\"@type\":\"SearchAction\",\"target\":{\"@type\":\"EntryPoint\",\"urlTemplate\":\"https:\/\/www.onetimenexttime.sk\/arduino\/?s={search_term_string}\"},\"query-input\":{\"@type\":\"PropertyValueSpecification\",\"valueRequired\":true,\"valueName\":\"search_term_string\"}}],\"inLanguage\":\"sk-SK\"}]}<\/script>\n<!-- \/ Yoast SEO plugin. -->","yoast_head_json":{"title":"Portable 500x to 1000x USB Digital Microscope Camera Magnification Endoscope OTG stand free for Samsung Android Mobile Windows - Arduino e-shop","robots":{"index":"index","follow":"follow","max-snippet":"max-snippet:-1","max-image-preview":"max-image-preview:large","max-video-preview":"max-video-preview:-1"},"canonical":"https:\/\/www.onetimenexttime.sk\/arduino\/index.php\/produkt\/portable-500x-to-1000x-usb-digital-microscope-camera-magnification-endoscope-otg-stand-free-for-samsung-android-mobile-windows\/","og_locale":"sk_SK","og_type":"article","og_title":"Portable 500x to 1000x USB Digital Microscope Camera Magnification Endoscope OTG stand free for Samsung Android Mobile Windows - Arduino e-shop","og_description":"Prenosn\u00fd 500x a\u017e 1000x USB digit\u00e1lny mikroskop Fotoapar\u00e1t Zv\u00e4\u010d\u0161enie Endoskop OTG stojan zadarmo pre Samsung Android Mobile Windows M\u00f4\u017eete to&hellip;","og_url":"https:\/\/www.onetimenexttime.sk\/arduino\/index.php\/produkt\/portable-500x-to-1000x-usb-digital-microscope-camera-magnification-endoscope-otg-stand-free-for-samsung-android-mobile-windows\/","og_site_name":"Arduino e-shop","article_modified_time":"2021-11-10T05:57:18+00:00","og_image":[{"width":679,"height":666,"url":"https:\/\/www.onetimenexttime.sk\/arduino\/wp-content\/uploads\/2021\/11\/352.jpg","type":"image\/jpeg"}],"twitter_card":"summary_large_image","twitter_misc":{"Predpokladan\u00fd \u010das \u010d\u00edtania":"3 min\u00faty"},"schema":{"@context":"https:\/\/schema.org","@graph":[{"@type":"WebPage","@id":"https:\/\/www.onetimenexttime.sk\/arduino\/index.php\/produkt\/portable-500x-to-1000x-usb-digital-microscope-camera-magnification-endoscope-otg-stand-free-for-samsung-android-mobile-windows\/","url":"https:\/\/www.onetimenexttime.sk\/arduino\/index.php\/produkt\/portable-500x-to-1000x-usb-digital-microscope-camera-magnification-endoscope-otg-stand-free-for-samsung-android-mobile-windows\/","name":"Portable 500x to 1000x USB Digital Microscope Camera Magnification Endoscope OTG stand free for Samsung Android Mobile Windows - Arduino e-shop","isPartOf":{"@id":"https:\/\/www.onetimenexttime.sk\/arduino\/#website"},"primaryImageOfPage":{"@id":"https:\/\/www.onetimenexttime.sk\/arduino\/index.php\/produkt\/portable-500x-to-1000x-usb-digital-microscope-camera-magnification-endoscope-otg-stand-free-for-samsung-android-mobile-windows\/#primaryimage"},"image":{"@id":"https:\/\/www.onetimenexttime.sk\/arduino\/index.php\/produkt\/portable-500x-to-1000x-usb-digital-microscope-camera-magnification-endoscope-otg-stand-free-for-samsung-android-mobile-windows\/#primaryimage"},"thumbnailUrl":"https:\/\/www.onetimenexttime.sk\/arduino\/wp-content\/uploads\/2021\/11\/352.jpg","datePublished":"2021-11-10T05:29:59+00:00","dateModified":"2021-11-10T05:57:18+00:00","breadcrumb":{"@id":"https:\/\/www.onetimenexttime.sk\/arduino\/index.php\/produkt\/portable-500x-to-1000x-usb-digital-microscope-camera-magnification-endoscope-otg-stand-free-for-samsung-android-mobile-windows\/#breadcrumb"},"inLanguage":"sk-SK","potentialAction":[{"@type":"ReadAction","target":["https:\/\/www.onetimenexttime.sk\/arduino\/index.php\/produkt\/portable-500x-to-1000x-usb-digital-microscope-camera-magnification-endoscope-otg-stand-free-for-samsung-android-mobile-windows\/"]}]},{"@type":"ImageObject","inLanguage":"sk-SK","@id":"https:\/\/www.onetimenexttime.sk\/arduino\/index.php\/produkt\/portable-500x-to-1000x-usb-digital-microscope-camera-magnification-endoscope-otg-stand-free-for-samsung-android-mobile-windows\/#primaryimage","url":"https:\/\/www.onetimenexttime.sk\/arduino\/wp-content\/uploads\/2021\/11\/352.jpg","contentUrl":"https:\/\/www.onetimenexttime.sk\/arduino\/wp-content\/uploads\/2021\/11\/352.jpg","width":679,"height":666},{"@type":"BreadcrumbList","@id":"https:\/\/www.onetimenexttime.sk\/arduino\/index.php\/produkt\/portable-500x-to-1000x-usb-digital-microscope-camera-magnification-endoscope-otg-stand-free-for-samsung-android-mobile-windows\/#breadcrumb","itemListElement":[{"@type":"ListItem","position":1,"name":"Domov","item":"https:\/\/www.onetimenexttime.sk\/arduino\/"},{"@type":"ListItem","position":2,"name":"Obchod","item":"https:\/\/www.onetimenexttime.sk\/arduino\/"},{"@type":"ListItem","position":3,"name":"Portable 500x to 1000x USB Digital Microscope Camera Magnification Endoscope OTG stand free for Samsung Android Mobile Windows"}]},{"@type":"WebSite","@id":"https:\/\/www.onetimenexttime.sk\/arduino\/#website","url":"https:\/\/www.onetimenexttime.sk\/arduino\/","name":"Arduino e-shop","description":"Home Assistant","potentialAction":[{"@type":"SearchAction","target":{"@type":"EntryPoint","urlTemplate":"https:\/\/www.onetimenexttime.sk\/arduino\/?s={search_term_string}"},"query-input":{"@type":"PropertyValueSpecification","valueRequired":true,"valueName":"search_term_string"}}],"inLanguage":"sk-SK"}]}},"_links":{"self":[{"href":"https:\/\/www.onetimenexttime.sk\/arduino\/index.php\/wp-json\/wp\/v2\/product\/1215"}],"collection":[{"href":"https:\/\/www.onetimenexttime.sk\/arduino\/index.php\/wp-json\/wp\/v2\/product"}],"about":[{"href":"https:\/\/www.onetimenexttime.sk\/arduino\/index.php\/wp-json\/wp\/v2\/types\/product"}],"wp:featuredmedia":[{"embeddable":true,"href":"https:\/\/www.onetimenexttime.sk\/arduino\/index.php\/wp-json\/wp\/v2\/media\/1216"}],"wp:attachment":[{"href":"https:\/\/www.onetimenexttime.sk\/arduino\/index.php\/wp-json\/wp\/v2\/media?parent=1215"}],"wp:term":[{"taxonomy":"product_cat","embeddable":true,"href":"https:\/\/www.onetimenexttime.sk\/arduino\/index.php\/wp-json\/wp\/v2\/product_cat?post=1215"},{"taxonomy":"product_tag","embeddable":true,"href":"https:\/\/www.onetimenexttime.sk\/arduino\/index.php\/wp-json\/wp\/v2\/product_tag?post=1215"}],"curies":[{"name":"wp","href":"https:\/\/api.w.org\/{rel}","templated":true}]}}