{"id":1205,"date":"2021-11-10T06:05:22","date_gmt":"2021-11-10T05:05:22","guid":{"rendered":"https:\/\/www.onetimenexttime.sk\/arduino\/?post_type=product&#038;p=1205"},"modified":"2021-11-10T06:08:21","modified_gmt":"2021-11-10T05:08:21","slug":"portable-all-in-one-usb-2-0-hub-3-ports-with-usb-card-reader-hub-2-0-480mbps-combo-for-ms-m2-sd-mmc-tf-for-pc-laptop-card-reader","status":"publish","type":"product","link":"https:\/\/www.onetimenexttime.sk\/arduino\/index.php\/produkt\/portable-all-in-one-usb-2-0-hub-3-ports-with-usb-card-reader-hub-2-0-480mbps-combo-for-ms-m2-sd-mmc-tf-for-pc-laptop-card-reader\/","title":{"rendered":"Portable All In One USB 2.0 Hub 3 Ports With USB Card Reader Hub 2.0 480Mbps Combo For MS\/M2\/SD\/MMC\/TF For PC Laptop Card Reader"},"content":{"rendered":"<h2>Prenosn\u00fd rozbo\u010dova\u010d All In One USB 2.0 3 porty s \u010d\u00edta\u010dkou kariet USB Hub 2.0 480 Mb\/s Combo Pre MS\/M2\/SD\/MMC\/TF Pre PC \u010d\u00edta\u010dku kariet pre laptop<\/h2>\n<p>USB 3 portov\u00e1 HUB Combo \u010d\u00edta\u010dka kariet pre SD MMC M2 MS<br \/>\nT\u00e1to USB 2.0 \u010d\u00edta\u010dka pam\u00e4\u0165ov\u00fdch kariet je ide\u00e1lnym spolo\u010dn\u00edkom pre va\u0161e digit\u00e1lne m\u00e9di\u00e1.<br \/>\nVyhnite sa probl\u00e9mom s nosen\u00edm viacer\u00fdch adapt\u00e9rov na \u010d\u00edta\u010dky kariet, aby ste mohli pren\u00e1\u0161a\u0165 fotografie, hudbu, d\u00e1ta a \u010fal\u0161ie medzi viacer\u00fdmi medi\u00e1lnymi platformami.<br \/>\nIde\u00e1lne pre prenosn\u00e9 pou\u017eitie na cest\u00e1ch alebo doma so stoln\u00fdm po\u010d\u00edta\u010dom alebo notebookom.<br \/>\nZv\u00fd\u0161te 3x USB porty<br \/>\nN\u00edzka spotreba energie, vhodn\u00e9 pre stoln\u00fd po\u010d\u00edta\u010d a notebook<br \/>\nPodpora pam\u00e4\u0165ov\u00fdch kariet: MS\/MS PRO DUO\/SD\/MMC\/M2\/Micro SD(TF)<br \/>\nPodporuje USB 2.0 kompatibiln\u00fd USB 1.1, be\u017e\u00ed r\u00fdchlos\u0165ou 480 Mbps<br \/>\nSyst\u00e9mov\u00e1 podpora: Win95\/98\/Me\/2000\/XP\/win 7, Linux 2.4 a Mac os 8.5 &#8230; Nepodporuje CF\/XD kartu Nap\u00e1janie cez USB port, nie je potrebn\u00e9 \u017eiadne extern\u00e9 nap\u00e1janie<br \/>\nMultifunk\u010dn\u00e9: 3 porty USB 2.0 Hub + \u010d\u00edta\u010dka kariet pre MS\/MS PRO DUO, SD\/MMC, M2, Micro SD (TF karta)<\/p>\n","protected":false},"excerpt":{"rendered":"<p>Prenosn\u00fd rozbo\u010dova\u010d All In One USB 2.0 3 porty s \u010d\u00edta\u010dkou kariet USB Hub 2.0 480 Mb\/s Combo Pre MS\/M2\/SD\/MMC\/TF&hellip;<\/p>\n","protected":false},"featured_media":1206,"template":"","meta":{"_monsterinsights_skip_tracking":false,"_monsterinsights_sitenote_active":false,"_monsterinsights_sitenote_note":"","_monsterinsights_sitenote_category":0},"product_cat":[49,50,51],"product_tag":[],"class_list":{"0":"post-1205","1":"product","2":"type-product","3":"status-publish","4":"has-post-thumbnail","6":"product_cat-cable","7":"product_cat-pc","8":"product_cat-usb","10":"first","11":"instock","12":"shipping-taxable","13":"purchasable","14":"product-type-simple"},"yoast_head":"<!-- This site is optimized with the Yoast SEO plugin v23.6 - https:\/\/yoast.com\/wordpress\/plugins\/seo\/ -->\n<title>Portable All In One USB 2.0 Hub 3 Ports With USB Card Reader Hub 2.0 480Mbps Combo For MS\/M2\/SD\/MMC\/TF For PC Laptop Card Reader - Arduino e-shop<\/title>\n<meta name=\"robots\" content=\"index, follow, max-snippet:-1, max-image-preview:large, max-video-preview:-1\" \/>\n<link rel=\"canonical\" href=\"https:\/\/www.onetimenexttime.sk\/arduino\/index.php\/produkt\/portable-all-in-one-usb-2-0-hub-3-ports-with-usb-card-reader-hub-2-0-480mbps-combo-for-ms-m2-sd-mmc-tf-for-pc-laptop-card-reader\/\" \/>\n<meta property=\"og:locale\" content=\"sk_SK\" \/>\n<meta property=\"og:type\" content=\"article\" \/>\n<meta property=\"og:title\" content=\"Portable All In One USB 2.0 Hub 3 Ports With USB Card Reader Hub 2.0 480Mbps Combo For MS\/M2\/SD\/MMC\/TF For PC Laptop Card Reader - Arduino e-shop\" \/>\n<meta property=\"og:description\" content=\"Prenosn\u00fd rozbo\u010dova\u010d All In One USB 2.0 3 porty s \u010d\u00edta\u010dkou kariet USB Hub 2.0 480 Mb\/s Combo Pre MS\/M2\/SD\/MMC\/TF&hellip;\" \/>\n<meta property=\"og:url\" content=\"https:\/\/www.onetimenexttime.sk\/arduino\/index.php\/produkt\/portable-all-in-one-usb-2-0-hub-3-ports-with-usb-card-reader-hub-2-0-480mbps-combo-for-ms-m2-sd-mmc-tf-for-pc-laptop-card-reader\/\" \/>\n<meta property=\"og:site_name\" content=\"Arduino e-shop\" \/>\n<meta property=\"article:modified_time\" content=\"2021-11-10T05:08:21+00:00\" \/>\n<meta property=\"og:image\" content=\"https:\/\/www.onetimenexttime.sk\/arduino\/wp-content\/uploads\/2021\/11\/347.webp\" \/>\n\t<meta property=\"og:image:width\" content=\"800\" \/>\n\t<meta property=\"og:image:height\" content=\"800\" \/>\n\t<meta property=\"og:image:type\" content=\"image\/webp\" \/>\n<meta name=\"twitter:card\" content=\"summary_large_image\" \/>\n<meta name=\"twitter:label1\" content=\"Predpokladan\u00fd \u010das \u010d\u00edtania\" \/>\n\t<meta name=\"twitter:data1\" content=\"1 min\u00fata\" \/>\n<script type=\"application\/ld+json\" class=\"yoast-schema-graph\">{\"@context\":\"https:\/\/schema.org\",\"@graph\":[{\"@type\":\"WebPage\",\"@id\":\"https:\/\/www.onetimenexttime.sk\/arduino\/index.php\/produkt\/portable-all-in-one-usb-2-0-hub-3-ports-with-usb-card-reader-hub-2-0-480mbps-combo-for-ms-m2-sd-mmc-tf-for-pc-laptop-card-reader\/\",\"url\":\"https:\/\/www.onetimenexttime.sk\/arduino\/index.php\/produkt\/portable-all-in-one-usb-2-0-hub-3-ports-with-usb-card-reader-hub-2-0-480mbps-combo-for-ms-m2-sd-mmc-tf-for-pc-laptop-card-reader\/\",\"name\":\"Portable All In One USB 2.0 Hub 3 Ports With USB Card Reader Hub 2.0 480Mbps Combo For MS\/M2\/SD\/MMC\/TF For PC Laptop Card Reader - Arduino e-shop\",\"isPartOf\":{\"@id\":\"https:\/\/www.onetimenexttime.sk\/arduino\/#website\"},\"primaryImageOfPage\":{\"@id\":\"https:\/\/www.onetimenexttime.sk\/arduino\/index.php\/produkt\/portable-all-in-one-usb-2-0-hub-3-ports-with-usb-card-reader-hub-2-0-480mbps-combo-for-ms-m2-sd-mmc-tf-for-pc-laptop-card-reader\/#primaryimage\"},\"image\":{\"@id\":\"https:\/\/www.onetimenexttime.sk\/arduino\/index.php\/produkt\/portable-all-in-one-usb-2-0-hub-3-ports-with-usb-card-reader-hub-2-0-480mbps-combo-for-ms-m2-sd-mmc-tf-for-pc-laptop-card-reader\/#primaryimage\"},\"thumbnailUrl\":\"https:\/\/www.onetimenexttime.sk\/arduino\/wp-content\/uploads\/2021\/11\/347.webp\",\"datePublished\":\"2021-11-10T05:05:22+00:00\",\"dateModified\":\"2021-11-10T05:08:21+00:00\",\"breadcrumb\":{\"@id\":\"https:\/\/www.onetimenexttime.sk\/arduino\/index.php\/produkt\/portable-all-in-one-usb-2-0-hub-3-ports-with-usb-card-reader-hub-2-0-480mbps-combo-for-ms-m2-sd-mmc-tf-for-pc-laptop-card-reader\/#breadcrumb\"},\"inLanguage\":\"sk-SK\",\"potentialAction\":[{\"@type\":\"ReadAction\",\"target\":[\"https:\/\/www.onetimenexttime.sk\/arduino\/index.php\/produkt\/portable-all-in-one-usb-2-0-hub-3-ports-with-usb-card-reader-hub-2-0-480mbps-combo-for-ms-m2-sd-mmc-tf-for-pc-laptop-card-reader\/\"]}]},{\"@type\":\"ImageObject\",\"inLanguage\":\"sk-SK\",\"@id\":\"https:\/\/www.onetimenexttime.sk\/arduino\/index.php\/produkt\/portable-all-in-one-usb-2-0-hub-3-ports-with-usb-card-reader-hub-2-0-480mbps-combo-for-ms-m2-sd-mmc-tf-for-pc-laptop-card-reader\/#primaryimage\",\"url\":\"https:\/\/www.onetimenexttime.sk\/arduino\/wp-content\/uploads\/2021\/11\/347.webp\",\"contentUrl\":\"https:\/\/www.onetimenexttime.sk\/arduino\/wp-content\/uploads\/2021\/11\/347.webp\",\"width\":800,\"height\":800},{\"@type\":\"BreadcrumbList\",\"@id\":\"https:\/\/www.onetimenexttime.sk\/arduino\/index.php\/produkt\/portable-all-in-one-usb-2-0-hub-3-ports-with-usb-card-reader-hub-2-0-480mbps-combo-for-ms-m2-sd-mmc-tf-for-pc-laptop-card-reader\/#breadcrumb\",\"itemListElement\":[{\"@type\":\"ListItem\",\"position\":1,\"name\":\"Domov\",\"item\":\"https:\/\/www.onetimenexttime.sk\/arduino\/\"},{\"@type\":\"ListItem\",\"position\":2,\"name\":\"Obchod\",\"item\":\"https:\/\/www.onetimenexttime.sk\/arduino\/\"},{\"@type\":\"ListItem\",\"position\":3,\"name\":\"Portable All In One USB 2.0 Hub 3 Ports With USB Card Reader Hub 2.0 480Mbps Combo For MS\/M2\/SD\/MMC\/TF For PC Laptop Card Reader\"}]},{\"@type\":\"WebSite\",\"@id\":\"https:\/\/www.onetimenexttime.sk\/arduino\/#website\",\"url\":\"https:\/\/www.onetimenexttime.sk\/arduino\/\",\"name\":\"Arduino e-shop\",\"description\":\"Home Assistant\",\"potentialAction\":[{\"@type\":\"SearchAction\",\"target\":{\"@type\":\"EntryPoint\",\"urlTemplate\":\"https:\/\/www.onetimenexttime.sk\/arduino\/?s={search_term_string}\"},\"query-input\":{\"@type\":\"PropertyValueSpecification\",\"valueRequired\":true,\"valueName\":\"search_term_string\"}}],\"inLanguage\":\"sk-SK\"}]}<\/script>\n<!-- \/ Yoast SEO plugin. -->","yoast_head_json":{"title":"Portable All In One USB 2.0 Hub 3 Ports With USB Card Reader Hub 2.0 480Mbps Combo For MS\/M2\/SD\/MMC\/TF For PC Laptop Card Reader - Arduino e-shop","robots":{"index":"index","follow":"follow","max-snippet":"max-snippet:-1","max-image-preview":"max-image-preview:large","max-video-preview":"max-video-preview:-1"},"canonical":"https:\/\/www.onetimenexttime.sk\/arduino\/index.php\/produkt\/portable-all-in-one-usb-2-0-hub-3-ports-with-usb-card-reader-hub-2-0-480mbps-combo-for-ms-m2-sd-mmc-tf-for-pc-laptop-card-reader\/","og_locale":"sk_SK","og_type":"article","og_title":"Portable All In One USB 2.0 Hub 3 Ports With USB Card Reader Hub 2.0 480Mbps Combo For MS\/M2\/SD\/MMC\/TF For PC Laptop Card Reader - Arduino e-shop","og_description":"Prenosn\u00fd rozbo\u010dova\u010d All In One USB 2.0 3 porty s \u010d\u00edta\u010dkou kariet USB Hub 2.0 480 Mb\/s Combo Pre MS\/M2\/SD\/MMC\/TF&hellip;","og_url":"https:\/\/www.onetimenexttime.sk\/arduino\/index.php\/produkt\/portable-all-in-one-usb-2-0-hub-3-ports-with-usb-card-reader-hub-2-0-480mbps-combo-for-ms-m2-sd-mmc-tf-for-pc-laptop-card-reader\/","og_site_name":"Arduino e-shop","article_modified_time":"2021-11-10T05:08:21+00:00","og_image":[{"width":800,"height":800,"url":"https:\/\/www.onetimenexttime.sk\/arduino\/wp-content\/uploads\/2021\/11\/347.webp","type":"image\/webp"}],"twitter_card":"summary_large_image","twitter_misc":{"Predpokladan\u00fd \u010das \u010d\u00edtania":"1 min\u00fata"},"schema":{"@context":"https:\/\/schema.org","@graph":[{"@type":"WebPage","@id":"https:\/\/www.onetimenexttime.sk\/arduino\/index.php\/produkt\/portable-all-in-one-usb-2-0-hub-3-ports-with-usb-card-reader-hub-2-0-480mbps-combo-for-ms-m2-sd-mmc-tf-for-pc-laptop-card-reader\/","url":"https:\/\/www.onetimenexttime.sk\/arduino\/index.php\/produkt\/portable-all-in-one-usb-2-0-hub-3-ports-with-usb-card-reader-hub-2-0-480mbps-combo-for-ms-m2-sd-mmc-tf-for-pc-laptop-card-reader\/","name":"Portable All In One USB 2.0 Hub 3 Ports With USB Card Reader Hub 2.0 480Mbps Combo For MS\/M2\/SD\/MMC\/TF For PC Laptop Card Reader - Arduino e-shop","isPartOf":{"@id":"https:\/\/www.onetimenexttime.sk\/arduino\/#website"},"primaryImageOfPage":{"@id":"https:\/\/www.onetimenexttime.sk\/arduino\/index.php\/produkt\/portable-all-in-one-usb-2-0-hub-3-ports-with-usb-card-reader-hub-2-0-480mbps-combo-for-ms-m2-sd-mmc-tf-for-pc-laptop-card-reader\/#primaryimage"},"image":{"@id":"https:\/\/www.onetimenexttime.sk\/arduino\/index.php\/produkt\/portable-all-in-one-usb-2-0-hub-3-ports-with-usb-card-reader-hub-2-0-480mbps-combo-for-ms-m2-sd-mmc-tf-for-pc-laptop-card-reader\/#primaryimage"},"thumbnailUrl":"https:\/\/www.onetimenexttime.sk\/arduino\/wp-content\/uploads\/2021\/11\/347.webp","datePublished":"2021-11-10T05:05:22+00:00","dateModified":"2021-11-10T05:08:21+00:00","breadcrumb":{"@id":"https:\/\/www.onetimenexttime.sk\/arduino\/index.php\/produkt\/portable-all-in-one-usb-2-0-hub-3-ports-with-usb-card-reader-hub-2-0-480mbps-combo-for-ms-m2-sd-mmc-tf-for-pc-laptop-card-reader\/#breadcrumb"},"inLanguage":"sk-SK","potentialAction":[{"@type":"ReadAction","target":["https:\/\/www.onetimenexttime.sk\/arduino\/index.php\/produkt\/portable-all-in-one-usb-2-0-hub-3-ports-with-usb-card-reader-hub-2-0-480mbps-combo-for-ms-m2-sd-mmc-tf-for-pc-laptop-card-reader\/"]}]},{"@type":"ImageObject","inLanguage":"sk-SK","@id":"https:\/\/www.onetimenexttime.sk\/arduino\/index.php\/produkt\/portable-all-in-one-usb-2-0-hub-3-ports-with-usb-card-reader-hub-2-0-480mbps-combo-for-ms-m2-sd-mmc-tf-for-pc-laptop-card-reader\/#primaryimage","url":"https:\/\/www.onetimenexttime.sk\/arduino\/wp-content\/uploads\/2021\/11\/347.webp","contentUrl":"https:\/\/www.onetimenexttime.sk\/arduino\/wp-content\/uploads\/2021\/11\/347.webp","width":800,"height":800},{"@type":"BreadcrumbList","@id":"https:\/\/www.onetimenexttime.sk\/arduino\/index.php\/produkt\/portable-all-in-one-usb-2-0-hub-3-ports-with-usb-card-reader-hub-2-0-480mbps-combo-for-ms-m2-sd-mmc-tf-for-pc-laptop-card-reader\/#breadcrumb","itemListElement":[{"@type":"ListItem","position":1,"name":"Domov","item":"https:\/\/www.onetimenexttime.sk\/arduino\/"},{"@type":"ListItem","position":2,"name":"Obchod","item":"https:\/\/www.onetimenexttime.sk\/arduino\/"},{"@type":"ListItem","position":3,"name":"Portable All In One USB 2.0 Hub 3 Ports With USB Card Reader Hub 2.0 480Mbps Combo For MS\/M2\/SD\/MMC\/TF For PC Laptop Card Reader"}]},{"@type":"WebSite","@id":"https:\/\/www.onetimenexttime.sk\/arduino\/#website","url":"https:\/\/www.onetimenexttime.sk\/arduino\/","name":"Arduino e-shop","description":"Home Assistant","potentialAction":[{"@type":"SearchAction","target":{"@type":"EntryPoint","urlTemplate":"https:\/\/www.onetimenexttime.sk\/arduino\/?s={search_term_string}"},"query-input":{"@type":"PropertyValueSpecification","valueRequired":true,"valueName":"search_term_string"}}],"inLanguage":"sk-SK"}]}},"_links":{"self":[{"href":"https:\/\/www.onetimenexttime.sk\/arduino\/index.php\/wp-json\/wp\/v2\/product\/1205"}],"collection":[{"href":"https:\/\/www.onetimenexttime.sk\/arduino\/index.php\/wp-json\/wp\/v2\/product"}],"about":[{"href":"https:\/\/www.onetimenexttime.sk\/arduino\/index.php\/wp-json\/wp\/v2\/types\/product"}],"wp:featuredmedia":[{"embeddable":true,"href":"https:\/\/www.onetimenexttime.sk\/arduino\/index.php\/wp-json\/wp\/v2\/media\/1206"}],"wp:attachment":[{"href":"https:\/\/www.onetimenexttime.sk\/arduino\/index.php\/wp-json\/wp\/v2\/media?parent=1205"}],"wp:term":[{"taxonomy":"product_cat","embeddable":true,"href":"https:\/\/www.onetimenexttime.sk\/arduino\/index.php\/wp-json\/wp\/v2\/product_cat?post=1205"},{"taxonomy":"product_tag","embeddable":true,"href":"https:\/\/www.onetimenexttime.sk\/arduino\/index.php\/wp-json\/wp\/v2\/product_tag?post=1205"}],"curies":[{"name":"wp","href":"https:\/\/api.w.org\/{rel}","templated":true}]}}