{"id":1197,"date":"2021-11-10T05:45:32","date_gmt":"2021-11-10T04:45:32","guid":{"rendered":"https:\/\/www.onetimenexttime.sk\/arduino\/?post_type=product&#038;p=1197"},"modified":"2021-11-10T05:56:08","modified_gmt":"2021-11-10T04:56:08","slug":"led-4-port-usb-2-0-hub-high-speed-power-on-off-button-switch-for-laptop-pc-use","status":"publish","type":"product","link":"https:\/\/www.onetimenexttime.sk\/arduino\/index.php\/produkt\/led-4-port-usb-2-0-hub-high-speed-power-on-off-button-switch-for-laptop-pc-use\/","title":{"rendered":"LED 4 Port USB 2.0 Hub High Speed Power On\/Off Button Switch for Laptop PC Use"},"content":{"rendered":"<h2>4portov\u00fd rozbo\u010dova\u010d USB 2.0 s LED vysokor\u00fdchlostn\u00fdm tla\u010didlom zapnutia\/vypnutia<\/h2>\n<p>&nbsp;<\/p>\n<p>Charakteristiky dizajnu v\u00fdkonov\u00e9ho LED svetla, jednoduch\u00e9 a jasn\u00e9<\/p>\n<p>\u0160tyri USB rozhrania podporuj\u00fa hot plug, plug and play<\/p>\n<p>Rozhranie paralelne, bez ru\u0161enia, dobr\u00e1 kompatibilita<\/p>\n<p>D\u013a\u017eka k\u00e1bla 50 cm, flexibilita je dobr\u00e1, je pohodlnej\u0161ie pou\u017e\u00edva\u0165<\/p>\n<p>Podporujte nap\u00e4tie pri pre\u0165a\u017een\u00ed a funkciu okam\u017eitej ochrany elektrick\u00e9ho pr\u00fadu, \u00fa\u010dinne chr\u00e1\u0148te pripojen\u00e9 zariadenia a HUB<\/p>\n<p>Sp\u00edna\u010d: \u0161tyri nez\u00e1visl\u00e9 ovl\u00e1dacie sp\u00edna\u010de (4) LED displej<\/p>\n<p>Podpora ovl\u00e1da\u010dov pre Windows XP\/Vista\/7\/8\/10 &amp; MAC s podporou USB<\/p>\n<p>Podporuje r\u00fdchlos\u0165 prenosu d\u00e1t a\u017e 480 Mbps\/12 Mbps\/1,5 Mbps a je ide\u00e1lny na odstr\u00e1nenie neporiadku na pracovnej ploche!<\/p>\n<p>Podporn\u00e9 vybavenie: my\u0161, kl\u00e1vesnica, U disk, pevn\u00fd disk, kamera, radi\u00e1tor, reproduktory at\u010f<\/p>\n<p>&nbsp;<\/p>\n<p><strong>Technick\u00e9 \u00fadaje:<\/strong><\/p>\n<p>Farba: \u010dierna<\/p>\n<p>Ve\u013ekos\u0165 polo\u017eky: 10,5 * 3,6 * 3,6 cm<\/p>\n<p>\u010cist\u00e1 hmotnos\u0165: 100 g<\/p>\n<p>&nbsp;<\/p>\n","protected":false},"excerpt":{"rendered":"<p>4portov\u00fd rozbo\u010dova\u010d USB 2.0 s LED vysokor\u00fdchlostn\u00fdm tla\u010didlom zapnutia\/vypnutia &nbsp; Charakteristiky dizajnu v\u00fdkonov\u00e9ho LED svetla, jednoduch\u00e9 a jasn\u00e9 \u0160tyri USB&hellip;<\/p>\n","protected":false},"featured_media":1199,"template":"","meta":{"_monsterinsights_skip_tracking":false,"_monsterinsights_sitenote_active":false,"_monsterinsights_sitenote_note":"","_monsterinsights_sitenote_category":0},"product_cat":[49,50,51],"product_tag":[],"class_list":{"0":"post-1197","1":"product","2":"type-product","3":"status-publish","4":"has-post-thumbnail","6":"product_cat-cable","7":"product_cat-pc","8":"product_cat-usb","10":"first","11":"instock","12":"shipping-taxable","13":"purchasable","14":"product-type-simple"},"yoast_head":"<!-- This site is optimized with the Yoast SEO plugin v23.6 - https:\/\/yoast.com\/wordpress\/plugins\/seo\/ -->\n<title>LED 4 Port USB 2.0 Hub High Speed Power On\/Off Button Switch for Laptop PC Use - Arduino e-shop<\/title>\n<meta name=\"robots\" content=\"index, follow, max-snippet:-1, max-image-preview:large, max-video-preview:-1\" \/>\n<link rel=\"canonical\" href=\"https:\/\/www.onetimenexttime.sk\/arduino\/index.php\/produkt\/led-4-port-usb-2-0-hub-high-speed-power-on-off-button-switch-for-laptop-pc-use\/\" \/>\n<meta property=\"og:locale\" content=\"sk_SK\" \/>\n<meta property=\"og:type\" content=\"article\" \/>\n<meta property=\"og:title\" content=\"LED 4 Port USB 2.0 Hub High Speed Power On\/Off Button Switch for Laptop PC Use - Arduino e-shop\" \/>\n<meta property=\"og:description\" content=\"4portov\u00fd rozbo\u010dova\u010d USB 2.0 s LED vysokor\u00fdchlostn\u00fdm tla\u010didlom zapnutia\/vypnutia &nbsp; Charakteristiky dizajnu v\u00fdkonov\u00e9ho LED svetla, jednoduch\u00e9 a jasn\u00e9 \u0160tyri USB&hellip;\" \/>\n<meta property=\"og:url\" content=\"https:\/\/www.onetimenexttime.sk\/arduino\/index.php\/produkt\/led-4-port-usb-2-0-hub-high-speed-power-on-off-button-switch-for-laptop-pc-use\/\" \/>\n<meta property=\"og:site_name\" content=\"Arduino e-shop\" \/>\n<meta property=\"article:modified_time\" content=\"2021-11-10T04:56:08+00:00\" \/>\n<meta property=\"og:image\" content=\"https:\/\/www.onetimenexttime.sk\/arduino\/wp-content\/uploads\/2021\/11\/344.webp\" \/>\n\t<meta property=\"og:image:width\" content=\"800\" \/>\n\t<meta property=\"og:image:height\" content=\"800\" \/>\n\t<meta property=\"og:image:type\" content=\"image\/webp\" \/>\n<meta name=\"twitter:card\" content=\"summary_large_image\" \/>\n<meta name=\"twitter:label1\" content=\"Predpokladan\u00fd \u010das \u010d\u00edtania\" \/>\n\t<meta name=\"twitter:data1\" content=\"1 min\u00fata\" \/>\n<script type=\"application\/ld+json\" class=\"yoast-schema-graph\">{\"@context\":\"https:\/\/schema.org\",\"@graph\":[{\"@type\":\"WebPage\",\"@id\":\"https:\/\/www.onetimenexttime.sk\/arduino\/index.php\/produkt\/led-4-port-usb-2-0-hub-high-speed-power-on-off-button-switch-for-laptop-pc-use\/\",\"url\":\"https:\/\/www.onetimenexttime.sk\/arduino\/index.php\/produkt\/led-4-port-usb-2-0-hub-high-speed-power-on-off-button-switch-for-laptop-pc-use\/\",\"name\":\"LED 4 Port USB 2.0 Hub High Speed Power On\/Off Button Switch for Laptop PC Use - Arduino e-shop\",\"isPartOf\":{\"@id\":\"https:\/\/www.onetimenexttime.sk\/arduino\/#website\"},\"primaryImageOfPage\":{\"@id\":\"https:\/\/www.onetimenexttime.sk\/arduino\/index.php\/produkt\/led-4-port-usb-2-0-hub-high-speed-power-on-off-button-switch-for-laptop-pc-use\/#primaryimage\"},\"image\":{\"@id\":\"https:\/\/www.onetimenexttime.sk\/arduino\/index.php\/produkt\/led-4-port-usb-2-0-hub-high-speed-power-on-off-button-switch-for-laptop-pc-use\/#primaryimage\"},\"thumbnailUrl\":\"https:\/\/www.onetimenexttime.sk\/arduino\/wp-content\/uploads\/2021\/11\/344.webp\",\"datePublished\":\"2021-11-10T04:45:32+00:00\",\"dateModified\":\"2021-11-10T04:56:08+00:00\",\"breadcrumb\":{\"@id\":\"https:\/\/www.onetimenexttime.sk\/arduino\/index.php\/produkt\/led-4-port-usb-2-0-hub-high-speed-power-on-off-button-switch-for-laptop-pc-use\/#breadcrumb\"},\"inLanguage\":\"sk-SK\",\"potentialAction\":[{\"@type\":\"ReadAction\",\"target\":[\"https:\/\/www.onetimenexttime.sk\/arduino\/index.php\/produkt\/led-4-port-usb-2-0-hub-high-speed-power-on-off-button-switch-for-laptop-pc-use\/\"]}]},{\"@type\":\"ImageObject\",\"inLanguage\":\"sk-SK\",\"@id\":\"https:\/\/www.onetimenexttime.sk\/arduino\/index.php\/produkt\/led-4-port-usb-2-0-hub-high-speed-power-on-off-button-switch-for-laptop-pc-use\/#primaryimage\",\"url\":\"https:\/\/www.onetimenexttime.sk\/arduino\/wp-content\/uploads\/2021\/11\/344.webp\",\"contentUrl\":\"https:\/\/www.onetimenexttime.sk\/arduino\/wp-content\/uploads\/2021\/11\/344.webp\",\"width\":800,\"height\":800},{\"@type\":\"BreadcrumbList\",\"@id\":\"https:\/\/www.onetimenexttime.sk\/arduino\/index.php\/produkt\/led-4-port-usb-2-0-hub-high-speed-power-on-off-button-switch-for-laptop-pc-use\/#breadcrumb\",\"itemListElement\":[{\"@type\":\"ListItem\",\"position\":1,\"name\":\"Domov\",\"item\":\"https:\/\/www.onetimenexttime.sk\/arduino\/\"},{\"@type\":\"ListItem\",\"position\":2,\"name\":\"Obchod\",\"item\":\"https:\/\/www.onetimenexttime.sk\/arduino\/\"},{\"@type\":\"ListItem\",\"position\":3,\"name\":\"LED 4 Port USB 2.0 Hub High Speed Power On\/Off Button Switch for Laptop PC Use\"}]},{\"@type\":\"WebSite\",\"@id\":\"https:\/\/www.onetimenexttime.sk\/arduino\/#website\",\"url\":\"https:\/\/www.onetimenexttime.sk\/arduino\/\",\"name\":\"Arduino e-shop\",\"description\":\"Home Assistant\",\"potentialAction\":[{\"@type\":\"SearchAction\",\"target\":{\"@type\":\"EntryPoint\",\"urlTemplate\":\"https:\/\/www.onetimenexttime.sk\/arduino\/?s={search_term_string}\"},\"query-input\":{\"@type\":\"PropertyValueSpecification\",\"valueRequired\":true,\"valueName\":\"search_term_string\"}}],\"inLanguage\":\"sk-SK\"}]}<\/script>\n<!-- \/ Yoast SEO plugin. -->","yoast_head_json":{"title":"LED 4 Port USB 2.0 Hub High Speed Power On\/Off Button Switch for Laptop PC Use - Arduino e-shop","robots":{"index":"index","follow":"follow","max-snippet":"max-snippet:-1","max-image-preview":"max-image-preview:large","max-video-preview":"max-video-preview:-1"},"canonical":"https:\/\/www.onetimenexttime.sk\/arduino\/index.php\/produkt\/led-4-port-usb-2-0-hub-high-speed-power-on-off-button-switch-for-laptop-pc-use\/","og_locale":"sk_SK","og_type":"article","og_title":"LED 4 Port USB 2.0 Hub High Speed Power On\/Off Button Switch for Laptop PC Use - Arduino e-shop","og_description":"4portov\u00fd rozbo\u010dova\u010d USB 2.0 s LED vysokor\u00fdchlostn\u00fdm tla\u010didlom zapnutia\/vypnutia &nbsp; Charakteristiky dizajnu v\u00fdkonov\u00e9ho LED svetla, jednoduch\u00e9 a jasn\u00e9 \u0160tyri USB&hellip;","og_url":"https:\/\/www.onetimenexttime.sk\/arduino\/index.php\/produkt\/led-4-port-usb-2-0-hub-high-speed-power-on-off-button-switch-for-laptop-pc-use\/","og_site_name":"Arduino e-shop","article_modified_time":"2021-11-10T04:56:08+00:00","og_image":[{"width":800,"height":800,"url":"https:\/\/www.onetimenexttime.sk\/arduino\/wp-content\/uploads\/2021\/11\/344.webp","type":"image\/webp"}],"twitter_card":"summary_large_image","twitter_misc":{"Predpokladan\u00fd \u010das \u010d\u00edtania":"1 min\u00fata"},"schema":{"@context":"https:\/\/schema.org","@graph":[{"@type":"WebPage","@id":"https:\/\/www.onetimenexttime.sk\/arduino\/index.php\/produkt\/led-4-port-usb-2-0-hub-high-speed-power-on-off-button-switch-for-laptop-pc-use\/","url":"https:\/\/www.onetimenexttime.sk\/arduino\/index.php\/produkt\/led-4-port-usb-2-0-hub-high-speed-power-on-off-button-switch-for-laptop-pc-use\/","name":"LED 4 Port USB 2.0 Hub High Speed Power On\/Off Button Switch for Laptop PC Use - Arduino e-shop","isPartOf":{"@id":"https:\/\/www.onetimenexttime.sk\/arduino\/#website"},"primaryImageOfPage":{"@id":"https:\/\/www.onetimenexttime.sk\/arduino\/index.php\/produkt\/led-4-port-usb-2-0-hub-high-speed-power-on-off-button-switch-for-laptop-pc-use\/#primaryimage"},"image":{"@id":"https:\/\/www.onetimenexttime.sk\/arduino\/index.php\/produkt\/led-4-port-usb-2-0-hub-high-speed-power-on-off-button-switch-for-laptop-pc-use\/#primaryimage"},"thumbnailUrl":"https:\/\/www.onetimenexttime.sk\/arduino\/wp-content\/uploads\/2021\/11\/344.webp","datePublished":"2021-11-10T04:45:32+00:00","dateModified":"2021-11-10T04:56:08+00:00","breadcrumb":{"@id":"https:\/\/www.onetimenexttime.sk\/arduino\/index.php\/produkt\/led-4-port-usb-2-0-hub-high-speed-power-on-off-button-switch-for-laptop-pc-use\/#breadcrumb"},"inLanguage":"sk-SK","potentialAction":[{"@type":"ReadAction","target":["https:\/\/www.onetimenexttime.sk\/arduino\/index.php\/produkt\/led-4-port-usb-2-0-hub-high-speed-power-on-off-button-switch-for-laptop-pc-use\/"]}]},{"@type":"ImageObject","inLanguage":"sk-SK","@id":"https:\/\/www.onetimenexttime.sk\/arduino\/index.php\/produkt\/led-4-port-usb-2-0-hub-high-speed-power-on-off-button-switch-for-laptop-pc-use\/#primaryimage","url":"https:\/\/www.onetimenexttime.sk\/arduino\/wp-content\/uploads\/2021\/11\/344.webp","contentUrl":"https:\/\/www.onetimenexttime.sk\/arduino\/wp-content\/uploads\/2021\/11\/344.webp","width":800,"height":800},{"@type":"BreadcrumbList","@id":"https:\/\/www.onetimenexttime.sk\/arduino\/index.php\/produkt\/led-4-port-usb-2-0-hub-high-speed-power-on-off-button-switch-for-laptop-pc-use\/#breadcrumb","itemListElement":[{"@type":"ListItem","position":1,"name":"Domov","item":"https:\/\/www.onetimenexttime.sk\/arduino\/"},{"@type":"ListItem","position":2,"name":"Obchod","item":"https:\/\/www.onetimenexttime.sk\/arduino\/"},{"@type":"ListItem","position":3,"name":"LED 4 Port USB 2.0 Hub High Speed Power On\/Off Button Switch for Laptop PC Use"}]},{"@type":"WebSite","@id":"https:\/\/www.onetimenexttime.sk\/arduino\/#website","url":"https:\/\/www.onetimenexttime.sk\/arduino\/","name":"Arduino e-shop","description":"Home Assistant","potentialAction":[{"@type":"SearchAction","target":{"@type":"EntryPoint","urlTemplate":"https:\/\/www.onetimenexttime.sk\/arduino\/?s={search_term_string}"},"query-input":{"@type":"PropertyValueSpecification","valueRequired":true,"valueName":"search_term_string"}}],"inLanguage":"sk-SK"}]}},"_links":{"self":[{"href":"https:\/\/www.onetimenexttime.sk\/arduino\/index.php\/wp-json\/wp\/v2\/product\/1197"}],"collection":[{"href":"https:\/\/www.onetimenexttime.sk\/arduino\/index.php\/wp-json\/wp\/v2\/product"}],"about":[{"href":"https:\/\/www.onetimenexttime.sk\/arduino\/index.php\/wp-json\/wp\/v2\/types\/product"}],"wp:featuredmedia":[{"embeddable":true,"href":"https:\/\/www.onetimenexttime.sk\/arduino\/index.php\/wp-json\/wp\/v2\/media\/1199"}],"wp:attachment":[{"href":"https:\/\/www.onetimenexttime.sk\/arduino\/index.php\/wp-json\/wp\/v2\/media?parent=1197"}],"wp:term":[{"taxonomy":"product_cat","embeddable":true,"href":"https:\/\/www.onetimenexttime.sk\/arduino\/index.php\/wp-json\/wp\/v2\/product_cat?post=1197"},{"taxonomy":"product_tag","embeddable":true,"href":"https:\/\/www.onetimenexttime.sk\/arduino\/index.php\/wp-json\/wp\/v2\/product_tag?post=1197"}],"curies":[{"name":"wp","href":"https:\/\/api.w.org\/{rel}","templated":true}]}}