{"id":1089,"date":"2021-11-09T10:42:25","date_gmt":"2021-11-09T09:42:25","guid":{"rendered":"https:\/\/www.onetimenexttime.sk\/arduino\/?post_type=product&#038;p=1089"},"modified":"2021-11-09T10:48:14","modified_gmt":"2021-11-09T09:48:14","slug":"ac220v-1ch-wireless-remote-control-light-switch-radio-receiver-and-wall-round-transmitter-315-mhz","status":"publish","type":"product","link":"https:\/\/www.onetimenexttime.sk\/arduino\/index.php\/produkt\/ac220v-1ch-wireless-remote-control-light-switch-radio-receiver-and-wall-round-transmitter-315-mhz\/","title":{"rendered":"AC220V 1CH Wireless Remote Control Light Switch Radio Receiver and Wall Round Transmitter 315 mhz"},"content":{"rendered":"<h2>AC220V 1kan\u00e1lov\u00fd bezdr\u00f4tov\u00fd dia\u013ekov\u00fd ovl\u00e1da\u010d Sveteln\u00fd sp\u00edna\u010d R\u00e1diov\u00fd prij\u00edma\u010d a n\u00e1stenn\u00fd okr\u00fahly vysiela\u010d 315MHz<\/h2>\n<p><strong>Vysiela\u010d<\/strong><\/p>\n<p>Kan\u00e1l: 1CH<br \/>\nVzdialenos\u0165 dia\u013ekov\u00e9ho ovl\u00e1da\u010da: 100 m<br \/>\nK\u00f3dovanie: Pevn\u00fd k\u00f3d, sp\u00e1jkovanie 2260 2262<br \/>\nFrekvencia: 315<br \/>\nNap\u00e1janie: 3 x CR2016 (nie je s\u00fa\u010das\u0165ou balenia)<br \/>\nDek\u00f3dovanie: Pevn\u00fd k\u00f3d, sp\u00e1jkovanie<\/p>\n<p><strong>Prij\u00edma\u010d<\/strong><\/p>\n<p>Nap\u00e1janie (prev\u00e1dzkov\u00e9 nap\u00e4tie): AC 220V<br \/>\nRel\u00e9: 10A\/250V AC<br \/>\nRozsah pracovn\u00e9ho nap\u00e4tia rel\u00e9: AC 240V<br \/>\nCitlivos\u0165:-105 dBm<br \/>\nPrev\u00e1dzkov\u00e1 teplota: -10&#8217;C ~ 60&#8217;C<br \/>\nVe\u013ekos\u0165: 55 mm x 24 mm x 17 mm<\/p>\n<p><strong>Re\u017eim ovl\u00e1dania<\/strong><br \/>\nPrep\u00ednanie\/samoblokovanie: Stla\u010dte-&gt;Zapnut\u00e9; Stla\u010dte znova-&gt;Vyp<br \/>\nJedenkr\u00e1t stla\u010dte jedno tla\u010didlo funguje\/ZAP. Op\u00e4tovn\u00fdm stla\u010den\u00edm toho ist\u00e9ho tla\u010didla sa zastav\u00ed\/vypne. (1 kan\u00e1lov\u00fd prep\u00edna\u010d (prij\u00edma\u010d) potrebuje 1 tla\u010didlov\u00e9 dia\u013ekov\u00e9 ovl\u00e1danie (vysiela\u010d).<br \/>\nLatched\/Inter-Lock: Press-&gt;On; Stla\u010dte in\u00e9 tla\u010didlo-&gt;Vyp<br \/>\nStla\u010den\u00edm jedn\u00e9ho tla\u010didla sa zapne\/zapne, stla\u010den\u00edm \u010fal\u0161ieho tla\u010didla sa zastav\u00ed\/vypne. (1 kan\u00e1lov\u00fd prep\u00edna\u010d (prij\u00edma\u010d) potrebuje 2 tla\u010didl\u00e1 dia\u013ekov\u00e9ho ovl\u00e1da\u010da (vysiela\u010da).<br \/>\nMomentary\/Jog: Stla\u010dte a podr\u017ete-&gt;On; Uvo\u013enenie-&gt;Vyp<br \/>\nPodr\u017ete stla\u010den\u00e9 jedno tla\u010didlo funguje \/ZAP. uvo\u013enite prst je stop\/OFF .1 kan\u00e1lov\u00fd prep\u00edna\u010d (prij\u00edma\u010d) potrebujete 1 tla\u010didlo dia\u013ekov\u00e9ho ovl\u00e1da\u010da (vysiela\u010da)<br \/>\n(P\u00f4vodn\u00e9 nastavenie z v\u00fdroby je moment\u00e1lne, vyberte funkciu alebo ju zme\u0148te sami.)<\/p>\n","protected":false},"excerpt":{"rendered":"<p>AC220V 1kan\u00e1lov\u00fd bezdr\u00f4tov\u00fd dia\u013ekov\u00fd ovl\u00e1da\u010d Sveteln\u00fd sp\u00edna\u010d R\u00e1diov\u00fd prij\u00edma\u010d a n\u00e1stenn\u00fd okr\u00fahly vysiela\u010d 315MHz Vysiela\u010d Kan\u00e1l: 1CH Vzdialenos\u0165 dia\u013ekov\u00e9ho ovl\u00e1da\u010da:&hellip;<\/p>\n","protected":false},"featured_media":1093,"template":"","meta":{"_monsterinsights_skip_tracking":false,"_monsterinsights_sitenote_active":false,"_monsterinsights_sitenote_note":"","_monsterinsights_sitenote_category":0},"product_cat":[39,43,34,42,44],"product_tag":[],"class_list":{"0":"post-1089","1":"product","2":"type-product","3":"status-publish","4":"has-post-thumbnail","6":"product_cat-mobil-gsm","7":"product_cat-office","8":"product_cat-rf","9":"product_cat-smart","10":"product_cat-svetlo","12":"first","13":"instock","14":"shipping-taxable","15":"purchasable","16":"product-type-simple"},"yoast_head":"<!-- This site is optimized with the Yoast SEO plugin v23.6 - https:\/\/yoast.com\/wordpress\/plugins\/seo\/ -->\n<title>AC220V 1CH Wireless Remote Control Light Switch Radio Receiver and Wall Round Transmitter 315 mhz - Arduino e-shop<\/title>\n<meta name=\"robots\" content=\"index, follow, max-snippet:-1, max-image-preview:large, max-video-preview:-1\" \/>\n<link rel=\"canonical\" href=\"https:\/\/www.onetimenexttime.sk\/arduino\/index.php\/produkt\/ac220v-1ch-wireless-remote-control-light-switch-radio-receiver-and-wall-round-transmitter-315-mhz\/\" \/>\n<meta property=\"og:locale\" content=\"sk_SK\" \/>\n<meta property=\"og:type\" content=\"article\" \/>\n<meta property=\"og:title\" content=\"AC220V 1CH Wireless Remote Control Light Switch Radio Receiver and Wall Round Transmitter 315 mhz - Arduino e-shop\" \/>\n<meta property=\"og:description\" content=\"AC220V 1kan\u00e1lov\u00fd bezdr\u00f4tov\u00fd dia\u013ekov\u00fd ovl\u00e1da\u010d Sveteln\u00fd sp\u00edna\u010d R\u00e1diov\u00fd prij\u00edma\u010d a n\u00e1stenn\u00fd okr\u00fahly vysiela\u010d 315MHz Vysiela\u010d Kan\u00e1l: 1CH Vzdialenos\u0165 dia\u013ekov\u00e9ho ovl\u00e1da\u010da:&hellip;\" \/>\n<meta property=\"og:url\" content=\"https:\/\/www.onetimenexttime.sk\/arduino\/index.php\/produkt\/ac220v-1ch-wireless-remote-control-light-switch-radio-receiver-and-wall-round-transmitter-315-mhz\/\" \/>\n<meta property=\"og:site_name\" content=\"Arduino e-shop\" \/>\n<meta property=\"article:modified_time\" content=\"2021-11-09T09:48:14+00:00\" \/>\n<meta property=\"og:image\" content=\"https:\/\/www.onetimenexttime.sk\/arduino\/wp-content\/uploads\/2021\/11\/29.jpg\" \/>\n\t<meta property=\"og:image:width\" content=\"527\" \/>\n\t<meta property=\"og:image:height\" content=\"529\" \/>\n\t<meta property=\"og:image:type\" content=\"image\/jpeg\" \/>\n<meta name=\"twitter:card\" content=\"summary_large_image\" \/>\n<meta name=\"twitter:label1\" content=\"Predpokladan\u00fd \u010das \u010d\u00edtania\" \/>\n\t<meta name=\"twitter:data1\" content=\"1 min\u00fata\" \/>\n<script type=\"application\/ld+json\" class=\"yoast-schema-graph\">{\"@context\":\"https:\/\/schema.org\",\"@graph\":[{\"@type\":\"WebPage\",\"@id\":\"https:\/\/www.onetimenexttime.sk\/arduino\/index.php\/produkt\/ac220v-1ch-wireless-remote-control-light-switch-radio-receiver-and-wall-round-transmitter-315-mhz\/\",\"url\":\"https:\/\/www.onetimenexttime.sk\/arduino\/index.php\/produkt\/ac220v-1ch-wireless-remote-control-light-switch-radio-receiver-and-wall-round-transmitter-315-mhz\/\",\"name\":\"AC220V 1CH Wireless Remote Control Light Switch Radio Receiver and Wall Round Transmitter 315 mhz - Arduino e-shop\",\"isPartOf\":{\"@id\":\"https:\/\/www.onetimenexttime.sk\/arduino\/#website\"},\"primaryImageOfPage\":{\"@id\":\"https:\/\/www.onetimenexttime.sk\/arduino\/index.php\/produkt\/ac220v-1ch-wireless-remote-control-light-switch-radio-receiver-and-wall-round-transmitter-315-mhz\/#primaryimage\"},\"image\":{\"@id\":\"https:\/\/www.onetimenexttime.sk\/arduino\/index.php\/produkt\/ac220v-1ch-wireless-remote-control-light-switch-radio-receiver-and-wall-round-transmitter-315-mhz\/#primaryimage\"},\"thumbnailUrl\":\"https:\/\/www.onetimenexttime.sk\/arduino\/wp-content\/uploads\/2021\/11\/29.jpg\",\"datePublished\":\"2021-11-09T09:42:25+00:00\",\"dateModified\":\"2021-11-09T09:48:14+00:00\",\"breadcrumb\":{\"@id\":\"https:\/\/www.onetimenexttime.sk\/arduino\/index.php\/produkt\/ac220v-1ch-wireless-remote-control-light-switch-radio-receiver-and-wall-round-transmitter-315-mhz\/#breadcrumb\"},\"inLanguage\":\"sk-SK\",\"potentialAction\":[{\"@type\":\"ReadAction\",\"target\":[\"https:\/\/www.onetimenexttime.sk\/arduino\/index.php\/produkt\/ac220v-1ch-wireless-remote-control-light-switch-radio-receiver-and-wall-round-transmitter-315-mhz\/\"]}]},{\"@type\":\"ImageObject\",\"inLanguage\":\"sk-SK\",\"@id\":\"https:\/\/www.onetimenexttime.sk\/arduino\/index.php\/produkt\/ac220v-1ch-wireless-remote-control-light-switch-radio-receiver-and-wall-round-transmitter-315-mhz\/#primaryimage\",\"url\":\"https:\/\/www.onetimenexttime.sk\/arduino\/wp-content\/uploads\/2021\/11\/29.jpg\",\"contentUrl\":\"https:\/\/www.onetimenexttime.sk\/arduino\/wp-content\/uploads\/2021\/11\/29.jpg\",\"width\":527,\"height\":529},{\"@type\":\"BreadcrumbList\",\"@id\":\"https:\/\/www.onetimenexttime.sk\/arduino\/index.php\/produkt\/ac220v-1ch-wireless-remote-control-light-switch-radio-receiver-and-wall-round-transmitter-315-mhz\/#breadcrumb\",\"itemListElement\":[{\"@type\":\"ListItem\",\"position\":1,\"name\":\"Domov\",\"item\":\"https:\/\/www.onetimenexttime.sk\/arduino\/\"},{\"@type\":\"ListItem\",\"position\":2,\"name\":\"Obchod\",\"item\":\"https:\/\/www.onetimenexttime.sk\/arduino\/\"},{\"@type\":\"ListItem\",\"position\":3,\"name\":\"AC220V 1CH Wireless Remote Control Light Switch Radio Receiver and Wall Round Transmitter 315 mhz\"}]},{\"@type\":\"WebSite\",\"@id\":\"https:\/\/www.onetimenexttime.sk\/arduino\/#website\",\"url\":\"https:\/\/www.onetimenexttime.sk\/arduino\/\",\"name\":\"Arduino e-shop\",\"description\":\"Home Assistant\",\"potentialAction\":[{\"@type\":\"SearchAction\",\"target\":{\"@type\":\"EntryPoint\",\"urlTemplate\":\"https:\/\/www.onetimenexttime.sk\/arduino\/?s={search_term_string}\"},\"query-input\":{\"@type\":\"PropertyValueSpecification\",\"valueRequired\":true,\"valueName\":\"search_term_string\"}}],\"inLanguage\":\"sk-SK\"}]}<\/script>\n<!-- \/ Yoast SEO plugin. -->","yoast_head_json":{"title":"AC220V 1CH Wireless Remote Control Light Switch Radio Receiver and Wall Round Transmitter 315 mhz - Arduino e-shop","robots":{"index":"index","follow":"follow","max-snippet":"max-snippet:-1","max-image-preview":"max-image-preview:large","max-video-preview":"max-video-preview:-1"},"canonical":"https:\/\/www.onetimenexttime.sk\/arduino\/index.php\/produkt\/ac220v-1ch-wireless-remote-control-light-switch-radio-receiver-and-wall-round-transmitter-315-mhz\/","og_locale":"sk_SK","og_type":"article","og_title":"AC220V 1CH Wireless Remote Control Light Switch Radio Receiver and Wall Round Transmitter 315 mhz - Arduino e-shop","og_description":"AC220V 1kan\u00e1lov\u00fd bezdr\u00f4tov\u00fd dia\u013ekov\u00fd ovl\u00e1da\u010d Sveteln\u00fd sp\u00edna\u010d R\u00e1diov\u00fd prij\u00edma\u010d a n\u00e1stenn\u00fd okr\u00fahly vysiela\u010d 315MHz Vysiela\u010d Kan\u00e1l: 1CH Vzdialenos\u0165 dia\u013ekov\u00e9ho ovl\u00e1da\u010da:&hellip;","og_url":"https:\/\/www.onetimenexttime.sk\/arduino\/index.php\/produkt\/ac220v-1ch-wireless-remote-control-light-switch-radio-receiver-and-wall-round-transmitter-315-mhz\/","og_site_name":"Arduino e-shop","article_modified_time":"2021-11-09T09:48:14+00:00","og_image":[{"width":527,"height":529,"url":"https:\/\/www.onetimenexttime.sk\/arduino\/wp-content\/uploads\/2021\/11\/29.jpg","type":"image\/jpeg"}],"twitter_card":"summary_large_image","twitter_misc":{"Predpokladan\u00fd \u010das \u010d\u00edtania":"1 min\u00fata"},"schema":{"@context":"https:\/\/schema.org","@graph":[{"@type":"WebPage","@id":"https:\/\/www.onetimenexttime.sk\/arduino\/index.php\/produkt\/ac220v-1ch-wireless-remote-control-light-switch-radio-receiver-and-wall-round-transmitter-315-mhz\/","url":"https:\/\/www.onetimenexttime.sk\/arduino\/index.php\/produkt\/ac220v-1ch-wireless-remote-control-light-switch-radio-receiver-and-wall-round-transmitter-315-mhz\/","name":"AC220V 1CH Wireless Remote Control Light Switch Radio Receiver and Wall Round Transmitter 315 mhz - Arduino e-shop","isPartOf":{"@id":"https:\/\/www.onetimenexttime.sk\/arduino\/#website"},"primaryImageOfPage":{"@id":"https:\/\/www.onetimenexttime.sk\/arduino\/index.php\/produkt\/ac220v-1ch-wireless-remote-control-light-switch-radio-receiver-and-wall-round-transmitter-315-mhz\/#primaryimage"},"image":{"@id":"https:\/\/www.onetimenexttime.sk\/arduino\/index.php\/produkt\/ac220v-1ch-wireless-remote-control-light-switch-radio-receiver-and-wall-round-transmitter-315-mhz\/#primaryimage"},"thumbnailUrl":"https:\/\/www.onetimenexttime.sk\/arduino\/wp-content\/uploads\/2021\/11\/29.jpg","datePublished":"2021-11-09T09:42:25+00:00","dateModified":"2021-11-09T09:48:14+00:00","breadcrumb":{"@id":"https:\/\/www.onetimenexttime.sk\/arduino\/index.php\/produkt\/ac220v-1ch-wireless-remote-control-light-switch-radio-receiver-and-wall-round-transmitter-315-mhz\/#breadcrumb"},"inLanguage":"sk-SK","potentialAction":[{"@type":"ReadAction","target":["https:\/\/www.onetimenexttime.sk\/arduino\/index.php\/produkt\/ac220v-1ch-wireless-remote-control-light-switch-radio-receiver-and-wall-round-transmitter-315-mhz\/"]}]},{"@type":"ImageObject","inLanguage":"sk-SK","@id":"https:\/\/www.onetimenexttime.sk\/arduino\/index.php\/produkt\/ac220v-1ch-wireless-remote-control-light-switch-radio-receiver-and-wall-round-transmitter-315-mhz\/#primaryimage","url":"https:\/\/www.onetimenexttime.sk\/arduino\/wp-content\/uploads\/2021\/11\/29.jpg","contentUrl":"https:\/\/www.onetimenexttime.sk\/arduino\/wp-content\/uploads\/2021\/11\/29.jpg","width":527,"height":529},{"@type":"BreadcrumbList","@id":"https:\/\/www.onetimenexttime.sk\/arduino\/index.php\/produkt\/ac220v-1ch-wireless-remote-control-light-switch-radio-receiver-and-wall-round-transmitter-315-mhz\/#breadcrumb","itemListElement":[{"@type":"ListItem","position":1,"name":"Domov","item":"https:\/\/www.onetimenexttime.sk\/arduino\/"},{"@type":"ListItem","position":2,"name":"Obchod","item":"https:\/\/www.onetimenexttime.sk\/arduino\/"},{"@type":"ListItem","position":3,"name":"AC220V 1CH Wireless Remote Control Light Switch Radio Receiver and Wall Round Transmitter 315 mhz"}]},{"@type":"WebSite","@id":"https:\/\/www.onetimenexttime.sk\/arduino\/#website","url":"https:\/\/www.onetimenexttime.sk\/arduino\/","name":"Arduino e-shop","description":"Home Assistant","potentialAction":[{"@type":"SearchAction","target":{"@type":"EntryPoint","urlTemplate":"https:\/\/www.onetimenexttime.sk\/arduino\/?s={search_term_string}"},"query-input":{"@type":"PropertyValueSpecification","valueRequired":true,"valueName":"search_term_string"}}],"inLanguage":"sk-SK"}]}},"_links":{"self":[{"href":"https:\/\/www.onetimenexttime.sk\/arduino\/index.php\/wp-json\/wp\/v2\/product\/1089"}],"collection":[{"href":"https:\/\/www.onetimenexttime.sk\/arduino\/index.php\/wp-json\/wp\/v2\/product"}],"about":[{"href":"https:\/\/www.onetimenexttime.sk\/arduino\/index.php\/wp-json\/wp\/v2\/types\/product"}],"wp:featuredmedia":[{"embeddable":true,"href":"https:\/\/www.onetimenexttime.sk\/arduino\/index.php\/wp-json\/wp\/v2\/media\/1093"}],"wp:attachment":[{"href":"https:\/\/www.onetimenexttime.sk\/arduino\/index.php\/wp-json\/wp\/v2\/media?parent=1089"}],"wp:term":[{"taxonomy":"product_cat","embeddable":true,"href":"https:\/\/www.onetimenexttime.sk\/arduino\/index.php\/wp-json\/wp\/v2\/product_cat?post=1089"},{"taxonomy":"product_tag","embeddable":true,"href":"https:\/\/www.onetimenexttime.sk\/arduino\/index.php\/wp-json\/wp\/v2\/product_tag?post=1089"}],"curies":[{"name":"wp","href":"https:\/\/api.w.org\/{rel}","templated":true}]}}