{"id":1087,"date":"2021-11-09T10:38:13","date_gmt":"2021-11-09T09:38:13","guid":{"rendered":"https:\/\/www.onetimenexttime.sk\/arduino\/?post_type=product&#038;p=1087"},"modified":"2021-11-09T10:41:18","modified_gmt":"2021-11-09T09:41:18","slug":"220v-3-way-on-off-digital-rf-remote-control-switch-wireless-for-light-lamp-high-quality-hot-sale","status":"publish","type":"product","link":"https:\/\/www.onetimenexttime.sk\/arduino\/index.php\/produkt\/220v-3-way-on-off-digital-rf-remote-control-switch-wireless-for-light-lamp-high-quality-hot-sale\/","title":{"rendered":"220V 3 Way ON\/OFF Digital RF Remote Control Switch Wireless For Light Lamp High Quality Hot Sale"},"content":{"rendered":"<h2>220V 3-cestn\u00fd ON\/OFF digit\u00e1lny RF dia\u013ekov\u00fd ovl\u00e1da\u010d bezdr\u00f4tov\u00fd pre sveteln\u00fa lampu<\/h2>\n<p>&nbsp;<\/p>\n<p><strong>Vlastnosti<\/strong>:<br \/>\nJednoduch\u00e1 obsluha, ktor\u00e1 dok\u00e1\u017ee \u00faplne zapn\u00fa\u0165 alebo vypn\u00fa\u0165 cel\u00fd okruh.<br \/>\nObojstrann\u00e9 ovl\u00e1danie pomocou dia\u013ekov\u00e9ho ovl\u00e1da\u010da a n\u00e1stenn\u00e9ho vyp\u00edna\u010da.<br \/>\nDlh\u00e1 \u017eivotnos\u0165 a\u017e 1 rok so schopnos\u0165ou prieniku cez steny a proti ru\u0161eniu.<br \/>\nVybaven\u00fd vysoko za\u0165a\u017eovac\u00edm rel\u00e9, vysokonap\u00e4\u0165ov\u00fdm kondenz\u00e1torom a vysoko kvalitn\u00fdm prij\u00edma\u010dom.<br \/>\nVhodn\u00e9 pre niektor\u00e9 elektrick\u00e9 spotrebi\u010de ako kvapkov\u00e9 svetlo, kri\u0161t\u00e1\u013eov\u00e1 lampa, r\u00e1mov\u00e1 lampa,<br \/>\nstropn\u00e9 svietidlo, v\u00fdfukov\u00fd ventil\u00e1tor a pod.<br \/>\nSkvel\u00e9 vyu\u017eitie v dome, schodoch, uli\u010dk\u00e1ch, toalet\u00e1ch, skladoch, tov\u00e1r\u0148ach at\u010f.<\/p>\n<p><strong>Pozn\u00e1mka<\/strong>:<br \/>\n1. V pr\u00edpade elektromagnetick\u00e9ho a vysokofrekven\u010dn\u00e9ho ru\u0161enia sa efekt\u00edvna vzdialenos\u0165 dia\u013ekov\u00e9ho ovl\u00e1dania skr\u00e1ti alebo zlyh\u00e1, ale odstr\u00e1nenie ru\u0161enia sa m\u00f4\u017ee vr\u00e1ti\u0165 do norm\u00e1lu.<br \/>\n2. Neotv\u00e1rajte v\u00fdrobok, ak je zapnut\u00fd s vysok\u00fdm nap\u00e4t\u00edm vo vyp\u00edna\u010di<br \/>\n3. Pred pou\u017eit\u00edm polo\u017eky si pozorne pre\u010d\u00edtajte pokyny na prij\u00edma\u010di a po\u017eiadajte kvalifikovan\u00e9ho elektrik\u00e1ra o in\u0161tal\u00e1ciu, ktor\u00e1 m\u00f4\u017ee zabr\u00e1ni\u0165 chyb\u00e1m pri in\u0161tal\u00e1cii alebo po\u0161kodeniu elektrick\u00fdch spotrebi\u010dov.<br \/>\n4. \u010ealeko od elektromagnetickej induk\u010dnosti produktu alebo produktov podtriedy narovnajte ant\u00e9nu a nezaba\u013ete prij\u00edma\u010d, aby ste neovplyvnili pr\u00edjem sign\u00e1lu pri in\u0161tal\u00e1cii prij\u00edma\u010da.<br \/>\n5. Bat\u00e9riu vyme\u0148te, ke\u010f je dia\u013ekov\u00fd indik\u00e1tor tmav\u00fd, vzdialenos\u0165 RC je krat\u0161ia a citlivos\u0165 kles\u00e1.<br \/>\n6. Elektrick\u00fa z\u00e1\u0165a\u017e spr\u00e1vne usporiadajte v r\u00e1mci zodpovedaj\u00facej sp\u00ednacej kapacity<\/p>\n<p><strong>Funkcia<\/strong>:<br \/>\n1.A\/1 sa rozsvieti po zapnut\u00ed.<br \/>\n2.A\/1 pou\u017e\u00edva na zapnutie\/vypnutie modrej skupiny, B\/2 na zapnutie\/vypnutie bielej skupiny, C\/2 na zapnutie\/vypnutie \u017eltej skupiny, &#8220;ON&#8221;\/&#8221;OFF&#8221; znamen\u00e1 zapn\u00fa\u0165 zapnutie\/vypnutie celej polo\u017eky.<br \/>\n3. Manu\u00e1lna sekvencia osvetlenia (ovl\u00e1danie n\u00e1stenn\u00fdm vyp\u00edna\u010dom): A\/1 , B\/2 , C\/3 , zapne sa cel\u00fd okruh.<\/p>\n<p><strong>Technick\u00e9 \u00fadaje:<\/strong><br \/>\nVstup: AC200V-240V 50Hz\/60Hz<br \/>\nbat\u00e9ria: 12V 23A (nie je s\u00fa\u010das\u0165ou balenia)<br \/>\nV\u00fdkon z\u00e1\u0165a\u017ee:<br \/>\nOdporov\u00e9 za\u0165a\u017eenie: maxim\u00e1lny v\u00fdstupn\u00fd v\u00fdkon jednej sady je do 1000 W (ako be\u017en\u00e1 \u017eiarovka, \u017eiarovka);<br \/>\nInduk\u010dn\u00e1 z\u00e1\u0165a\u017e: maxim\u00e1lny v\u00fdstupn\u00fd v\u00fdkon jednej sady je v r\u00e1mci 360 W (ako svetlo s predradn\u00edkom: energeticky \u00fasporn\u00e9 svetlo, konzolov\u00e1 lampa, absorbuje kupolov\u00e9 svetlo)<br \/>\nVzdialenos\u0165 dia\u013ekov\u00e9ho ovl\u00e1dania: pribli\u017ene 8-15 metrov vo vn\u00fatri, viac ako 30 metrov vonku.<br \/>\nFarba: Biela<\/p>\n<p><strong>Balenie obsahuje:<\/strong><br \/>\n1x 3-cestn\u00fd prep\u00ednac\u00ed rozbo\u010dova\u010d<br \/>\n1x Dia\u013ekov\u00e9 ovl\u00e1danie<\/p>\n","protected":false},"excerpt":{"rendered":"<p>220V 3-cestn\u00fd ON\/OFF digit\u00e1lny RF dia\u013ekov\u00fd ovl\u00e1da\u010d bezdr\u00f4tov\u00fd pre sveteln\u00fa lampu &nbsp; Vlastnosti: Jednoduch\u00e1 obsluha, ktor\u00e1 dok\u00e1\u017ee \u00faplne zapn\u00fa\u0165 alebo&hellip;<\/p>\n","protected":false},"featured_media":1088,"template":"","meta":{"_monsterinsights_skip_tracking":false,"_monsterinsights_sitenote_active":false,"_monsterinsights_sitenote_note":"","_monsterinsights_sitenote_category":0},"product_cat":[39,43,34,42,44],"product_tag":[],"class_list":{"0":"post-1087","1":"product","2":"type-product","3":"status-publish","4":"has-post-thumbnail","6":"product_cat-mobil-gsm","7":"product_cat-office","8":"product_cat-rf","9":"product_cat-smart","10":"product_cat-svetlo","12":"first","13":"instock","14":"shipping-taxable","15":"purchasable","16":"product-type-simple"},"yoast_head":"<!-- This site is optimized with the Yoast SEO plugin v23.6 - https:\/\/yoast.com\/wordpress\/plugins\/seo\/ -->\n<title>220V 3 Way ON\/OFF Digital RF Remote Control Switch Wireless For Light Lamp High Quality Hot Sale - Arduino e-shop<\/title>\n<meta name=\"robots\" content=\"index, follow, max-snippet:-1, max-image-preview:large, max-video-preview:-1\" \/>\n<link rel=\"canonical\" href=\"https:\/\/www.onetimenexttime.sk\/arduino\/index.php\/produkt\/220v-3-way-on-off-digital-rf-remote-control-switch-wireless-for-light-lamp-high-quality-hot-sale\/\" \/>\n<meta property=\"og:locale\" content=\"sk_SK\" \/>\n<meta property=\"og:type\" content=\"article\" \/>\n<meta property=\"og:title\" content=\"220V 3 Way ON\/OFF Digital RF Remote Control Switch Wireless For Light Lamp High Quality Hot Sale - Arduino e-shop\" \/>\n<meta property=\"og:description\" content=\"220V 3-cestn\u00fd ON\/OFF digit\u00e1lny RF dia\u013ekov\u00fd ovl\u00e1da\u010d bezdr\u00f4tov\u00fd pre sveteln\u00fa lampu &nbsp; Vlastnosti: Jednoduch\u00e1 obsluha, ktor\u00e1 dok\u00e1\u017ee \u00faplne zapn\u00fa\u0165 alebo&hellip;\" \/>\n<meta property=\"og:url\" content=\"https:\/\/www.onetimenexttime.sk\/arduino\/index.php\/produkt\/220v-3-way-on-off-digital-rf-remote-control-switch-wireless-for-light-lamp-high-quality-hot-sale\/\" \/>\n<meta property=\"og:site_name\" content=\"Arduino e-shop\" \/>\n<meta property=\"article:modified_time\" content=\"2021-11-09T09:41:18+00:00\" \/>\n<meta property=\"og:image\" content=\"https:\/\/www.onetimenexttime.sk\/arduino\/wp-content\/uploads\/2021\/11\/30.jpg\" \/>\n\t<meta property=\"og:image:width\" content=\"527\" \/>\n\t<meta property=\"og:image:height\" content=\"529\" \/>\n\t<meta property=\"og:image:type\" content=\"image\/jpeg\" \/>\n<meta name=\"twitter:card\" content=\"summary_large_image\" \/>\n<meta name=\"twitter:label1\" content=\"Predpokladan\u00fd \u010das \u010d\u00edtania\" \/>\n\t<meta name=\"twitter:data1\" content=\"2 min\u00faty\" \/>\n<script type=\"application\/ld+json\" class=\"yoast-schema-graph\">{\"@context\":\"https:\/\/schema.org\",\"@graph\":[{\"@type\":\"WebPage\",\"@id\":\"https:\/\/www.onetimenexttime.sk\/arduino\/index.php\/produkt\/220v-3-way-on-off-digital-rf-remote-control-switch-wireless-for-light-lamp-high-quality-hot-sale\/\",\"url\":\"https:\/\/www.onetimenexttime.sk\/arduino\/index.php\/produkt\/220v-3-way-on-off-digital-rf-remote-control-switch-wireless-for-light-lamp-high-quality-hot-sale\/\",\"name\":\"220V 3 Way ON\/OFF Digital RF Remote Control Switch Wireless For Light Lamp High Quality Hot Sale - Arduino e-shop\",\"isPartOf\":{\"@id\":\"https:\/\/www.onetimenexttime.sk\/arduino\/#website\"},\"primaryImageOfPage\":{\"@id\":\"https:\/\/www.onetimenexttime.sk\/arduino\/index.php\/produkt\/220v-3-way-on-off-digital-rf-remote-control-switch-wireless-for-light-lamp-high-quality-hot-sale\/#primaryimage\"},\"image\":{\"@id\":\"https:\/\/www.onetimenexttime.sk\/arduino\/index.php\/produkt\/220v-3-way-on-off-digital-rf-remote-control-switch-wireless-for-light-lamp-high-quality-hot-sale\/#primaryimage\"},\"thumbnailUrl\":\"https:\/\/www.onetimenexttime.sk\/arduino\/wp-content\/uploads\/2021\/11\/30.jpg\",\"datePublished\":\"2021-11-09T09:38:13+00:00\",\"dateModified\":\"2021-11-09T09:41:18+00:00\",\"breadcrumb\":{\"@id\":\"https:\/\/www.onetimenexttime.sk\/arduino\/index.php\/produkt\/220v-3-way-on-off-digital-rf-remote-control-switch-wireless-for-light-lamp-high-quality-hot-sale\/#breadcrumb\"},\"inLanguage\":\"sk-SK\",\"potentialAction\":[{\"@type\":\"ReadAction\",\"target\":[\"https:\/\/www.onetimenexttime.sk\/arduino\/index.php\/produkt\/220v-3-way-on-off-digital-rf-remote-control-switch-wireless-for-light-lamp-high-quality-hot-sale\/\"]}]},{\"@type\":\"ImageObject\",\"inLanguage\":\"sk-SK\",\"@id\":\"https:\/\/www.onetimenexttime.sk\/arduino\/index.php\/produkt\/220v-3-way-on-off-digital-rf-remote-control-switch-wireless-for-light-lamp-high-quality-hot-sale\/#primaryimage\",\"url\":\"https:\/\/www.onetimenexttime.sk\/arduino\/wp-content\/uploads\/2021\/11\/30.jpg\",\"contentUrl\":\"https:\/\/www.onetimenexttime.sk\/arduino\/wp-content\/uploads\/2021\/11\/30.jpg\",\"width\":527,\"height\":529},{\"@type\":\"BreadcrumbList\",\"@id\":\"https:\/\/www.onetimenexttime.sk\/arduino\/index.php\/produkt\/220v-3-way-on-off-digital-rf-remote-control-switch-wireless-for-light-lamp-high-quality-hot-sale\/#breadcrumb\",\"itemListElement\":[{\"@type\":\"ListItem\",\"position\":1,\"name\":\"Domov\",\"item\":\"https:\/\/www.onetimenexttime.sk\/arduino\/\"},{\"@type\":\"ListItem\",\"position\":2,\"name\":\"Obchod\",\"item\":\"https:\/\/www.onetimenexttime.sk\/arduino\/\"},{\"@type\":\"ListItem\",\"position\":3,\"name\":\"220V 3 Way ON\/OFF Digital RF Remote Control Switch Wireless For Light Lamp High Quality Hot Sale\"}]},{\"@type\":\"WebSite\",\"@id\":\"https:\/\/www.onetimenexttime.sk\/arduino\/#website\",\"url\":\"https:\/\/www.onetimenexttime.sk\/arduino\/\",\"name\":\"Arduino e-shop\",\"description\":\"Home Assistant\",\"potentialAction\":[{\"@type\":\"SearchAction\",\"target\":{\"@type\":\"EntryPoint\",\"urlTemplate\":\"https:\/\/www.onetimenexttime.sk\/arduino\/?s={search_term_string}\"},\"query-input\":{\"@type\":\"PropertyValueSpecification\",\"valueRequired\":true,\"valueName\":\"search_term_string\"}}],\"inLanguage\":\"sk-SK\"}]}<\/script>\n<!-- \/ Yoast SEO plugin. -->","yoast_head_json":{"title":"220V 3 Way ON\/OFF Digital RF Remote Control Switch Wireless For Light Lamp High Quality Hot Sale - Arduino e-shop","robots":{"index":"index","follow":"follow","max-snippet":"max-snippet:-1","max-image-preview":"max-image-preview:large","max-video-preview":"max-video-preview:-1"},"canonical":"https:\/\/www.onetimenexttime.sk\/arduino\/index.php\/produkt\/220v-3-way-on-off-digital-rf-remote-control-switch-wireless-for-light-lamp-high-quality-hot-sale\/","og_locale":"sk_SK","og_type":"article","og_title":"220V 3 Way ON\/OFF Digital RF Remote Control Switch Wireless For Light Lamp High Quality Hot Sale - Arduino e-shop","og_description":"220V 3-cestn\u00fd ON\/OFF digit\u00e1lny RF dia\u013ekov\u00fd ovl\u00e1da\u010d bezdr\u00f4tov\u00fd pre sveteln\u00fa lampu &nbsp; Vlastnosti: Jednoduch\u00e1 obsluha, ktor\u00e1 dok\u00e1\u017ee \u00faplne zapn\u00fa\u0165 alebo&hellip;","og_url":"https:\/\/www.onetimenexttime.sk\/arduino\/index.php\/produkt\/220v-3-way-on-off-digital-rf-remote-control-switch-wireless-for-light-lamp-high-quality-hot-sale\/","og_site_name":"Arduino e-shop","article_modified_time":"2021-11-09T09:41:18+00:00","og_image":[{"width":527,"height":529,"url":"https:\/\/www.onetimenexttime.sk\/arduino\/wp-content\/uploads\/2021\/11\/30.jpg","type":"image\/jpeg"}],"twitter_card":"summary_large_image","twitter_misc":{"Predpokladan\u00fd \u010das \u010d\u00edtania":"2 min\u00faty"},"schema":{"@context":"https:\/\/schema.org","@graph":[{"@type":"WebPage","@id":"https:\/\/www.onetimenexttime.sk\/arduino\/index.php\/produkt\/220v-3-way-on-off-digital-rf-remote-control-switch-wireless-for-light-lamp-high-quality-hot-sale\/","url":"https:\/\/www.onetimenexttime.sk\/arduino\/index.php\/produkt\/220v-3-way-on-off-digital-rf-remote-control-switch-wireless-for-light-lamp-high-quality-hot-sale\/","name":"220V 3 Way ON\/OFF Digital RF Remote Control Switch Wireless For Light Lamp High Quality Hot Sale - Arduino e-shop","isPartOf":{"@id":"https:\/\/www.onetimenexttime.sk\/arduino\/#website"},"primaryImageOfPage":{"@id":"https:\/\/www.onetimenexttime.sk\/arduino\/index.php\/produkt\/220v-3-way-on-off-digital-rf-remote-control-switch-wireless-for-light-lamp-high-quality-hot-sale\/#primaryimage"},"image":{"@id":"https:\/\/www.onetimenexttime.sk\/arduino\/index.php\/produkt\/220v-3-way-on-off-digital-rf-remote-control-switch-wireless-for-light-lamp-high-quality-hot-sale\/#primaryimage"},"thumbnailUrl":"https:\/\/www.onetimenexttime.sk\/arduino\/wp-content\/uploads\/2021\/11\/30.jpg","datePublished":"2021-11-09T09:38:13+00:00","dateModified":"2021-11-09T09:41:18+00:00","breadcrumb":{"@id":"https:\/\/www.onetimenexttime.sk\/arduino\/index.php\/produkt\/220v-3-way-on-off-digital-rf-remote-control-switch-wireless-for-light-lamp-high-quality-hot-sale\/#breadcrumb"},"inLanguage":"sk-SK","potentialAction":[{"@type":"ReadAction","target":["https:\/\/www.onetimenexttime.sk\/arduino\/index.php\/produkt\/220v-3-way-on-off-digital-rf-remote-control-switch-wireless-for-light-lamp-high-quality-hot-sale\/"]}]},{"@type":"ImageObject","inLanguage":"sk-SK","@id":"https:\/\/www.onetimenexttime.sk\/arduino\/index.php\/produkt\/220v-3-way-on-off-digital-rf-remote-control-switch-wireless-for-light-lamp-high-quality-hot-sale\/#primaryimage","url":"https:\/\/www.onetimenexttime.sk\/arduino\/wp-content\/uploads\/2021\/11\/30.jpg","contentUrl":"https:\/\/www.onetimenexttime.sk\/arduino\/wp-content\/uploads\/2021\/11\/30.jpg","width":527,"height":529},{"@type":"BreadcrumbList","@id":"https:\/\/www.onetimenexttime.sk\/arduino\/index.php\/produkt\/220v-3-way-on-off-digital-rf-remote-control-switch-wireless-for-light-lamp-high-quality-hot-sale\/#breadcrumb","itemListElement":[{"@type":"ListItem","position":1,"name":"Domov","item":"https:\/\/www.onetimenexttime.sk\/arduino\/"},{"@type":"ListItem","position":2,"name":"Obchod","item":"https:\/\/www.onetimenexttime.sk\/arduino\/"},{"@type":"ListItem","position":3,"name":"220V 3 Way ON\/OFF Digital RF Remote Control Switch Wireless For Light Lamp High Quality Hot Sale"}]},{"@type":"WebSite","@id":"https:\/\/www.onetimenexttime.sk\/arduino\/#website","url":"https:\/\/www.onetimenexttime.sk\/arduino\/","name":"Arduino e-shop","description":"Home Assistant","potentialAction":[{"@type":"SearchAction","target":{"@type":"EntryPoint","urlTemplate":"https:\/\/www.onetimenexttime.sk\/arduino\/?s={search_term_string}"},"query-input":{"@type":"PropertyValueSpecification","valueRequired":true,"valueName":"search_term_string"}}],"inLanguage":"sk-SK"}]}},"_links":{"self":[{"href":"https:\/\/www.onetimenexttime.sk\/arduino\/index.php\/wp-json\/wp\/v2\/product\/1087"}],"collection":[{"href":"https:\/\/www.onetimenexttime.sk\/arduino\/index.php\/wp-json\/wp\/v2\/product"}],"about":[{"href":"https:\/\/www.onetimenexttime.sk\/arduino\/index.php\/wp-json\/wp\/v2\/types\/product"}],"wp:featuredmedia":[{"embeddable":true,"href":"https:\/\/www.onetimenexttime.sk\/arduino\/index.php\/wp-json\/wp\/v2\/media\/1088"}],"wp:attachment":[{"href":"https:\/\/www.onetimenexttime.sk\/arduino\/index.php\/wp-json\/wp\/v2\/media?parent=1087"}],"wp:term":[{"taxonomy":"product_cat","embeddable":true,"href":"https:\/\/www.onetimenexttime.sk\/arduino\/index.php\/wp-json\/wp\/v2\/product_cat?post=1087"},{"taxonomy":"product_tag","embeddable":true,"href":"https:\/\/www.onetimenexttime.sk\/arduino\/index.php\/wp-json\/wp\/v2\/product_tag?post=1087"}],"curies":[{"name":"wp","href":"https:\/\/api.w.org\/{rel}","templated":true}]}}