{"id":1077,"date":"2021-11-08T16:47:38","date_gmt":"2021-11-08T15:47:38","guid":{"rendered":"https:\/\/www.onetimenexttime.sk\/arduino\/?post_type=product&#038;p=1077"},"modified":"2021-11-09T09:45:52","modified_gmt":"2021-11-09T08:45:52","slug":"gl-inet-6416-ar9331-802-11n-150mbps-mini-wireless-wifi-router-openwrt-firmware-wi-fi-repeater-travel-router-16mb-flash-64mb-ram","status":"publish","type":"product","link":"https:\/\/www.onetimenexttime.sk\/arduino\/index.php\/produkt\/gl-inet-6416-ar9331-802-11n-150mbps-mini-wireless-wifi-router-openwrt-firmware-wi-fi-repeater-travel-router-16mb-flash-64mb-ram\/","title":{"rendered":"GL.iNet 6416 AR9331 802.11n 150Mbps Mini Wireless WiFi Router OPENWRT Firmware Wi-Fi Repeater Travel Router 16MB Flash\/64MB RAM"},"content":{"rendered":"<h2>GL.iNet 6416 AR9331 802.11n 150 Mb\/s mini bezdr\u00f4tov\u00fd WiFi smerova\u010d OPENWRT Firmv\u00e9r Wi-Fi opakova\u010d cestovn\u00fd smerova\u010d 16 MB Flash\/64 MB RAM<\/h2>\n<p>&nbsp;<\/p>\n<p>GL.iNet je najmen\u0161\u00ed smart router na svete, so syst\u00e9mom Customized OpenWrt m\u00f4\u017eete vyu\u017e\u00edva\u0165 r\u00f4zne softv\u00e9rov\u00e9 \u200b\u200broz\u0161\u00edrenia. Novo navrhnut\u00e9 \u013eahko pou\u017eite\u013en\u00e9 webov\u00e9 rozhranie; priamo ovl\u00e1dajte svoj router cez ios a android app. S\u00e9riov\u00fd port sp\u00e1jkovan\u00fd na doske, ide\u00e1lny pre dom\u00e1cich majstrov a \u0161tudentov openwrt. S uboot kenrel, kompatibiln\u00fdm firmv\u00e9rom TP-Link WR703N! Zah\u0155\u0148a 1 port TTL!<\/p>\n<p>&nbsp;<\/p>\n<p>Android App Download:<a href=\"http:\/\/www.gl-inet.com\/android\/inet-2.2.8.0.apk\"> www.gl-inet.com\/android\/inet-2.2.8.0.apk<\/a>, funguje iba s GL.iNet 6416.<\/p>\n<p><strong>Najnov\u0161\u00ed firmv\u00e9r na stiahnutie:<\/strong><\/p>\n<p><a href=\"http:\/\/www.minihere.com\/gl-inet-6416-mini-wifi-router-latest-openwrt-firmware-download.html\">http:\/\/www.minihere.com\/gl-inet-6416-mini-wifi-router-latest-openwrt-firmware-download.html<\/a><\/p>\n<p>&nbsp;<\/p>\n<p>FLASH m\u00e1 16 MB, dostanete len 8 MB ZADARMO, preto\u017ee zvy\u0161n\u00fdch 8 MB zaber\u00e1 firmv\u00e9r. Ak ide o verziu 8 MB, z\u00edskate iba 0,1 MB zadarmo.<\/p>\n<p>&nbsp;<\/p>\n<p><strong>Vlastnosti produktu<\/strong><\/p>\n<p>S prisp\u00f4soben\u00fdm syst\u00e9mom OpenWrt m\u00f4\u017eete vyu\u017e\u00edva\u0165 r\u00f4zne softv\u00e9rov\u00e9 \u200b\u200broz\u0161\u00edrenia<br \/>\nNovo navrhnut\u00e9 \u013eahko pou\u017eite\u013en\u00e9 webov\u00e9 rozhranie; priamo ovl\u00e1dajte svoj smerova\u010d cez aplik\u00e1ciu pre iOS a Android<br \/>\nS\u0165ahovac\u00ed stroj 7&#215;24: s\u0165ahujte zdroje priamo z mobiln\u00e9ho telef\u00f3nu<br \/>\nVytvorte si s\u00fakromn\u00fd cloud a zdie\u013eajte s\u00fabory s priate\u013emi jedn\u00fdm kliknut\u00edm<br \/>\nZapojte webov\u00fa kameru a pozerajte sa z telef\u00f3nov, nie je potrebn\u00e1 \u017eiadna konfigur\u00e1cia<br \/>\nS\u00e9riov\u00fd port sp\u00e1jkovan\u00fd na doske, ide\u00e1lny pre dom\u00e1cich majstrov a \u0161tudentov openwrt<br \/>\n5 GPIO rezervovan\u00fdch na palube, pou\u017eite ich pre svoje vlastn\u00e9 roz\u0161\u00edrenie<br \/>\nAutomatick\u00e1 aktualiz\u00e1cia firmv\u00e9ru<br \/>\nFunguje perfektne s Block Erupter a Antminer, plug and play. Firmv\u00e9r zverejnen\u00fd na na\u0161ej webovej str\u00e1nke<br \/>\nFunguje s 3G modemom<\/p>\n<p>\u0160pecifik\u00e1cia v\u00fdrobku<\/p>\n<p>Model: GL-6416<\/p>\n<p>CPU: Atheros AR9331, 400 MHz<\/p>\n<p>Pam\u00e4\u0165: DDRII 64 MB<\/p>\n<p>Rom\/Flash: 16 MB ani Flash<\/p>\n<p>Rozhrania: 1 WAN, 1 LAN, 1 USB 2.0, 1 micro USB (nap\u00e1janie), 1 tla\u010didlo Reset<\/p>\n<p>Frekvencia: 2,4 GHz<\/p>\n<p>Prenosov\u00e1 r\u00fdchlos\u0165: a\u017e 150 Mbps<\/p>\n<p>Protokol: 802,11 b\/g\/n<\/p>\n<p>Maxim\u00e1lny Tx v\u00fdkon: 18dBm<\/p>\n<p>Podpora extern\u00e9ho \u00falo\u017eiska: FAT32\/EXFAT\/EXT4\/EXT3\/EXT2\/NTFS<\/p>\n<p>Podpora webovej kamery: MJPG, YUV<\/p>\n<p>Vlastnosti pre dom\u00e1cich majstrov: UART, 5GPIO, 3,3V a 5V nap\u00e1jac\u00ed port<\/p>\n<p>Podpora externej ant\u00e9ny: Nie<\/p>\n<p>Podpora PoE: Nie<\/p>\n<p>Pr\u00edkon: 5V\/1A<\/p>\n<p>Spotreba energie: &lt;1W<\/p>\n<p>Rozmer (D x \u0160 x V): 58*58*22 mm<\/p>\n<p>Hmotnos\u0165: 43 g<\/p>\n<p>Balenie obsahuje<\/p>\n<p>1 x GL-iNet Smart Router (6416)<br \/>\n1 x u\u017e\u00edvate\u013esk\u00e1 pr\u00edru\u010dka<br \/>\n1 x Micro USB k\u00e1bel (<strong>bez nap\u00e1jacieho adapt\u00e9ra<\/strong>)<\/p>\n<p>&nbsp;<\/p>\n<p>GL.iNet je najmen\u0161\u00ed smart router na svete, so syst\u00e9mom Customized OpenWrt m\u00f4\u017eete vyu\u017e\u00edva\u0165 r\u00f4zne softv\u00e9rov\u00e9 \u200b\u200broz\u0161\u00edrenia. Novo navrhnut\u00e9 \u013eahko pou\u017eite\u013en\u00e9 webov\u00e9 rozhranie; priamo ovl\u00e1dajte svoj router cez ios a android app. S\u00e9riov\u00fd port sp\u00e1jkovan\u00fd na doske, ide\u00e1lny pre dom\u00e1cich majstrov a \u0161tudentov openwrt. S uboot kenrel, kompatibiln\u00fdm firmv\u00e9rom TP-Link WR703N! Zah\u0155\u0148a 1 port TTL!<\/p>\n<p>6416A<\/p>\n<p>Ako nahra\u0165 firmv\u00e9r do GL.iNet 6416 v uboot?<\/p>\n<p><strong>Predpoklady:<\/strong><\/p>\n<p>K\u00e1bel LAN\/RJ-45 (nechcete bezdr\u00f4tovo flashova\u0165 v\u00e1\u0161 router, hej!!)<\/p>\n<p>WinRAR alebo 7Zip alebo ak\u00fdko\u013evek in\u00fd softv\u00e9r na extrahovanie s\u00faborov.<\/p>\n<p><strong>Kroky:<\/strong><\/p>\n<p>K smerova\u010du pripojte iba jeden k\u00e1bel a druh\u00fd nechajte odpojen\u00fd.<br \/>\nNajprv pevne stla\u010dte a podr\u017ete tla\u010didlo Reset; potom zapnite zariadenie.<br \/>\nNastavte IP adresu v\u00e1\u0161ho po\u010d\u00edta\u010da na 192.168.1.2<br \/>\nPou\u017eite prehliada\u010d Firefox alebo Chrome a nav\u0161t\u00edvte str\u00e1nku http:\/\/192.168.1.1<br \/>\nKliknite na pr\u00edslu\u0161n\u00e9 mo\u017enosti, ako je uveden\u00e9 vy\u0161\u0161ie, a vyberte mo\u017enos\u0165 upload bin fine a kliknite na OK Po\u010dkajte 2-3 min\u00faty, router sa automaticky re\u0161tartuje Len \u010dakajte a sledujte, \u017ee budete ma\u0165 pred sebou anglick\u00e9 rozhranie.<br \/>\nPo\u010das procesu aktualiz\u00e1cie NEVYP\u00cdNAJTE nap\u00e1janie ani neodp\u00e1jajte ethernetov\u00fd k\u00e1bel.<br \/>\n<a href=\"http:\/\/www.gl-inet.com\/firmware\/6416\/v1\/\">Stiahnutie firmv\u00e9ru GL.iNet 6416 OPENWRT<\/a><br \/>\n<a href=\"http:\/\/www.minihere.com\/gl-inet-6416a-openwrt-router-android-app-download.html\">Stiahnite si aplik\u00e1ciu pre Android<\/a><br \/>\nFirmv\u00e9r OpenWrt Factory pre TL-WR703N [<a href=\"http:\/\/downloads.openwrt.org\/barrier_breaker\/14.07\/ar71xx\/generic\/openwrt-ar71xx-generic-tl-wr703n-v1-squashfs-factory.bin\">Stiahnu\u0165<\/a>]<br \/>\n<a href=\"http:\/\/download.minihere.com\/router\/gl-inet\/WR703N_CH_MR3020Nv1_EN.rar\">Firmv\u00e9r TP-Link TL-WR703N v angli\u010dtine s podporou 3G<\/a><\/p>\n","protected":false},"excerpt":{"rendered":"<p>GL.iNet 6416 AR9331 802.11n 150 Mb\/s mini bezdr\u00f4tov\u00fd WiFi smerova\u010d OPENWRT Firmv\u00e9r Wi-Fi opakova\u010d cestovn\u00fd smerova\u010d 16 MB Flash\/64 MB&hellip;<\/p>\n","protected":false},"featured_media":1079,"template":"","meta":{"_monsterinsights_skip_tracking":false,"_monsterinsights_sitenote_active":false,"_monsterinsights_sitenote_note":"","_monsterinsights_sitenote_category":0},"product_cat":[43,50,40],"product_tag":[],"class_list":{"0":"post-1077","1":"product","2":"type-product","3":"status-publish","4":"has-post-thumbnail","6":"product_cat-office","7":"product_cat-pc","8":"product_cat-wifi-2","10":"first","11":"instock","12":"sale","13":"shipping-taxable","14":"purchasable","15":"product-type-simple"},"yoast_head":"<!-- This site is optimized with the Yoast SEO plugin v23.6 - https:\/\/yoast.com\/wordpress\/plugins\/seo\/ -->\n<title>GL.iNet 6416 AR9331 802.11n 150Mbps Mini Wireless WiFi Router OPENWRT Firmware Wi-Fi Repeater Travel Router 16MB Flash\/64MB RAM - Arduino e-shop<\/title>\n<meta name=\"robots\" content=\"index, follow, max-snippet:-1, max-image-preview:large, max-video-preview:-1\" \/>\n<link rel=\"canonical\" href=\"https:\/\/www.onetimenexttime.sk\/arduino\/index.php\/produkt\/gl-inet-6416-ar9331-802-11n-150mbps-mini-wireless-wifi-router-openwrt-firmware-wi-fi-repeater-travel-router-16mb-flash-64mb-ram\/\" \/>\n<meta property=\"og:locale\" content=\"sk_SK\" \/>\n<meta property=\"og:type\" content=\"article\" \/>\n<meta property=\"og:title\" content=\"GL.iNet 6416 AR9331 802.11n 150Mbps Mini Wireless WiFi Router OPENWRT Firmware Wi-Fi Repeater Travel Router 16MB Flash\/64MB RAM - Arduino e-shop\" \/>\n<meta property=\"og:description\" content=\"GL.iNet 6416 AR9331 802.11n 150 Mb\/s mini bezdr\u00f4tov\u00fd WiFi smerova\u010d OPENWRT Firmv\u00e9r Wi-Fi opakova\u010d cestovn\u00fd smerova\u010d 16 MB Flash\/64 MB&hellip;\" \/>\n<meta property=\"og:url\" content=\"https:\/\/www.onetimenexttime.sk\/arduino\/index.php\/produkt\/gl-inet-6416-ar9331-802-11n-150mbps-mini-wireless-wifi-router-openwrt-firmware-wi-fi-repeater-travel-router-16mb-flash-64mb-ram\/\" \/>\n<meta property=\"og:site_name\" content=\"Arduino e-shop\" \/>\n<meta property=\"article:modified_time\" content=\"2021-11-09T08:45:52+00:00\" \/>\n<meta property=\"og:image\" content=\"https:\/\/www.onetimenexttime.sk\/arduino\/wp-content\/uploads\/2021\/11\/34.jpg\" \/>\n\t<meta property=\"og:image:width\" content=\"527\" \/>\n\t<meta property=\"og:image:height\" content=\"529\" \/>\n\t<meta property=\"og:image:type\" content=\"image\/jpeg\" \/>\n<meta name=\"twitter:card\" content=\"summary_large_image\" \/>\n<meta name=\"twitter:label1\" content=\"Predpokladan\u00fd \u010das \u010d\u00edtania\" \/>\n\t<meta name=\"twitter:data1\" content=\"3 min\u00faty\" \/>\n<script type=\"application\/ld+json\" class=\"yoast-schema-graph\">{\"@context\":\"https:\/\/schema.org\",\"@graph\":[{\"@type\":\"WebPage\",\"@id\":\"https:\/\/www.onetimenexttime.sk\/arduino\/index.php\/produkt\/gl-inet-6416-ar9331-802-11n-150mbps-mini-wireless-wifi-router-openwrt-firmware-wi-fi-repeater-travel-router-16mb-flash-64mb-ram\/\",\"url\":\"https:\/\/www.onetimenexttime.sk\/arduino\/index.php\/produkt\/gl-inet-6416-ar9331-802-11n-150mbps-mini-wireless-wifi-router-openwrt-firmware-wi-fi-repeater-travel-router-16mb-flash-64mb-ram\/\",\"name\":\"GL.iNet 6416 AR9331 802.11n 150Mbps Mini Wireless WiFi Router OPENWRT Firmware Wi-Fi Repeater Travel Router 16MB Flash\/64MB RAM - Arduino e-shop\",\"isPartOf\":{\"@id\":\"https:\/\/www.onetimenexttime.sk\/arduino\/#website\"},\"primaryImageOfPage\":{\"@id\":\"https:\/\/www.onetimenexttime.sk\/arduino\/index.php\/produkt\/gl-inet-6416-ar9331-802-11n-150mbps-mini-wireless-wifi-router-openwrt-firmware-wi-fi-repeater-travel-router-16mb-flash-64mb-ram\/#primaryimage\"},\"image\":{\"@id\":\"https:\/\/www.onetimenexttime.sk\/arduino\/index.php\/produkt\/gl-inet-6416-ar9331-802-11n-150mbps-mini-wireless-wifi-router-openwrt-firmware-wi-fi-repeater-travel-router-16mb-flash-64mb-ram\/#primaryimage\"},\"thumbnailUrl\":\"https:\/\/www.onetimenexttime.sk\/arduino\/wp-content\/uploads\/2021\/11\/34.jpg\",\"datePublished\":\"2021-11-08T15:47:38+00:00\",\"dateModified\":\"2021-11-09T08:45:52+00:00\",\"breadcrumb\":{\"@id\":\"https:\/\/www.onetimenexttime.sk\/arduino\/index.php\/produkt\/gl-inet-6416-ar9331-802-11n-150mbps-mini-wireless-wifi-router-openwrt-firmware-wi-fi-repeater-travel-router-16mb-flash-64mb-ram\/#breadcrumb\"},\"inLanguage\":\"sk-SK\",\"potentialAction\":[{\"@type\":\"ReadAction\",\"target\":[\"https:\/\/www.onetimenexttime.sk\/arduino\/index.php\/produkt\/gl-inet-6416-ar9331-802-11n-150mbps-mini-wireless-wifi-router-openwrt-firmware-wi-fi-repeater-travel-router-16mb-flash-64mb-ram\/\"]}]},{\"@type\":\"ImageObject\",\"inLanguage\":\"sk-SK\",\"@id\":\"https:\/\/www.onetimenexttime.sk\/arduino\/index.php\/produkt\/gl-inet-6416-ar9331-802-11n-150mbps-mini-wireless-wifi-router-openwrt-firmware-wi-fi-repeater-travel-router-16mb-flash-64mb-ram\/#primaryimage\",\"url\":\"https:\/\/www.onetimenexttime.sk\/arduino\/wp-content\/uploads\/2021\/11\/34.jpg\",\"contentUrl\":\"https:\/\/www.onetimenexttime.sk\/arduino\/wp-content\/uploads\/2021\/11\/34.jpg\",\"width\":527,\"height\":529},{\"@type\":\"BreadcrumbList\",\"@id\":\"https:\/\/www.onetimenexttime.sk\/arduino\/index.php\/produkt\/gl-inet-6416-ar9331-802-11n-150mbps-mini-wireless-wifi-router-openwrt-firmware-wi-fi-repeater-travel-router-16mb-flash-64mb-ram\/#breadcrumb\",\"itemListElement\":[{\"@type\":\"ListItem\",\"position\":1,\"name\":\"Domov\",\"item\":\"https:\/\/www.onetimenexttime.sk\/arduino\/\"},{\"@type\":\"ListItem\",\"position\":2,\"name\":\"Obchod\",\"item\":\"https:\/\/www.onetimenexttime.sk\/arduino\/\"},{\"@type\":\"ListItem\",\"position\":3,\"name\":\"GL.iNet 6416 AR9331 802.11n 150Mbps Mini Wireless WiFi Router OPENWRT Firmware Wi-Fi Repeater Travel Router 16MB Flash\/64MB RAM\"}]},{\"@type\":\"WebSite\",\"@id\":\"https:\/\/www.onetimenexttime.sk\/arduino\/#website\",\"url\":\"https:\/\/www.onetimenexttime.sk\/arduino\/\",\"name\":\"Arduino e-shop\",\"description\":\"Home Assistant\",\"potentialAction\":[{\"@type\":\"SearchAction\",\"target\":{\"@type\":\"EntryPoint\",\"urlTemplate\":\"https:\/\/www.onetimenexttime.sk\/arduino\/?s={search_term_string}\"},\"query-input\":{\"@type\":\"PropertyValueSpecification\",\"valueRequired\":true,\"valueName\":\"search_term_string\"}}],\"inLanguage\":\"sk-SK\"}]}<\/script>\n<!-- \/ Yoast SEO plugin. -->","yoast_head_json":{"title":"GL.iNet 6416 AR9331 802.11n 150Mbps Mini Wireless WiFi Router OPENWRT Firmware Wi-Fi Repeater Travel Router 16MB Flash\/64MB RAM - Arduino e-shop","robots":{"index":"index","follow":"follow","max-snippet":"max-snippet:-1","max-image-preview":"max-image-preview:large","max-video-preview":"max-video-preview:-1"},"canonical":"https:\/\/www.onetimenexttime.sk\/arduino\/index.php\/produkt\/gl-inet-6416-ar9331-802-11n-150mbps-mini-wireless-wifi-router-openwrt-firmware-wi-fi-repeater-travel-router-16mb-flash-64mb-ram\/","og_locale":"sk_SK","og_type":"article","og_title":"GL.iNet 6416 AR9331 802.11n 150Mbps Mini Wireless WiFi Router OPENWRT Firmware Wi-Fi Repeater Travel Router 16MB Flash\/64MB RAM - Arduino e-shop","og_description":"GL.iNet 6416 AR9331 802.11n 150 Mb\/s mini bezdr\u00f4tov\u00fd WiFi smerova\u010d OPENWRT Firmv\u00e9r Wi-Fi opakova\u010d cestovn\u00fd smerova\u010d 16 MB Flash\/64 MB&hellip;","og_url":"https:\/\/www.onetimenexttime.sk\/arduino\/index.php\/produkt\/gl-inet-6416-ar9331-802-11n-150mbps-mini-wireless-wifi-router-openwrt-firmware-wi-fi-repeater-travel-router-16mb-flash-64mb-ram\/","og_site_name":"Arduino e-shop","article_modified_time":"2021-11-09T08:45:52+00:00","og_image":[{"width":527,"height":529,"url":"https:\/\/www.onetimenexttime.sk\/arduino\/wp-content\/uploads\/2021\/11\/34.jpg","type":"image\/jpeg"}],"twitter_card":"summary_large_image","twitter_misc":{"Predpokladan\u00fd \u010das \u010d\u00edtania":"3 min\u00faty"},"schema":{"@context":"https:\/\/schema.org","@graph":[{"@type":"WebPage","@id":"https:\/\/www.onetimenexttime.sk\/arduino\/index.php\/produkt\/gl-inet-6416-ar9331-802-11n-150mbps-mini-wireless-wifi-router-openwrt-firmware-wi-fi-repeater-travel-router-16mb-flash-64mb-ram\/","url":"https:\/\/www.onetimenexttime.sk\/arduino\/index.php\/produkt\/gl-inet-6416-ar9331-802-11n-150mbps-mini-wireless-wifi-router-openwrt-firmware-wi-fi-repeater-travel-router-16mb-flash-64mb-ram\/","name":"GL.iNet 6416 AR9331 802.11n 150Mbps Mini Wireless WiFi Router OPENWRT Firmware Wi-Fi Repeater Travel Router 16MB Flash\/64MB RAM - Arduino e-shop","isPartOf":{"@id":"https:\/\/www.onetimenexttime.sk\/arduino\/#website"},"primaryImageOfPage":{"@id":"https:\/\/www.onetimenexttime.sk\/arduino\/index.php\/produkt\/gl-inet-6416-ar9331-802-11n-150mbps-mini-wireless-wifi-router-openwrt-firmware-wi-fi-repeater-travel-router-16mb-flash-64mb-ram\/#primaryimage"},"image":{"@id":"https:\/\/www.onetimenexttime.sk\/arduino\/index.php\/produkt\/gl-inet-6416-ar9331-802-11n-150mbps-mini-wireless-wifi-router-openwrt-firmware-wi-fi-repeater-travel-router-16mb-flash-64mb-ram\/#primaryimage"},"thumbnailUrl":"https:\/\/www.onetimenexttime.sk\/arduino\/wp-content\/uploads\/2021\/11\/34.jpg","datePublished":"2021-11-08T15:47:38+00:00","dateModified":"2021-11-09T08:45:52+00:00","breadcrumb":{"@id":"https:\/\/www.onetimenexttime.sk\/arduino\/index.php\/produkt\/gl-inet-6416-ar9331-802-11n-150mbps-mini-wireless-wifi-router-openwrt-firmware-wi-fi-repeater-travel-router-16mb-flash-64mb-ram\/#breadcrumb"},"inLanguage":"sk-SK","potentialAction":[{"@type":"ReadAction","target":["https:\/\/www.onetimenexttime.sk\/arduino\/index.php\/produkt\/gl-inet-6416-ar9331-802-11n-150mbps-mini-wireless-wifi-router-openwrt-firmware-wi-fi-repeater-travel-router-16mb-flash-64mb-ram\/"]}]},{"@type":"ImageObject","inLanguage":"sk-SK","@id":"https:\/\/www.onetimenexttime.sk\/arduino\/index.php\/produkt\/gl-inet-6416-ar9331-802-11n-150mbps-mini-wireless-wifi-router-openwrt-firmware-wi-fi-repeater-travel-router-16mb-flash-64mb-ram\/#primaryimage","url":"https:\/\/www.onetimenexttime.sk\/arduino\/wp-content\/uploads\/2021\/11\/34.jpg","contentUrl":"https:\/\/www.onetimenexttime.sk\/arduino\/wp-content\/uploads\/2021\/11\/34.jpg","width":527,"height":529},{"@type":"BreadcrumbList","@id":"https:\/\/www.onetimenexttime.sk\/arduino\/index.php\/produkt\/gl-inet-6416-ar9331-802-11n-150mbps-mini-wireless-wifi-router-openwrt-firmware-wi-fi-repeater-travel-router-16mb-flash-64mb-ram\/#breadcrumb","itemListElement":[{"@type":"ListItem","position":1,"name":"Domov","item":"https:\/\/www.onetimenexttime.sk\/arduino\/"},{"@type":"ListItem","position":2,"name":"Obchod","item":"https:\/\/www.onetimenexttime.sk\/arduino\/"},{"@type":"ListItem","position":3,"name":"GL.iNet 6416 AR9331 802.11n 150Mbps Mini Wireless WiFi Router OPENWRT Firmware Wi-Fi Repeater Travel Router 16MB Flash\/64MB RAM"}]},{"@type":"WebSite","@id":"https:\/\/www.onetimenexttime.sk\/arduino\/#website","url":"https:\/\/www.onetimenexttime.sk\/arduino\/","name":"Arduino e-shop","description":"Home Assistant","potentialAction":[{"@type":"SearchAction","target":{"@type":"EntryPoint","urlTemplate":"https:\/\/www.onetimenexttime.sk\/arduino\/?s={search_term_string}"},"query-input":{"@type":"PropertyValueSpecification","valueRequired":true,"valueName":"search_term_string"}}],"inLanguage":"sk-SK"}]}},"_links":{"self":[{"href":"https:\/\/www.onetimenexttime.sk\/arduino\/index.php\/wp-json\/wp\/v2\/product\/1077"}],"collection":[{"href":"https:\/\/www.onetimenexttime.sk\/arduino\/index.php\/wp-json\/wp\/v2\/product"}],"about":[{"href":"https:\/\/www.onetimenexttime.sk\/arduino\/index.php\/wp-json\/wp\/v2\/types\/product"}],"wp:featuredmedia":[{"embeddable":true,"href":"https:\/\/www.onetimenexttime.sk\/arduino\/index.php\/wp-json\/wp\/v2\/media\/1079"}],"wp:attachment":[{"href":"https:\/\/www.onetimenexttime.sk\/arduino\/index.php\/wp-json\/wp\/v2\/media?parent=1077"}],"wp:term":[{"taxonomy":"product_cat","embeddable":true,"href":"https:\/\/www.onetimenexttime.sk\/arduino\/index.php\/wp-json\/wp\/v2\/product_cat?post=1077"},{"taxonomy":"product_tag","embeddable":true,"href":"https:\/\/www.onetimenexttime.sk\/arduino\/index.php\/wp-json\/wp\/v2\/product_tag?post=1077"}],"curies":[{"name":"wp","href":"https:\/\/api.w.org\/{rel}","templated":true}]}}