{"id":1059,"date":"2021-11-08T15:09:12","date_gmt":"2021-11-08T14:09:12","guid":{"rendered":"https:\/\/www.onetimenexttime.sk\/arduino\/?post_type=product&#038;p=1059"},"modified":"2021-11-08T15:26:07","modified_gmt":"2021-11-08T14:26:07","slug":"kebidumei-tv-stick-g2-dongle-wifi-display-tv-stick-receiver-for-miracast-mini-pc-android","status":"publish","type":"product","link":"https:\/\/www.onetimenexttime.sk\/arduino\/index.php\/produkt\/kebidumei-tv-stick-g2-dongle-wifi-display-tv-stick-receiver-for-miracast-mini-pc-android\/","title":{"rendered":"Kebidumei TV Stick G2 Dongle Wifi display TV stick Receiver For Miracast Mini PC Android"},"content":{"rendered":"<h2>Kebidumei TV Stick G2 Dongle Wifi displej TV prij\u00edma\u010d pre Miracast Mini PC Android<\/h2>\n<p>&nbsp;<\/p>\n<p>Bezdr\u00f4tov\u00fd HDMI dongle G2 m\u00e1 prisp\u00f4soben\u00fd dizajn, ktor\u00fd v\u00e1s zrelaxuje od unaven\u00e9ho ka\u017edodenn\u00e9ho \u017eivota.<br \/>\nS G2 si m\u00f4\u017eete vychutna\u0165 svoje ob\u013e\u00faben\u00e9 vide\u00e1, fotografie a filmy na najlep\u0161om displeji v dom\u00e1cnosti.<br \/>\nSta\u010d\u00ed pripoji\u0165 mal\u00fd adapt\u00e9r k HDTV a m\u00f4\u017eete bezdr\u00f4tovo zobrazova\u0165 obsah z kompatibiln\u00e9ho notebooku, tabletu alebo smartf\u00f3nu. V\u0161etko, \u010do vid\u00edte na svojom notebooku alebo tablete, m\u00f4\u017eete vidie\u0165 aj na HDTV.<br \/>\nIde\u00e1lne na doma alebo na cesty, sta\u010d\u00ed si ho vzia\u0165 so sebou a u\u017ei\u0165 si pokro\u010dil\u00fa technol\u00f3giu.<\/p>\n<p>Hlavn\u00e9 rysy:<br \/>\n&#8211; Obraz vo vysokom rozl\u00ed\u0161en\u00ed<br \/>\nPodpora 1080P, m\u00f4\u017eete pripoji\u0165 PC, smartphone alebo iPad k telev\u00edzoru alebo projektoru, \u010doko\u013evek vid\u00edte na displeji svojho mobiln\u00e9ho zariadenia, m\u00f4\u017eete zrkadli\u0165 na HDTV alebo projektor, vytvori\u0165 si vlastn\u00e9 exkluz\u00edvne kino, vychutna\u0165 si r\u00f4zne audiovizu\u00e1lne hody<br \/>\n&#8211; \u0160irok\u00e1 kompatibilita<br \/>\nKompatibiln\u00e9 s Android 4.2, Mac OS X 10.9, iOS 7.0, Windows 8.1. Hrajte hry alebo zdie\u013eajte fotografie a vide\u00e1 so svojou rodinou na ve\u013ekej obrazovke bez toho, aby ste sa museli tla\u010di\u0165 okolo malej obrazovky mobiln\u00e9ho zariadenia. Podporujte tie\u017e viacero form\u00e1tov fotografi\u00ed, vide\u00ed a s\u00faborov, v\u010faka ktor\u00fdm sa sch\u00f4dza bez k\u00e1blov stala inteligentnou a efekt\u00edvnou<br \/>\n&#8211; Mal\u00fd a \u013eahk\u00fd dizajn<br \/>\nZaoblen\u00e1 roztomil\u00e1 ve\u013ekos\u0165, rovnako ako su\u0161ienka, s magnetom pripojen\u00fdm k\u00e1blom HDMI na zadnej strane, ktor\u00fd \u0161etr\u00ed miesto, tak\u017ee je prenosn\u00fd, aby ste ho mohli pou\u017ei\u0165 kedyko\u013evek a kdeko\u013evek<br \/>\n&#8211; Jednoduch\u00e9 pripojenie<\/p>\n","protected":false},"excerpt":{"rendered":"<p>Kebidumei TV Stick G2 Dongle Wifi displej TV prij\u00edma\u010d pre Miracast Mini PC Android &nbsp; Bezdr\u00f4tov\u00fd HDMI dongle G2 m\u00e1&hellip;<\/p>\n","protected":false},"featured_media":1061,"template":"","meta":{"_monsterinsights_skip_tracking":false,"_monsterinsights_sitenote_active":false,"_monsterinsights_sitenote_note":"","_monsterinsights_sitenote_category":0},"product_cat":[61,50,41],"product_tag":[],"class_list":{"0":"post-1059","1":"product","2":"type-product","3":"status-publish","4":"has-post-thumbnail","6":"product_cat-gift","7":"product_cat-pc","8":"product_cat-tv-2","10":"first","11":"instock","12":"shipping-taxable","13":"purchasable","14":"product-type-simple"},"yoast_head":"<!-- This site is optimized with the Yoast SEO plugin v23.6 - https:\/\/yoast.com\/wordpress\/plugins\/seo\/ -->\n<title>Kebidumei TV Stick G2 Dongle Wifi display TV stick Receiver For Miracast Mini PC Android - Arduino e-shop<\/title>\n<meta name=\"robots\" content=\"index, follow, max-snippet:-1, max-image-preview:large, max-video-preview:-1\" \/>\n<link rel=\"canonical\" href=\"https:\/\/www.onetimenexttime.sk\/arduino\/index.php\/produkt\/kebidumei-tv-stick-g2-dongle-wifi-display-tv-stick-receiver-for-miracast-mini-pc-android\/\" \/>\n<meta property=\"og:locale\" content=\"sk_SK\" \/>\n<meta property=\"og:type\" content=\"article\" \/>\n<meta property=\"og:title\" content=\"Kebidumei TV Stick G2 Dongle Wifi display TV stick Receiver For Miracast Mini PC Android - Arduino e-shop\" \/>\n<meta property=\"og:description\" content=\"Kebidumei TV Stick G2 Dongle Wifi displej TV prij\u00edma\u010d pre Miracast Mini PC Android &nbsp; Bezdr\u00f4tov\u00fd HDMI dongle G2 m\u00e1&hellip;\" \/>\n<meta property=\"og:url\" content=\"https:\/\/www.onetimenexttime.sk\/arduino\/index.php\/produkt\/kebidumei-tv-stick-g2-dongle-wifi-display-tv-stick-receiver-for-miracast-mini-pc-android\/\" \/>\n<meta property=\"og:site_name\" content=\"Arduino e-shop\" \/>\n<meta property=\"article:modified_time\" content=\"2021-11-08T14:26:07+00:00\" \/>\n<meta property=\"og:image\" content=\"https:\/\/www.onetimenexttime.sk\/arduino\/wp-content\/uploads\/2021\/11\/42.jpg\" \/>\n\t<meta property=\"og:image:width\" content=\"479\" \/>\n\t<meta property=\"og:image:height\" content=\"480\" \/>\n\t<meta property=\"og:image:type\" content=\"image\/jpeg\" \/>\n<meta name=\"twitter:card\" content=\"summary_large_image\" \/>\n<meta name=\"twitter:label1\" content=\"Predpokladan\u00fd \u010das \u010d\u00edtania\" \/>\n\t<meta name=\"twitter:data1\" content=\"1 min\u00fata\" \/>\n<script type=\"application\/ld+json\" class=\"yoast-schema-graph\">{\"@context\":\"https:\/\/schema.org\",\"@graph\":[{\"@type\":\"WebPage\",\"@id\":\"https:\/\/www.onetimenexttime.sk\/arduino\/index.php\/produkt\/kebidumei-tv-stick-g2-dongle-wifi-display-tv-stick-receiver-for-miracast-mini-pc-android\/\",\"url\":\"https:\/\/www.onetimenexttime.sk\/arduino\/index.php\/produkt\/kebidumei-tv-stick-g2-dongle-wifi-display-tv-stick-receiver-for-miracast-mini-pc-android\/\",\"name\":\"Kebidumei TV Stick G2 Dongle Wifi display TV stick Receiver For Miracast Mini PC Android - Arduino e-shop\",\"isPartOf\":{\"@id\":\"https:\/\/www.onetimenexttime.sk\/arduino\/#website\"},\"primaryImageOfPage\":{\"@id\":\"https:\/\/www.onetimenexttime.sk\/arduino\/index.php\/produkt\/kebidumei-tv-stick-g2-dongle-wifi-display-tv-stick-receiver-for-miracast-mini-pc-android\/#primaryimage\"},\"image\":{\"@id\":\"https:\/\/www.onetimenexttime.sk\/arduino\/index.php\/produkt\/kebidumei-tv-stick-g2-dongle-wifi-display-tv-stick-receiver-for-miracast-mini-pc-android\/#primaryimage\"},\"thumbnailUrl\":\"https:\/\/www.onetimenexttime.sk\/arduino\/wp-content\/uploads\/2021\/11\/42.jpg\",\"datePublished\":\"2021-11-08T14:09:12+00:00\",\"dateModified\":\"2021-11-08T14:26:07+00:00\",\"breadcrumb\":{\"@id\":\"https:\/\/www.onetimenexttime.sk\/arduino\/index.php\/produkt\/kebidumei-tv-stick-g2-dongle-wifi-display-tv-stick-receiver-for-miracast-mini-pc-android\/#breadcrumb\"},\"inLanguage\":\"sk-SK\",\"potentialAction\":[{\"@type\":\"ReadAction\",\"target\":[\"https:\/\/www.onetimenexttime.sk\/arduino\/index.php\/produkt\/kebidumei-tv-stick-g2-dongle-wifi-display-tv-stick-receiver-for-miracast-mini-pc-android\/\"]}]},{\"@type\":\"ImageObject\",\"inLanguage\":\"sk-SK\",\"@id\":\"https:\/\/www.onetimenexttime.sk\/arduino\/index.php\/produkt\/kebidumei-tv-stick-g2-dongle-wifi-display-tv-stick-receiver-for-miracast-mini-pc-android\/#primaryimage\",\"url\":\"https:\/\/www.onetimenexttime.sk\/arduino\/wp-content\/uploads\/2021\/11\/42.jpg\",\"contentUrl\":\"https:\/\/www.onetimenexttime.sk\/arduino\/wp-content\/uploads\/2021\/11\/42.jpg\",\"width\":479,\"height\":480},{\"@type\":\"BreadcrumbList\",\"@id\":\"https:\/\/www.onetimenexttime.sk\/arduino\/index.php\/produkt\/kebidumei-tv-stick-g2-dongle-wifi-display-tv-stick-receiver-for-miracast-mini-pc-android\/#breadcrumb\",\"itemListElement\":[{\"@type\":\"ListItem\",\"position\":1,\"name\":\"Domov\",\"item\":\"https:\/\/www.onetimenexttime.sk\/arduino\/\"},{\"@type\":\"ListItem\",\"position\":2,\"name\":\"Obchod\",\"item\":\"https:\/\/www.onetimenexttime.sk\/arduino\/\"},{\"@type\":\"ListItem\",\"position\":3,\"name\":\"Kebidumei TV Stick G2 Dongle Wifi display TV stick Receiver For Miracast Mini PC Android\"}]},{\"@type\":\"WebSite\",\"@id\":\"https:\/\/www.onetimenexttime.sk\/arduino\/#website\",\"url\":\"https:\/\/www.onetimenexttime.sk\/arduino\/\",\"name\":\"Arduino e-shop\",\"description\":\"Home Assistant\",\"potentialAction\":[{\"@type\":\"SearchAction\",\"target\":{\"@type\":\"EntryPoint\",\"urlTemplate\":\"https:\/\/www.onetimenexttime.sk\/arduino\/?s={search_term_string}\"},\"query-input\":{\"@type\":\"PropertyValueSpecification\",\"valueRequired\":true,\"valueName\":\"search_term_string\"}}],\"inLanguage\":\"sk-SK\"}]}<\/script>\n<!-- \/ Yoast SEO plugin. -->","yoast_head_json":{"title":"Kebidumei TV Stick G2 Dongle Wifi display TV stick Receiver For Miracast Mini PC Android - Arduino e-shop","robots":{"index":"index","follow":"follow","max-snippet":"max-snippet:-1","max-image-preview":"max-image-preview:large","max-video-preview":"max-video-preview:-1"},"canonical":"https:\/\/www.onetimenexttime.sk\/arduino\/index.php\/produkt\/kebidumei-tv-stick-g2-dongle-wifi-display-tv-stick-receiver-for-miracast-mini-pc-android\/","og_locale":"sk_SK","og_type":"article","og_title":"Kebidumei TV Stick G2 Dongle Wifi display TV stick Receiver For Miracast Mini PC Android - Arduino e-shop","og_description":"Kebidumei TV Stick G2 Dongle Wifi displej TV prij\u00edma\u010d pre Miracast Mini PC Android &nbsp; Bezdr\u00f4tov\u00fd HDMI dongle G2 m\u00e1&hellip;","og_url":"https:\/\/www.onetimenexttime.sk\/arduino\/index.php\/produkt\/kebidumei-tv-stick-g2-dongle-wifi-display-tv-stick-receiver-for-miracast-mini-pc-android\/","og_site_name":"Arduino e-shop","article_modified_time":"2021-11-08T14:26:07+00:00","og_image":[{"width":479,"height":480,"url":"https:\/\/www.onetimenexttime.sk\/arduino\/wp-content\/uploads\/2021\/11\/42.jpg","type":"image\/jpeg"}],"twitter_card":"summary_large_image","twitter_misc":{"Predpokladan\u00fd \u010das \u010d\u00edtania":"1 min\u00fata"},"schema":{"@context":"https:\/\/schema.org","@graph":[{"@type":"WebPage","@id":"https:\/\/www.onetimenexttime.sk\/arduino\/index.php\/produkt\/kebidumei-tv-stick-g2-dongle-wifi-display-tv-stick-receiver-for-miracast-mini-pc-android\/","url":"https:\/\/www.onetimenexttime.sk\/arduino\/index.php\/produkt\/kebidumei-tv-stick-g2-dongle-wifi-display-tv-stick-receiver-for-miracast-mini-pc-android\/","name":"Kebidumei TV Stick G2 Dongle Wifi display TV stick Receiver For Miracast Mini PC Android - Arduino e-shop","isPartOf":{"@id":"https:\/\/www.onetimenexttime.sk\/arduino\/#website"},"primaryImageOfPage":{"@id":"https:\/\/www.onetimenexttime.sk\/arduino\/index.php\/produkt\/kebidumei-tv-stick-g2-dongle-wifi-display-tv-stick-receiver-for-miracast-mini-pc-android\/#primaryimage"},"image":{"@id":"https:\/\/www.onetimenexttime.sk\/arduino\/index.php\/produkt\/kebidumei-tv-stick-g2-dongle-wifi-display-tv-stick-receiver-for-miracast-mini-pc-android\/#primaryimage"},"thumbnailUrl":"https:\/\/www.onetimenexttime.sk\/arduino\/wp-content\/uploads\/2021\/11\/42.jpg","datePublished":"2021-11-08T14:09:12+00:00","dateModified":"2021-11-08T14:26:07+00:00","breadcrumb":{"@id":"https:\/\/www.onetimenexttime.sk\/arduino\/index.php\/produkt\/kebidumei-tv-stick-g2-dongle-wifi-display-tv-stick-receiver-for-miracast-mini-pc-android\/#breadcrumb"},"inLanguage":"sk-SK","potentialAction":[{"@type":"ReadAction","target":["https:\/\/www.onetimenexttime.sk\/arduino\/index.php\/produkt\/kebidumei-tv-stick-g2-dongle-wifi-display-tv-stick-receiver-for-miracast-mini-pc-android\/"]}]},{"@type":"ImageObject","inLanguage":"sk-SK","@id":"https:\/\/www.onetimenexttime.sk\/arduino\/index.php\/produkt\/kebidumei-tv-stick-g2-dongle-wifi-display-tv-stick-receiver-for-miracast-mini-pc-android\/#primaryimage","url":"https:\/\/www.onetimenexttime.sk\/arduino\/wp-content\/uploads\/2021\/11\/42.jpg","contentUrl":"https:\/\/www.onetimenexttime.sk\/arduino\/wp-content\/uploads\/2021\/11\/42.jpg","width":479,"height":480},{"@type":"BreadcrumbList","@id":"https:\/\/www.onetimenexttime.sk\/arduino\/index.php\/produkt\/kebidumei-tv-stick-g2-dongle-wifi-display-tv-stick-receiver-for-miracast-mini-pc-android\/#breadcrumb","itemListElement":[{"@type":"ListItem","position":1,"name":"Domov","item":"https:\/\/www.onetimenexttime.sk\/arduino\/"},{"@type":"ListItem","position":2,"name":"Obchod","item":"https:\/\/www.onetimenexttime.sk\/arduino\/"},{"@type":"ListItem","position":3,"name":"Kebidumei TV Stick G2 Dongle Wifi display TV stick Receiver For Miracast Mini PC Android"}]},{"@type":"WebSite","@id":"https:\/\/www.onetimenexttime.sk\/arduino\/#website","url":"https:\/\/www.onetimenexttime.sk\/arduino\/","name":"Arduino e-shop","description":"Home Assistant","potentialAction":[{"@type":"SearchAction","target":{"@type":"EntryPoint","urlTemplate":"https:\/\/www.onetimenexttime.sk\/arduino\/?s={search_term_string}"},"query-input":{"@type":"PropertyValueSpecification","valueRequired":true,"valueName":"search_term_string"}}],"inLanguage":"sk-SK"}]}},"_links":{"self":[{"href":"https:\/\/www.onetimenexttime.sk\/arduino\/index.php\/wp-json\/wp\/v2\/product\/1059"}],"collection":[{"href":"https:\/\/www.onetimenexttime.sk\/arduino\/index.php\/wp-json\/wp\/v2\/product"}],"about":[{"href":"https:\/\/www.onetimenexttime.sk\/arduino\/index.php\/wp-json\/wp\/v2\/types\/product"}],"wp:featuredmedia":[{"embeddable":true,"href":"https:\/\/www.onetimenexttime.sk\/arduino\/index.php\/wp-json\/wp\/v2\/media\/1061"}],"wp:attachment":[{"href":"https:\/\/www.onetimenexttime.sk\/arduino\/index.php\/wp-json\/wp\/v2\/media?parent=1059"}],"wp:term":[{"taxonomy":"product_cat","embeddable":true,"href":"https:\/\/www.onetimenexttime.sk\/arduino\/index.php\/wp-json\/wp\/v2\/product_cat?post=1059"},{"taxonomy":"product_tag","embeddable":true,"href":"https:\/\/www.onetimenexttime.sk\/arduino\/index.php\/wp-json\/wp\/v2\/product_tag?post=1059"}],"curies":[{"name":"wp","href":"https:\/\/api.w.org\/{rel}","templated":true}]}}