{"id":1044,"date":"2021-11-08T12:29:15","date_gmt":"2021-11-08T11:29:15","guid":{"rendered":"https:\/\/www.onetimenexttime.sk\/arduino\/?post_type=product&#038;p=1044"},"modified":"2021-11-08T12:34:43","modified_gmt":"2021-11-08T11:34:43","slug":"led-driver-300ma-board-4-7w-led-power-supply-unit-lighting-transformers-for-led-light","status":"publish","type":"product","link":"https:\/\/www.onetimenexttime.sk\/arduino\/index.php\/produkt\/led-driver-300ma-board-4-7w-led-power-supply-unit-lighting-transformers-for-led-light\/","title":{"rendered":"LED Driver 300mA Board  4-7W  LED Power Supply Unit Lighting Transformers For led Light"},"content":{"rendered":"<h2>LED driver 300mA doska 4-7W LED nap\u00e1jacia jednotka Osvet\u013eovacie transform\u00e1tory pre LED svetlo<\/h2>\n<p>&nbsp;<\/p>\n<p><strong>\u0160pecifik\u00e1cia<\/strong><\/p>\n<p>Tip 1: Ako vybra\u0165 spr\u00e1vny ovl\u00e1da\u010d pre LED?<br \/>\nStretol som ve\u013ea kupuj\u00facich a nevedel som si vybra\u0165 ten spr\u00e1vny LED ovl\u00e1da\u010d.<br \/>\nNajprv mus\u00edte ur\u010di\u0165 vstupn\u00e9 nap\u00e4tie a vstupn\u00fd pr\u00fad lampy o 100%, potom vyberte zodpovedaj\u00face nap\u00e4tie a pr\u00fad ovl\u00e1da\u010da LED.<br \/>\nPr\u00edklad: Zistili sme nap\u00e4tie \u017eiarovky 40V a pr\u00fad 290mA.<br \/>\nMali by sme teda zvoli\u0165 mo\u017enos\u0165 8-12W 280-300mA.<\/p>\n<p>Tip 2: V\u00e1\u017een\u00fd kupuj\u00faci, ak potrebujete ovl\u00e1da\u010d LED s pln\u00fdm v\u00fdkonom, vyberte aktu\u00e1lny produkt 280-300, toto je ovl\u00e1da\u010d LED s pln\u00fdm v\u00fdkonom.<\/p>\n<p>Tip 3: Sk\u00fa\u0161ka napr\u00e1zdno je zak\u00e1zan\u00e1. Nap\u00e4tie je pr\u00edli\u0161 ve\u013ek\u00e9 a \u00fadaje s\u00fa nepresn\u00e9, preto nezabudnite vst\u00fapi\u0165 do testu za\u0165a\u017eenia \u017eiarovky.<\/p>\n<p>V\u0161etky izolovan\u00e9 ovl\u00e1da\u010de<\/p>\n<p><strong>Funkcia<\/strong><br \/>\nLED Driver sa automaticky rozsvieti vyv\u00e1\u017een\u00edm nap\u00e4tia pod\u013ea v\u00fdkonu lampy.<\/p>\n<p>4-7W LED ovl\u00e1da\u010d (pou\u017e\u00edvanie 3 roky)<br \/>\nVstupn\u00e9 nap\u00e4tie: 85-265V<br \/>\nZ\u00e1\u0165a\u017eov\u00fd test AC230V V\u00fdstupn\u00e9 nap\u00e4tie: 12-26V<br \/>\nV\u00fdstupn\u00fd pr\u00fad: 280-300mA<br \/>\nAC230V test napr\u00e1zdno: V\u00fdstupn\u00e9 nap\u00e4tie: 12-32V<br \/>\n(Nebezpe\u010denstvo! Testovanie napr\u00e1zdno je zak\u00e1zan\u00e9 a testovacie \u00fadaje s\u00fa nepresn\u00e9.)<\/p>\n<p><strong>V\u00fdhoda \uff1a<\/strong><br \/>\n1-Transform\u00e1tor<br \/>\nOdv\u00e1\u017eny meden\u00fd dr\u00f4t<br \/>\nV\u00fdkon je dostato\u010dn\u00fd a teplota n\u00edzka.<\/p>\n<p><strong>2-\u010dip<\/strong><br \/>\nPrijatie zna\u010dky prvej l\u00ednie IC-Aishi<br \/>\nVysoko kvalitn\u00fd inteligentn\u00fd kon\u0161tantn\u00fd pr\u00fad<br \/>\nOchrana proti prep\u00e4tiu, ochrana proti pre\u0165a\u017eeniu,<br \/>\nochrana proti prehriatiu, ochrana proti skratu<br \/>\n\u017diadne blikanie<\/p>\n<p><strong>3-Elektrolytick\u00fd kondenz\u00e1tor<\/strong><br \/>\nVysokofrekven\u010dn\u00fd n\u00edzkoodporov\u00fd kondenz\u00e1tor<br \/>\nTeoreticky, ak sa LED ovl\u00e1da\u010d pou\u017e\u00edva 8 hod\u00edn denne, m\u00f4\u017ee sa pou\u017e\u00edva\u0165 3 roky. Ak LED driver pou\u017e\u00edva teplotu pod 70 \u00b0C, m\u00f4\u017ee to by\u0165 aj 5 rokov.<\/p>\n<p><strong>4-Technol\u00f3gia spracovania<\/strong><br \/>\nV\u0161etky pou\u017e\u00edvaj\u00fa mechanizovan\u00e9 z\u00e1platy, efekt\u00edvne a stabiln\u00e9. Odstr\u00e1\u0148te ru\u010dn\u00e9 sp\u00e1jkovanie a ve\u010fte k zl\u00e9mu kontaktu elektronick\u00fdch komponentov.<\/p>\n<p><strong>5-Miesto aplik\u00e1cie<\/strong><br \/>\nLED p\u00e1sov\u00e9 svetlo \/ LED \u017eiarovka<br \/>\nLED reflektor \/ LED \u017eiarovka \/ LED kukuri\u010dn\u00e9 \u200b\u200bsvetlo<br \/>\nLED p\u00e1sov\u00e9 svetlo \/ LED trubicov\u00e9 svetlo \/ LED stoln\u00e1 lampa<br \/>\nLED panelov\u00e9 svetlo \/ LED luster \/ ob\u00fdva\u010dkov\u00e9 svietidlo<\/p>\n","protected":false},"excerpt":{"rendered":"<p>LED driver 300mA doska 4-7W LED nap\u00e1jacia jednotka Osvet\u013eovacie transform\u00e1tory pre LED svetlo &nbsp; \u0160pecifik\u00e1cia Tip 1: Ako vybra\u0165 spr\u00e1vny&hellip;<\/p>\n","protected":false},"featured_media":1045,"template":"","meta":{"_monsterinsights_skip_tracking":false,"_monsterinsights_sitenote_active":false,"_monsterinsights_sitenote_note":"","_monsterinsights_sitenote_category":0},"product_cat":[21,44],"product_tag":[],"class_list":{"0":"post-1044","1":"product","2":"type-product","3":"status-publish","4":"has-post-thumbnail","6":"product_cat-pw","7":"product_cat-svetlo","9":"first","10":"instock","11":"shipping-taxable","12":"purchasable","13":"product-type-simple"},"yoast_head":"<!-- This site is optimized with the Yoast SEO plugin v23.6 - https:\/\/yoast.com\/wordpress\/plugins\/seo\/ -->\n<title>LED Driver 300mA Board 4-7W LED Power Supply Unit Lighting Transformers For led Light - Arduino e-shop<\/title>\n<meta name=\"robots\" content=\"index, follow, max-snippet:-1, max-image-preview:large, max-video-preview:-1\" \/>\n<link rel=\"canonical\" href=\"https:\/\/www.onetimenexttime.sk\/arduino\/index.php\/produkt\/led-driver-300ma-board-4-7w-led-power-supply-unit-lighting-transformers-for-led-light\/\" \/>\n<meta property=\"og:locale\" content=\"sk_SK\" \/>\n<meta property=\"og:type\" content=\"article\" \/>\n<meta property=\"og:title\" content=\"LED Driver 300mA Board 4-7W LED Power Supply Unit Lighting Transformers For led Light - Arduino e-shop\" \/>\n<meta property=\"og:description\" content=\"LED driver 300mA doska 4-7W LED nap\u00e1jacia jednotka Osvet\u013eovacie transform\u00e1tory pre LED svetlo &nbsp; \u0160pecifik\u00e1cia Tip 1: Ako vybra\u0165 spr\u00e1vny&hellip;\" \/>\n<meta property=\"og:url\" content=\"https:\/\/www.onetimenexttime.sk\/arduino\/index.php\/produkt\/led-driver-300ma-board-4-7w-led-power-supply-unit-lighting-transformers-for-led-light\/\" \/>\n<meta property=\"og:site_name\" content=\"Arduino e-shop\" \/>\n<meta property=\"article:modified_time\" content=\"2021-11-08T11:34:43+00:00\" \/>\n<meta property=\"og:image\" content=\"https:\/\/www.onetimenexttime.sk\/arduino\/wp-content\/uploads\/2021\/11\/48.jpg\" \/>\n\t<meta property=\"og:image:width\" content=\"523\" \/>\n\t<meta property=\"og:image:height\" content=\"521\" \/>\n\t<meta property=\"og:image:type\" content=\"image\/jpeg\" \/>\n<meta name=\"twitter:card\" content=\"summary_large_image\" \/>\n<meta name=\"twitter:label1\" content=\"Predpokladan\u00fd \u010das \u010d\u00edtania\" \/>\n\t<meta name=\"twitter:data1\" content=\"2 min\u00faty\" \/>\n<script type=\"application\/ld+json\" class=\"yoast-schema-graph\">{\"@context\":\"https:\/\/schema.org\",\"@graph\":[{\"@type\":\"WebPage\",\"@id\":\"https:\/\/www.onetimenexttime.sk\/arduino\/index.php\/produkt\/led-driver-300ma-board-4-7w-led-power-supply-unit-lighting-transformers-for-led-light\/\",\"url\":\"https:\/\/www.onetimenexttime.sk\/arduino\/index.php\/produkt\/led-driver-300ma-board-4-7w-led-power-supply-unit-lighting-transformers-for-led-light\/\",\"name\":\"LED Driver 300mA Board 4-7W LED Power Supply Unit Lighting Transformers For led Light - Arduino e-shop\",\"isPartOf\":{\"@id\":\"https:\/\/www.onetimenexttime.sk\/arduino\/#website\"},\"primaryImageOfPage\":{\"@id\":\"https:\/\/www.onetimenexttime.sk\/arduino\/index.php\/produkt\/led-driver-300ma-board-4-7w-led-power-supply-unit-lighting-transformers-for-led-light\/#primaryimage\"},\"image\":{\"@id\":\"https:\/\/www.onetimenexttime.sk\/arduino\/index.php\/produkt\/led-driver-300ma-board-4-7w-led-power-supply-unit-lighting-transformers-for-led-light\/#primaryimage\"},\"thumbnailUrl\":\"https:\/\/www.onetimenexttime.sk\/arduino\/wp-content\/uploads\/2021\/11\/48.jpg\",\"datePublished\":\"2021-11-08T11:29:15+00:00\",\"dateModified\":\"2021-11-08T11:34:43+00:00\",\"breadcrumb\":{\"@id\":\"https:\/\/www.onetimenexttime.sk\/arduino\/index.php\/produkt\/led-driver-300ma-board-4-7w-led-power-supply-unit-lighting-transformers-for-led-light\/#breadcrumb\"},\"inLanguage\":\"sk-SK\",\"potentialAction\":[{\"@type\":\"ReadAction\",\"target\":[\"https:\/\/www.onetimenexttime.sk\/arduino\/index.php\/produkt\/led-driver-300ma-board-4-7w-led-power-supply-unit-lighting-transformers-for-led-light\/\"]}]},{\"@type\":\"ImageObject\",\"inLanguage\":\"sk-SK\",\"@id\":\"https:\/\/www.onetimenexttime.sk\/arduino\/index.php\/produkt\/led-driver-300ma-board-4-7w-led-power-supply-unit-lighting-transformers-for-led-light\/#primaryimage\",\"url\":\"https:\/\/www.onetimenexttime.sk\/arduino\/wp-content\/uploads\/2021\/11\/48.jpg\",\"contentUrl\":\"https:\/\/www.onetimenexttime.sk\/arduino\/wp-content\/uploads\/2021\/11\/48.jpg\",\"width\":523,\"height\":521},{\"@type\":\"BreadcrumbList\",\"@id\":\"https:\/\/www.onetimenexttime.sk\/arduino\/index.php\/produkt\/led-driver-300ma-board-4-7w-led-power-supply-unit-lighting-transformers-for-led-light\/#breadcrumb\",\"itemListElement\":[{\"@type\":\"ListItem\",\"position\":1,\"name\":\"Domov\",\"item\":\"https:\/\/www.onetimenexttime.sk\/arduino\/\"},{\"@type\":\"ListItem\",\"position\":2,\"name\":\"Obchod\",\"item\":\"https:\/\/www.onetimenexttime.sk\/arduino\/\"},{\"@type\":\"ListItem\",\"position\":3,\"name\":\"LED Driver 300mA Board 4-7W LED Power Supply Unit Lighting Transformers For led Light\"}]},{\"@type\":\"WebSite\",\"@id\":\"https:\/\/www.onetimenexttime.sk\/arduino\/#website\",\"url\":\"https:\/\/www.onetimenexttime.sk\/arduino\/\",\"name\":\"Arduino e-shop\",\"description\":\"Home Assistant\",\"potentialAction\":[{\"@type\":\"SearchAction\",\"target\":{\"@type\":\"EntryPoint\",\"urlTemplate\":\"https:\/\/www.onetimenexttime.sk\/arduino\/?s={search_term_string}\"},\"query-input\":{\"@type\":\"PropertyValueSpecification\",\"valueRequired\":true,\"valueName\":\"search_term_string\"}}],\"inLanguage\":\"sk-SK\"}]}<\/script>\n<!-- \/ Yoast SEO plugin. -->","yoast_head_json":{"title":"LED Driver 300mA Board 4-7W LED Power Supply Unit Lighting Transformers For led Light - Arduino e-shop","robots":{"index":"index","follow":"follow","max-snippet":"max-snippet:-1","max-image-preview":"max-image-preview:large","max-video-preview":"max-video-preview:-1"},"canonical":"https:\/\/www.onetimenexttime.sk\/arduino\/index.php\/produkt\/led-driver-300ma-board-4-7w-led-power-supply-unit-lighting-transformers-for-led-light\/","og_locale":"sk_SK","og_type":"article","og_title":"LED Driver 300mA Board 4-7W LED Power Supply Unit Lighting Transformers For led Light - Arduino e-shop","og_description":"LED driver 300mA doska 4-7W LED nap\u00e1jacia jednotka Osvet\u013eovacie transform\u00e1tory pre LED svetlo &nbsp; \u0160pecifik\u00e1cia Tip 1: Ako vybra\u0165 spr\u00e1vny&hellip;","og_url":"https:\/\/www.onetimenexttime.sk\/arduino\/index.php\/produkt\/led-driver-300ma-board-4-7w-led-power-supply-unit-lighting-transformers-for-led-light\/","og_site_name":"Arduino e-shop","article_modified_time":"2021-11-08T11:34:43+00:00","og_image":[{"width":523,"height":521,"url":"https:\/\/www.onetimenexttime.sk\/arduino\/wp-content\/uploads\/2021\/11\/48.jpg","type":"image\/jpeg"}],"twitter_card":"summary_large_image","twitter_misc":{"Predpokladan\u00fd \u010das \u010d\u00edtania":"2 min\u00faty"},"schema":{"@context":"https:\/\/schema.org","@graph":[{"@type":"WebPage","@id":"https:\/\/www.onetimenexttime.sk\/arduino\/index.php\/produkt\/led-driver-300ma-board-4-7w-led-power-supply-unit-lighting-transformers-for-led-light\/","url":"https:\/\/www.onetimenexttime.sk\/arduino\/index.php\/produkt\/led-driver-300ma-board-4-7w-led-power-supply-unit-lighting-transformers-for-led-light\/","name":"LED Driver 300mA Board 4-7W LED Power Supply Unit Lighting Transformers For led Light - Arduino e-shop","isPartOf":{"@id":"https:\/\/www.onetimenexttime.sk\/arduino\/#website"},"primaryImageOfPage":{"@id":"https:\/\/www.onetimenexttime.sk\/arduino\/index.php\/produkt\/led-driver-300ma-board-4-7w-led-power-supply-unit-lighting-transformers-for-led-light\/#primaryimage"},"image":{"@id":"https:\/\/www.onetimenexttime.sk\/arduino\/index.php\/produkt\/led-driver-300ma-board-4-7w-led-power-supply-unit-lighting-transformers-for-led-light\/#primaryimage"},"thumbnailUrl":"https:\/\/www.onetimenexttime.sk\/arduino\/wp-content\/uploads\/2021\/11\/48.jpg","datePublished":"2021-11-08T11:29:15+00:00","dateModified":"2021-11-08T11:34:43+00:00","breadcrumb":{"@id":"https:\/\/www.onetimenexttime.sk\/arduino\/index.php\/produkt\/led-driver-300ma-board-4-7w-led-power-supply-unit-lighting-transformers-for-led-light\/#breadcrumb"},"inLanguage":"sk-SK","potentialAction":[{"@type":"ReadAction","target":["https:\/\/www.onetimenexttime.sk\/arduino\/index.php\/produkt\/led-driver-300ma-board-4-7w-led-power-supply-unit-lighting-transformers-for-led-light\/"]}]},{"@type":"ImageObject","inLanguage":"sk-SK","@id":"https:\/\/www.onetimenexttime.sk\/arduino\/index.php\/produkt\/led-driver-300ma-board-4-7w-led-power-supply-unit-lighting-transformers-for-led-light\/#primaryimage","url":"https:\/\/www.onetimenexttime.sk\/arduino\/wp-content\/uploads\/2021\/11\/48.jpg","contentUrl":"https:\/\/www.onetimenexttime.sk\/arduino\/wp-content\/uploads\/2021\/11\/48.jpg","width":523,"height":521},{"@type":"BreadcrumbList","@id":"https:\/\/www.onetimenexttime.sk\/arduino\/index.php\/produkt\/led-driver-300ma-board-4-7w-led-power-supply-unit-lighting-transformers-for-led-light\/#breadcrumb","itemListElement":[{"@type":"ListItem","position":1,"name":"Domov","item":"https:\/\/www.onetimenexttime.sk\/arduino\/"},{"@type":"ListItem","position":2,"name":"Obchod","item":"https:\/\/www.onetimenexttime.sk\/arduino\/"},{"@type":"ListItem","position":3,"name":"LED Driver 300mA Board 4-7W LED Power Supply Unit Lighting Transformers For led Light"}]},{"@type":"WebSite","@id":"https:\/\/www.onetimenexttime.sk\/arduino\/#website","url":"https:\/\/www.onetimenexttime.sk\/arduino\/","name":"Arduino e-shop","description":"Home Assistant","potentialAction":[{"@type":"SearchAction","target":{"@type":"EntryPoint","urlTemplate":"https:\/\/www.onetimenexttime.sk\/arduino\/?s={search_term_string}"},"query-input":{"@type":"PropertyValueSpecification","valueRequired":true,"valueName":"search_term_string"}}],"inLanguage":"sk-SK"}]}},"_links":{"self":[{"href":"https:\/\/www.onetimenexttime.sk\/arduino\/index.php\/wp-json\/wp\/v2\/product\/1044"}],"collection":[{"href":"https:\/\/www.onetimenexttime.sk\/arduino\/index.php\/wp-json\/wp\/v2\/product"}],"about":[{"href":"https:\/\/www.onetimenexttime.sk\/arduino\/index.php\/wp-json\/wp\/v2\/types\/product"}],"wp:featuredmedia":[{"embeddable":true,"href":"https:\/\/www.onetimenexttime.sk\/arduino\/index.php\/wp-json\/wp\/v2\/media\/1045"}],"wp:attachment":[{"href":"https:\/\/www.onetimenexttime.sk\/arduino\/index.php\/wp-json\/wp\/v2\/media?parent=1044"}],"wp:term":[{"taxonomy":"product_cat","embeddable":true,"href":"https:\/\/www.onetimenexttime.sk\/arduino\/index.php\/wp-json\/wp\/v2\/product_cat?post=1044"},{"taxonomy":"product_tag","embeddable":true,"href":"https:\/\/www.onetimenexttime.sk\/arduino\/index.php\/wp-json\/wp\/v2\/product_tag?post=1044"}],"curies":[{"name":"wp","href":"https:\/\/api.w.org\/{rel}","templated":true}]}}