{"id":1010,"date":"2021-11-07T08:36:16","date_gmt":"2021-11-07T07:36:16","guid":{"rendered":"https:\/\/www.onetimenexttime.sk\/arduino\/?post_type=product&#038;p=1010"},"modified":"2021-11-07T08:42:50","modified_gmt":"2021-11-07T07:42:50","slug":"naierdi-locksmith-hand-tools-supplies","status":"publish","type":"product","link":"https:\/\/www.onetimenexttime.sk\/arduino\/index.php\/produkt\/naierdi-locksmith-hand-tools-supplies\/","title":{"rendered":"NAIERDI Locksmith Hand Tools Supplies"},"content":{"rendered":"<div class=\"product-title\">\n<h1 class=\"product-title-text\" data-spm-anchor-id=\"a2g0o.detail.1000016.i1.913a2096E5CbzH\">NAIERDI z\u00e1soby ru\u010dn\u00e9ho z\u00e1mo\u010dn\u00edckeho n\u00e1radia<\/h1>\n<p><strong>Vlastnosti:<\/strong><br \/>\nNAIERDI BRAND-Profesion\u00e1lne z\u00e1mo\u010dn\u00edcke potreby<br \/>\nVisiaci z\u00e1mok typu Cutaway Practice Disc<br \/>\nS jednou s\u00fapravou (5ks) k\u013e\u00fa\u010da + (8ks) H\u00e1\u010diky na odstra\u0148ovanie zlomen\u00e9ho k\u013e\u00fa\u010da Sada na vy\u0165ahovanie s\u00fapravy Z\u00e1mo\u010dn\u00edcky k\u013e\u00fa\u010d<br \/>\nZ\u00e1mok s otvoren\u00fdmi komorami na v\u0161etk\u00fdch pohybliv\u00fdch \u010dastiach, ktor\u00e9 v\u00e1m umo\u017enia vidie\u0165, ako to funguje<br \/>\nM\u00f4\u017eete jasne vidie\u0165, ako klav\u00edry funguj\u00fa, ke\u010f je vlo\u017een\u00fd k\u013e\u00fa\u010d<br \/>\nV perfektnom hladkom pracovnom stave bez uvo\u013enen\u00fdch \u010dast\u00ed alebo kol\u00edkov<br \/>\nTechnick\u00e9 \u00fadaje:<br \/>\nTyp k\u013e\u00fa\u010da: Ploch\u00fd k\u013e\u00fa\u010d<br \/>\nN\u00e1radie: 5ks + 8ks<br \/>\nFarba: prieh\u013eadn\u00e1 \/ modr\u00e1<br \/>\nMateri\u00e1l: Akryl a zliatina a mosadzn\u00e9 jadro<br \/>\nVe\u013ekos\u0165 visiaceho z\u00e1mku: cca. 7,8 x 5 x 2,3 cm (D x \u0160 x V)<br \/>\nVe\u013ekos\u0165 z\u00e1mku AB: cca. 6,5 x 3,4 x 2 cm (D x \u0160 x V)<br \/>\nBalenie obsahuje:<br \/>\nPros\u00edm, pozrite sa na obr\u00e1zok<\/p>\n<\/div>\n","protected":false},"excerpt":{"rendered":"<p>NAIERDI z\u00e1soby ru\u010dn\u00e9ho z\u00e1mo\u010dn\u00edckeho n\u00e1radia Vlastnosti: NAIERDI BRAND-Profesion\u00e1lne z\u00e1mo\u010dn\u00edcke potreby Visiaci z\u00e1mok typu Cutaway Practice Disc S jednou s\u00fapravou (5ks)&hellip;<\/p>\n","protected":false},"featured_media":1011,"template":"","meta":{"_monsterinsights_skip_tracking":false,"_monsterinsights_sitenote_active":false,"_monsterinsights_sitenote_note":"","_monsterinsights_sitenote_category":0},"product_cat":[61,58],"product_tag":[],"class_list":{"0":"post-1010","1":"product","2":"type-product","3":"status-publish","4":"has-post-thumbnail","6":"product_cat-gift","7":"product_cat-tester","9":"first","10":"instock","11":"shipping-taxable","12":"purchasable","13":"product-type-simple"},"yoast_head":"<!-- This site is optimized with the Yoast SEO plugin v23.6 - https:\/\/yoast.com\/wordpress\/plugins\/seo\/ -->\n<title>NAIERDI Locksmith Hand Tools Supplies - Arduino e-shop<\/title>\n<meta name=\"robots\" content=\"index, follow, max-snippet:-1, max-image-preview:large, max-video-preview:-1\" \/>\n<link rel=\"canonical\" href=\"https:\/\/www.onetimenexttime.sk\/arduino\/index.php\/produkt\/naierdi-locksmith-hand-tools-supplies\/\" \/>\n<meta property=\"og:locale\" content=\"sk_SK\" \/>\n<meta property=\"og:type\" content=\"article\" \/>\n<meta property=\"og:title\" content=\"NAIERDI Locksmith Hand Tools Supplies - Arduino e-shop\" \/>\n<meta property=\"og:description\" content=\"NAIERDI z\u00e1soby ru\u010dn\u00e9ho z\u00e1mo\u010dn\u00edckeho n\u00e1radia Vlastnosti: NAIERDI BRAND-Profesion\u00e1lne z\u00e1mo\u010dn\u00edcke potreby Visiaci z\u00e1mok typu Cutaway Practice Disc S jednou s\u00fapravou (5ks)&hellip;\" \/>\n<meta property=\"og:url\" content=\"https:\/\/www.onetimenexttime.sk\/arduino\/index.php\/produkt\/naierdi-locksmith-hand-tools-supplies\/\" \/>\n<meta property=\"og:site_name\" content=\"Arduino e-shop\" \/>\n<meta property=\"article:modified_time\" content=\"2021-11-07T07:42:50+00:00\" \/>\n<meta property=\"og:image\" content=\"https:\/\/www.onetimenexttime.sk\/arduino\/wp-content\/uploads\/2021\/11\/60.jpg\" \/>\n\t<meta property=\"og:image:width\" content=\"524\" \/>\n\t<meta property=\"og:image:height\" content=\"520\" \/>\n\t<meta property=\"og:image:type\" content=\"image\/jpeg\" \/>\n<meta name=\"twitter:card\" content=\"summary_large_image\" \/>\n<meta name=\"twitter:label1\" content=\"Predpokladan\u00fd \u010das \u010d\u00edtania\" \/>\n\t<meta name=\"twitter:data1\" content=\"1 min\u00fata\" \/>\n<script type=\"application\/ld+json\" class=\"yoast-schema-graph\">{\"@context\":\"https:\/\/schema.org\",\"@graph\":[{\"@type\":\"WebPage\",\"@id\":\"https:\/\/www.onetimenexttime.sk\/arduino\/index.php\/produkt\/naierdi-locksmith-hand-tools-supplies\/\",\"url\":\"https:\/\/www.onetimenexttime.sk\/arduino\/index.php\/produkt\/naierdi-locksmith-hand-tools-supplies\/\",\"name\":\"NAIERDI Locksmith Hand Tools Supplies - Arduino e-shop\",\"isPartOf\":{\"@id\":\"https:\/\/www.onetimenexttime.sk\/arduino\/#website\"},\"primaryImageOfPage\":{\"@id\":\"https:\/\/www.onetimenexttime.sk\/arduino\/index.php\/produkt\/naierdi-locksmith-hand-tools-supplies\/#primaryimage\"},\"image\":{\"@id\":\"https:\/\/www.onetimenexttime.sk\/arduino\/index.php\/produkt\/naierdi-locksmith-hand-tools-supplies\/#primaryimage\"},\"thumbnailUrl\":\"https:\/\/www.onetimenexttime.sk\/arduino\/wp-content\/uploads\/2021\/11\/60.jpg\",\"datePublished\":\"2021-11-07T07:36:16+00:00\",\"dateModified\":\"2021-11-07T07:42:50+00:00\",\"breadcrumb\":{\"@id\":\"https:\/\/www.onetimenexttime.sk\/arduino\/index.php\/produkt\/naierdi-locksmith-hand-tools-supplies\/#breadcrumb\"},\"inLanguage\":\"sk-SK\",\"potentialAction\":[{\"@type\":\"ReadAction\",\"target\":[\"https:\/\/www.onetimenexttime.sk\/arduino\/index.php\/produkt\/naierdi-locksmith-hand-tools-supplies\/\"]}]},{\"@type\":\"ImageObject\",\"inLanguage\":\"sk-SK\",\"@id\":\"https:\/\/www.onetimenexttime.sk\/arduino\/index.php\/produkt\/naierdi-locksmith-hand-tools-supplies\/#primaryimage\",\"url\":\"https:\/\/www.onetimenexttime.sk\/arduino\/wp-content\/uploads\/2021\/11\/60.jpg\",\"contentUrl\":\"https:\/\/www.onetimenexttime.sk\/arduino\/wp-content\/uploads\/2021\/11\/60.jpg\",\"width\":524,\"height\":520},{\"@type\":\"BreadcrumbList\",\"@id\":\"https:\/\/www.onetimenexttime.sk\/arduino\/index.php\/produkt\/naierdi-locksmith-hand-tools-supplies\/#breadcrumb\",\"itemListElement\":[{\"@type\":\"ListItem\",\"position\":1,\"name\":\"Domov\",\"item\":\"https:\/\/www.onetimenexttime.sk\/arduino\/\"},{\"@type\":\"ListItem\",\"position\":2,\"name\":\"Obchod\",\"item\":\"https:\/\/www.onetimenexttime.sk\/arduino\/\"},{\"@type\":\"ListItem\",\"position\":3,\"name\":\"NAIERDI Locksmith Hand Tools Supplies\"}]},{\"@type\":\"WebSite\",\"@id\":\"https:\/\/www.onetimenexttime.sk\/arduino\/#website\",\"url\":\"https:\/\/www.onetimenexttime.sk\/arduino\/\",\"name\":\"Arduino e-shop\",\"description\":\"Home Assistant\",\"potentialAction\":[{\"@type\":\"SearchAction\",\"target\":{\"@type\":\"EntryPoint\",\"urlTemplate\":\"https:\/\/www.onetimenexttime.sk\/arduino\/?s={search_term_string}\"},\"query-input\":{\"@type\":\"PropertyValueSpecification\",\"valueRequired\":true,\"valueName\":\"search_term_string\"}}],\"inLanguage\":\"sk-SK\"}]}<\/script>\n<!-- \/ Yoast SEO plugin. -->","yoast_head_json":{"title":"NAIERDI Locksmith Hand Tools Supplies - Arduino e-shop","robots":{"index":"index","follow":"follow","max-snippet":"max-snippet:-1","max-image-preview":"max-image-preview:large","max-video-preview":"max-video-preview:-1"},"canonical":"https:\/\/www.onetimenexttime.sk\/arduino\/index.php\/produkt\/naierdi-locksmith-hand-tools-supplies\/","og_locale":"sk_SK","og_type":"article","og_title":"NAIERDI Locksmith Hand Tools Supplies - Arduino e-shop","og_description":"NAIERDI z\u00e1soby ru\u010dn\u00e9ho z\u00e1mo\u010dn\u00edckeho n\u00e1radia Vlastnosti: NAIERDI BRAND-Profesion\u00e1lne z\u00e1mo\u010dn\u00edcke potreby Visiaci z\u00e1mok typu Cutaway Practice Disc S jednou s\u00fapravou (5ks)&hellip;","og_url":"https:\/\/www.onetimenexttime.sk\/arduino\/index.php\/produkt\/naierdi-locksmith-hand-tools-supplies\/","og_site_name":"Arduino e-shop","article_modified_time":"2021-11-07T07:42:50+00:00","og_image":[{"width":524,"height":520,"url":"https:\/\/www.onetimenexttime.sk\/arduino\/wp-content\/uploads\/2021\/11\/60.jpg","type":"image\/jpeg"}],"twitter_card":"summary_large_image","twitter_misc":{"Predpokladan\u00fd \u010das \u010d\u00edtania":"1 min\u00fata"},"schema":{"@context":"https:\/\/schema.org","@graph":[{"@type":"WebPage","@id":"https:\/\/www.onetimenexttime.sk\/arduino\/index.php\/produkt\/naierdi-locksmith-hand-tools-supplies\/","url":"https:\/\/www.onetimenexttime.sk\/arduino\/index.php\/produkt\/naierdi-locksmith-hand-tools-supplies\/","name":"NAIERDI Locksmith Hand Tools Supplies - Arduino e-shop","isPartOf":{"@id":"https:\/\/www.onetimenexttime.sk\/arduino\/#website"},"primaryImageOfPage":{"@id":"https:\/\/www.onetimenexttime.sk\/arduino\/index.php\/produkt\/naierdi-locksmith-hand-tools-supplies\/#primaryimage"},"image":{"@id":"https:\/\/www.onetimenexttime.sk\/arduino\/index.php\/produkt\/naierdi-locksmith-hand-tools-supplies\/#primaryimage"},"thumbnailUrl":"https:\/\/www.onetimenexttime.sk\/arduino\/wp-content\/uploads\/2021\/11\/60.jpg","datePublished":"2021-11-07T07:36:16+00:00","dateModified":"2021-11-07T07:42:50+00:00","breadcrumb":{"@id":"https:\/\/www.onetimenexttime.sk\/arduino\/index.php\/produkt\/naierdi-locksmith-hand-tools-supplies\/#breadcrumb"},"inLanguage":"sk-SK","potentialAction":[{"@type":"ReadAction","target":["https:\/\/www.onetimenexttime.sk\/arduino\/index.php\/produkt\/naierdi-locksmith-hand-tools-supplies\/"]}]},{"@type":"ImageObject","inLanguage":"sk-SK","@id":"https:\/\/www.onetimenexttime.sk\/arduino\/index.php\/produkt\/naierdi-locksmith-hand-tools-supplies\/#primaryimage","url":"https:\/\/www.onetimenexttime.sk\/arduino\/wp-content\/uploads\/2021\/11\/60.jpg","contentUrl":"https:\/\/www.onetimenexttime.sk\/arduino\/wp-content\/uploads\/2021\/11\/60.jpg","width":524,"height":520},{"@type":"BreadcrumbList","@id":"https:\/\/www.onetimenexttime.sk\/arduino\/index.php\/produkt\/naierdi-locksmith-hand-tools-supplies\/#breadcrumb","itemListElement":[{"@type":"ListItem","position":1,"name":"Domov","item":"https:\/\/www.onetimenexttime.sk\/arduino\/"},{"@type":"ListItem","position":2,"name":"Obchod","item":"https:\/\/www.onetimenexttime.sk\/arduino\/"},{"@type":"ListItem","position":3,"name":"NAIERDI Locksmith Hand Tools Supplies"}]},{"@type":"WebSite","@id":"https:\/\/www.onetimenexttime.sk\/arduino\/#website","url":"https:\/\/www.onetimenexttime.sk\/arduino\/","name":"Arduino e-shop","description":"Home Assistant","potentialAction":[{"@type":"SearchAction","target":{"@type":"EntryPoint","urlTemplate":"https:\/\/www.onetimenexttime.sk\/arduino\/?s={search_term_string}"},"query-input":{"@type":"PropertyValueSpecification","valueRequired":true,"valueName":"search_term_string"}}],"inLanguage":"sk-SK"}]}},"_links":{"self":[{"href":"https:\/\/www.onetimenexttime.sk\/arduino\/index.php\/wp-json\/wp\/v2\/product\/1010"}],"collection":[{"href":"https:\/\/www.onetimenexttime.sk\/arduino\/index.php\/wp-json\/wp\/v2\/product"}],"about":[{"href":"https:\/\/www.onetimenexttime.sk\/arduino\/index.php\/wp-json\/wp\/v2\/types\/product"}],"wp:featuredmedia":[{"embeddable":true,"href":"https:\/\/www.onetimenexttime.sk\/arduino\/index.php\/wp-json\/wp\/v2\/media\/1011"}],"wp:attachment":[{"href":"https:\/\/www.onetimenexttime.sk\/arduino\/index.php\/wp-json\/wp\/v2\/media?parent=1010"}],"wp:term":[{"taxonomy":"product_cat","embeddable":true,"href":"https:\/\/www.onetimenexttime.sk\/arduino\/index.php\/wp-json\/wp\/v2\/product_cat?post=1010"},{"taxonomy":"product_tag","embeddable":true,"href":"https:\/\/www.onetimenexttime.sk\/arduino\/index.php\/wp-json\/wp\/v2\/product_tag?post=1010"}],"curies":[{"name":"wp","href":"https:\/\/api.w.org\/{rel}","templated":true}]}}